
CREATE TABLE `Continents` (
  `ContinentCode` VARCHAR(2) NOT NULL, 
  `ContinentName` VARCHAR(255), 
  `GeoNameId` INTEGER, 
  INDEX (`GeoNameId`), 
  PRIMARY KEY (`ContinentCode`)
) ENGINE=innodb DEFAULT CHARSET=utf8;

SET autocommit=1;

#
# Dumping data for table 'Continents'
#

INSERT INTO `Continents` (`ContinentCode`, `ContinentName`, `GeoNameId`) VALUES ('AF', 'Africa', 6255146);
INSERT INTO `Continents` (`ContinentCode`, `ContinentName`, `GeoNameId`) VALUES ('AN', 'Antarctica', 6255152);
INSERT INTO `Continents` (`ContinentCode`, `ContinentName`, `GeoNameId`) VALUES ('AS', 'Asia', 6255147);
INSERT INTO `Continents` (`ContinentCode`, `ContinentName`, `GeoNameId`) VALUES ('EU', 'Europe', 6255148);
INSERT INTO `Continents` (`ContinentCode`, `ContinentName`, `GeoNameId`) VALUES ('NA', 'North America', 6255149);
INSERT INTO `Continents` (`ContinentCode`, `ContinentName`, `GeoNameId`) VALUES ('OC', 'Oceania', 6255151);
INSERT INTO `Continents` (`ContinentCode`, `ContinentName`, `GeoNameId`) VALUES ('SA', 'South America', 6255150);
# 7 records

#
# Table structure for table 'Countries'
#


CREATE TABLE `Countries` (
  `ISO` VARCHAR(255) NOT NULL, 
  `ISONumeric` VARCHAR(255), 
  `CountryName` VARCHAR(255), 
  `Capital` VARCHAR(255), 
  `GeoNameID` INTEGER, 
  `Area` VARCHAR(255), 
  `Population` INTEGER, 
  `Continent` VARCHAR(255), 
  `TopLevelDomain` VARCHAR(255), 
  `CurrencyCode` VARCHAR(255), 
  `CurrencyName` VARCHAR(255), 
  `PhoneCountryCode` VARCHAR(255), 
  `Languages` VARCHAR(255), 
  `Neighbours` VARCHAR(255), 
  `CountryDescription` LONGTEXT, 
  INDEX (`CurrencyCode`), 
  INDEX (`GeoNameID`), 
  PRIMARY KEY (`ISO`)
) ENGINE=innodb DEFAULT CHARSET=utf8;

SET autocommit=1;

#
# Dumping data for table 'Countries'
#

INSERT INTO `Countries` (`ISO`, `ISONumeric`, `CountryName`, `Capital`, `GeoNameID`, `Area`, `Population`, `Continent`, `TopLevelDomain`, `CurrencyCode`, `CurrencyName`, `PhoneCountryCode`, `Languages`, `Neighbours`, `CountryDescription`) VALUES ('AD', '020', 'Andorra', 'Andorra la Vella', 3041565, '468', 84000, 'EU', '.ad', 'EUR', 'Euro', '376', 'ca', 'ES,FR', 'Andorra is a landlocked microstate in Southwestern Europe, located in the eastern Pyrenees mountains and bordered by Spain and France. Its capital, Andorra la Vella, is the highest capital city in Europe, at an elevation of 1,023 metres (3,356 ft) above sea level. The official language is Catalan, although Spanish, Portuguese, and French are also commonly spoken.');
INSERT INTO `Countries` (`ISO`, `ISONumeric`, `CountryName`, `Capital`, `GeoNameID`, `Area`, `Population`, `Continent`, `TopLevelDomain`, `CurrencyCode`, `CurrencyName`, `PhoneCountryCode`, `Languages`, `Neighbours`, `CountryDescription`) VALUES ('AE', '784', 'United Arab Emirates', 'Abu Dhabi', 290557, '82880', 4975593, 'AS', '.ae', 'AED', 'Dirham', '971', 'ar-AE,fa,en,hi,ur', 'SA,OM', 'The United Arab Emirates is an Arab country in the southeast of the Arabian Peninsula on the Persian Gulf, bordering Oman to the east and Saudi Arabia to the south, as well as sharing sea borders with Qatar and Iran. The UAE is a federation of seven emirates (equivalent to principalities), each governed by a hereditary emir, with a single national president. The constituent emirates are Abu Dhabi, Ajman, Dubai, Fujairah, Ras al-Khaimah, Sharjah, and Umm al-Quwain. The capital is Abu Dhabi, which is also the state\'s center of political, industrial, and cultural activities.');
INSERT INTO `Countries` (`ISO`, `ISONumeric`, `CountryName`, `Capital`, `GeoNameID`, `Area`, `Population`, `Continent`, `TopLevelDomain`, `CurrencyCode`, `CurrencyName`, `PhoneCountryCode`, `Languages`, `Neighbours`, `CountryDescription`) VALUES ('AF', '004', 'Afghanistan', 'Kabul', 1149361, '647500', 29121286, 'AS', '.af', 'AFN', 'Afghani', '93', 'fa-AF,ps,uz-AF,tk', 'TM,CN,IR,TJ,PK,UZ', NULL);
INSERT INTO `Countries` (`ISO`, `ISONumeric`, `CountryName`, `Capital`, `GeoNameID`, `Area`, `Population`, `Continent`, `TopLevelDomain`, `CurrencyCode`, `CurrencyName`, `PhoneCountryCode`, `Languages`, `Neighbours`, `CountryDescription`) VALUES ('AG', '028', 'Antigua and Barbuda', 'St. John\'s', 3576396, '443', 86754, 'NA', '.ag', 'XCD', 'Dollar', '+1-268', 'en-AG', NULL, NULL);
INSERT INTO `Countries` (`ISO`, `ISONumeric`, `CountryName`, `Capital`, `GeoNameID`, `Area`, `Population`, `Continent`, `TopLevelDomain`, `CurrencyCode`, `CurrencyName`, `PhoneCountryCode`, `Languages`, `Neighbours`, `CountryDescription`) VALUES ('AI', '660', 'Anguilla', 'The Valley', 3573511, '102', 13254, 'NA', '.ai', 'XCD', 'Dollar', '+1-264', 'en-AI', NULL, NULL);
INSERT INTO `Countries` (`ISO`, `ISONumeric`, `CountryName`, `Capital`, `GeoNameID`, `Area`, `Population`, `Continent`, `TopLevelDomain`, `CurrencyCode`, `CurrencyName`, `PhoneCountryCode`, `Languages`, `Neighbours`, `CountryDescription`) VALUES ('AL', '008', 'Albania', 'Tirana', 783754, '28748', 2986952, 'EU', '.al', 'ALL', 'Lek', '355', 'sq,el', 'MK,GR,CS,ME,RS,XK', NULL);
INSERT INTO `Countries` (`ISO`, `ISONumeric`, `CountryName`, `Capital`, `GeoNameID`, `Area`, `Population`, `Continent`, `TopLevelDomain`, `CurrencyCode`, `CurrencyName`, `PhoneCountryCode`, `Languages`, `Neighbours`, `CountryDescription`) VALUES ('AM', '051', 'Armenia', 'Yerevan', 174982, '29800', 2968000, 'AS', '.am', 'AMD', 'Dram', '374', 'hy', 'GE,IR,AZ,TR', NULL);
INSERT INTO `Countries` (`ISO`, `ISONumeric`, `CountryName`, `Capital`, `GeoNameID`, `Area`, `Population`, `Continent`, `TopLevelDomain`, `CurrencyCode`, `CurrencyName`, `PhoneCountryCode`, `Languages`, `Neighbours`, `CountryDescription`) VALUES ('AN', '530', 'Netherlands Antilles', 'Willemstad', NULL, '960', 136197, 'NA', '.an', 'ANG', 'Guilder', '599', 'nl-AN,en,es', 'GP', NULL);
INSERT INTO `Countries` (`ISO`, `ISONumeric`, `CountryName`, `Capital`, `GeoNameID`, `Area`, `Population`, `Continent`, `TopLevelDomain`, `CurrencyCode`, `CurrencyName`, `PhoneCountryCode`, `Languages`, `Neighbours`, `CountryDescription`) VALUES ('AO', '024', 'Angola', 'Luanda', 3351879, '1246700', 13068161, 'AF', '.ao', 'AOA', 'Kwanza', '244', 'pt-AO', 'CD,NA,ZM,CG', NULL);
INSERT INTO `Countries` (`ISO`, `ISONumeric`, `CountryName`, `Capital`, `GeoNameID`, `Area`, `Population`, `Continent`, `TopLevelDomain`, `CurrencyCode`, `CurrencyName`, `PhoneCountryCode`, `Languages`, `Neighbours`, `CountryDescription`) VALUES ('AQ', '010', 'Antarctica', NULL, 6697173, '1.40E+007', 0, 'AN', '.aq', NULL, NULL, NULL, NULL, NULL, NULL);
INSERT INTO `Countries` (`ISO`, `ISONumeric`, `CountryName`, `Capital`, `GeoNameID`, `Area`, `Population`, `Continent`, `TopLevelDomain`, `CurrencyCode`, `CurrencyName`, `PhoneCountryCode`, `Languages`, `Neighbours`, `CountryDescription`) VALUES ('AR', '032', 'Argentina', 'Buenos Aires', 3865483, '2766890', 41343201, 'SA', '.ar', 'ARS', 'Peso', '54', 'es-AR,en,it,de,fr,gn', 'CL,BO,UY,PY,BR', NULL);
INSERT INTO `Countries` (`ISO`, `ISONumeric`, `CountryName`, `Capital`, `GeoNameID`, `Area`, `Population`, `Continent`, `TopLevelDomain`, `CurrencyCode`, `CurrencyName`, `PhoneCountryCode`, `Languages`, `Neighbours`, `CountryDescription`) VALUES ('AS', '016', 'American Samoa', 'Pago Pago', 5880801, '199', 57881, 'OC', '.as', 'USD', 'Dollar', '+1-684', 'en-AS,sm,to', NULL, NULL);
INSERT INTO `Countries` (`ISO`, `ISONumeric`, `CountryName`, `Capital`, `GeoNameID`, `Area`, `Population`, `Continent`, `TopLevelDomain`, `CurrencyCode`, `CurrencyName`, `PhoneCountryCode`, `Languages`, `Neighbours`, `CountryDescription`) VALUES ('AT', '040', 'Austria', 'Vienna', 2782113, '83858', 8205000, 'EU', '.at', 'EUR', 'Euro', '43', 'de-AT,hr,hu,sl', 'CH,DE,HU,SK,CZ,IT,SI,LI', NULL);
INSERT INTO `Countries` (`ISO`, `ISONumeric`, `CountryName`, `Capital`, `GeoNameID`, `Area`, `Population`, `Continent`, `TopLevelDomain`, `CurrencyCode`, `CurrencyName`, `PhoneCountryCode`, `Languages`, `Neighbours`, `CountryDescription`) VALUES ('AU', '036', 'Australia', 'Canberra', 2077456, '7686850', 21515754, 'OC', '.au', 'AUD', 'Dollar', '61', 'en-AU', NULL, NULL);
INSERT INTO `Countries` (`ISO`, `ISONumeric`, `CountryName`, `Capital`, `GeoNameID`, `Area`, `Population`, `Continent`, `TopLevelDomain`, `CurrencyCode`, `CurrencyName`, `PhoneCountryCode`, `Languages`, `Neighbours`, `CountryDescription`) VALUES ('AW', '533', 'Aruba', 'Oranjestad', 3577279, '193', 71566, 'NA', '.aw', 'AWG', 'Guilder', '297', 'nl-AW,es,en', NULL, NULL);
INSERT INTO `Countries` (`ISO`, `ISONumeric`, `CountryName`, `Capital`, `GeoNameID`, `Area`, `Population`, `Continent`, `TopLevelDomain`, `CurrencyCode`, `CurrencyName`, `PhoneCountryCode`, `Languages`, `Neighbours`, `CountryDescription`) VALUES ('AX', '248', 'Aland Islands', 'Mariehamn', 661882, NULL, 26711, 'EU', '.ax', 'EUR', 'Euro', '+358-18', 'sv-AX', NULL, NULL);
INSERT INTO `Countries` (`ISO`, `ISONumeric`, `CountryName`, `Capital`, `GeoNameID`, `Area`, `Population`, `Continent`, `TopLevelDomain`, `CurrencyCode`, `CurrencyName`, `PhoneCountryCode`, `Languages`, `Neighbours`, `CountryDescription`) VALUES ('AZ', '031', 'Azerbaijan', 'Baku', 587116, '86600', 8303512, 'AS', '.az', 'AZN', 'Manat', '994', 'az,ru,hy', 'GE,IR,AM,TR,RU', NULL);
INSERT INTO `Countries` (`ISO`, `ISONumeric`, `CountryName`, `Capital`, `GeoNameID`, `Area`, `Population`, `Continent`, `TopLevelDomain`, `CurrencyCode`, `CurrencyName`, `PhoneCountryCode`, `Languages`, `Neighbours`, `CountryDescription`) VALUES ('BA', '070', 'Bosnia and Herzegovina', 'Sarajevo', 3277605, '51129', 4590000, 'EU', '.ba', 'BAM', 'Marka', '387', 'bs,hr-BA,sr-BA', 'CS,HR,ME,RS', NULL);
INSERT INTO `Countries` (`ISO`, `ISONumeric`, `CountryName`, `Capital`, `GeoNameID`, `Area`, `Population`, `Continent`, `TopLevelDomain`, `CurrencyCode`, `CurrencyName`, `PhoneCountryCode`, `Languages`, `Neighbours`, `CountryDescription`) VALUES ('BB', '052', 'Barbados', 'Bridgetown', 3374084, '431', 285653, 'NA', '.bb', 'BBD', 'Dollar', '+1-246', 'en-BB', NULL, NULL);
INSERT INTO `Countries` (`ISO`, `ISONumeric`, `CountryName`, `Capital`, `GeoNameID`, `Area`, `Population`, `Continent`, `TopLevelDomain`, `CurrencyCode`, `CurrencyName`, `PhoneCountryCode`, `Languages`, `Neighbours`, `CountryDescription`) VALUES ('BD', '050', 'Bangladesh', 'Dhaka', 1210997, '144000', 156118464, 'AS', '.bd', 'BDT', 'Taka', '880', 'bn-BD,en', 'MM,IN', NULL);
INSERT INTO `Countries` (`ISO`, `ISONumeric`, `CountryName`, `Capital`, `GeoNameID`, `Area`, `Population`, `Continent`, `TopLevelDomain`, `CurrencyCode`, `CurrencyName`, `PhoneCountryCode`, `Languages`, `Neighbours`, `CountryDescription`) VALUES ('BE', '056', 'Belgium', 'Brussels', 2802361, '30510', 10403000, 'EU', '.be', 'EUR', 'Euro', '32', 'nl-BE,fr-BE,de-BE', 'DE,NL,LU,FR', NULL);
INSERT INTO `Countries` (`ISO`, `ISONumeric`, `CountryName`, `Capital`, `GeoNameID`, `Area`, `Population`, `Continent`, `TopLevelDomain`, `CurrencyCode`, `CurrencyName`, `PhoneCountryCode`, `Languages`, `Neighbours`, `CountryDescription`) VALUES ('BF', '854', 'Burkina Faso', 'Ouagadougou', 2361809, '274200', 16241811, 'AF', '.bf', 'XOF', 'Franc', '226', 'fr-BF', 'NE,BJ,GH,CI,TG,ML', NULL);
INSERT INTO `Countries` (`ISO`, `ISONumeric`, `CountryName`, `Capital`, `GeoNameID`, `Area`, `Population`, `Continent`, `TopLevelDomain`, `CurrencyCode`, `CurrencyName`, `PhoneCountryCode`, `Languages`, `Neighbours`, `CountryDescription`) VALUES ('BG', '100', 'Bulgaria', 'Sofia', 732800, '110910', 7148785, 'EU', '.bg', 'BGN', 'Lev', '359', 'bg,tr-BG', 'MK,GR,RO,CS,TR,RS', NULL);
INSERT INTO `Countries` (`ISO`, `ISONumeric`, `CountryName`, `Capital`, `GeoNameID`, `Area`, `Population`, `Continent`, `TopLevelDomain`, `CurrencyCode`, `CurrencyName`, `PhoneCountryCode`, `Languages`, `Neighbours`, `CountryDescription`) VALUES ('BH', '048', 'Bahrain', 'Manama', 290291, '665', 738004, 'AS', '.bh', 'BHD', 'Dinar', '973', 'ar-BH,en,fa,ur', NULL, NULL);
INSERT INTO `Countries` (`ISO`, `ISONumeric`, `CountryName`, `Capital`, `GeoNameID`, `Area`, `Population`, `Continent`, `TopLevelDomain`, `CurrencyCode`, `CurrencyName`, `PhoneCountryCode`, `Languages`, `Neighbours`, `CountryDescription`) VALUES ('BI', '108', 'Burundi', 'Bujumbura', 433561, '27830', 9863117, 'AF', '.bi', 'BIF', 'Franc', '257', 'fr-BI,rn', 'TZ,CD,RW', NULL);
INSERT INTO `Countries` (`ISO`, `ISONumeric`, `CountryName`, `Capital`, `GeoNameID`, `Area`, `Population`, `Continent`, `TopLevelDomain`, `CurrencyCode`, `CurrencyName`, `PhoneCountryCode`, `Languages`, `Neighbours`, `CountryDescription`) VALUES ('BJ', '204', 'Benin', 'Porto-Novo', 2395170, '112620', 9056010, 'AF', '.bj', 'XOF', 'Franc', '229', 'fr-BJ', 'NE,TG,BF,NG', NULL);
INSERT INTO `Countries` (`ISO`, `ISONumeric`, `CountryName`, `Capital`, `GeoNameID`, `Area`, `Population`, `Continent`, `TopLevelDomain`, `CurrencyCode`, `CurrencyName`, `PhoneCountryCode`, `Languages`, `Neighbours`, `CountryDescription`) VALUES ('BL', '652', 'Saint Barthelemy', 'Gustavia', 3578476, '21', 8450, 'NA', '.gp', 'EUR', 'Euro', '590', 'fr', NULL, NULL);
INSERT INTO `Countries` (`ISO`, `ISONumeric`, `CountryName`, `Capital`, `GeoNameID`, `Area`, `Population`, `Continent`, `TopLevelDomain`, `CurrencyCode`, `CurrencyName`, `PhoneCountryCode`, `Languages`, `Neighbours`, `CountryDescription`) VALUES ('BM', '060', 'Bermuda', 'Hamilton', 3573345, '53', 65365, 'NA', '.bm', 'BMD', 'Dollar', '+1-441', 'en-BM,pt', NULL, NULL);
INSERT INTO `Countries` (`ISO`, `ISONumeric`, `CountryName`, `Capital`, `GeoNameID`, `Area`, `Population`, `Continent`, `TopLevelDomain`, `CurrencyCode`, `CurrencyName`, `PhoneCountryCode`, `Languages`, `Neighbours`, `CountryDescription`) VALUES ('BN', '096', 'Brunei', 'Bandar Seri Begawan', 1820814, '5770', 395027, 'AS', '.bn', 'BND', 'Dollar', '673', 'ms-BN,en-BN', 'MY', NULL);
INSERT INTO `Countries` (`ISO`, `ISONumeric`, `CountryName`, `Capital`, `GeoNameID`, `Area`, `Population`, `Continent`, `TopLevelDomain`, `CurrencyCode`, `CurrencyName`, `PhoneCountryCode`, `Languages`, `Neighbours`, `CountryDescription`) VALUES ('BO', '068', 'Bolivia', 'Sucre', 3923057, '1098580', 9947418, 'SA', '.bo', 'BOB', 'Boliviano', '591', 'es-BO,qu,ay', 'PE,CL,PY,BR,AR', NULL);
INSERT INTO `Countries` (`ISO`, `ISONumeric`, `CountryName`, `Capital`, `GeoNameID`, `Area`, `Population`, `Continent`, `TopLevelDomain`, `CurrencyCode`, `CurrencyName`, `PhoneCountryCode`, `Languages`, `Neighbours`, `CountryDescription`) VALUES ('BQ', '535', 'Bonaire, Saint Eustatius and Saba', NULL, 7626844, NULL, 18012, 'NA', '.bq', 'USD', 'Dollar', '599', 'nl,pap,en', NULL, NULL);
INSERT INTO `Countries` (`ISO`, `ISONumeric`, `CountryName`, `Capital`, `GeoNameID`, `Area`, `Population`, `Continent`, `TopLevelDomain`, `CurrencyCode`, `CurrencyName`, `PhoneCountryCode`, `Languages`, `Neighbours`, `CountryDescription`) VALUES ('BR', '076', 'Brazil', 'Brasilia', 3469034, '8511965', 201103330, 'SA', '.br', 'BRL', 'Real', '55', 'pt-BR,es,en,fr', 'SR,PE,BO,UY,GY,PY,GF,VE,CO,AR', NULL);
INSERT INTO `Countries` (`ISO`, `ISONumeric`, `CountryName`, `Capital`, `GeoNameID`, `Area`, `Population`, `Continent`, `TopLevelDomain`, `CurrencyCode`, `CurrencyName`, `PhoneCountryCode`, `Languages`, `Neighbours`, `CountryDescription`) VALUES ('BS', '044', 'Bahamas', 'Nassau', 3572887, '13940', 301790, 'NA', '.bs', 'BSD', 'Dollar', '+1-242', 'en-BS', NULL, 'The Bahamas, officially the Commonwealth of the Bahamas, is a country consisting of more than 3,000 islands, cays and islets in the Atlantic Ocean, north of Cuba and Hispaniola (the Dominican Republic and Haiti), northwest of the Turks and Caicos Islands and southeast of the US state of Florida. Its capital is Nassau on the island of New Providence. Geographically, the Bahamas lie in the same island chain as Cuba, Hispaniola and the Turks and Caicos Islands; the designation of \"Bahamas\" usually refers to the country and not the geographic chain. The country\'s population, numbering around 354,000, lives on a land area of 13,939 km2 (5,382 sq mi).');
INSERT INTO `Countries` (`ISO`, `ISONumeric`, `CountryName`, `Capital`, `GeoNameID`, `Area`, `Population`, `Continent`, `TopLevelDomain`, `CurrencyCode`, `CurrencyName`, `PhoneCountryCode`, `Languages`, `Neighbours`, `CountryDescription`) VALUES ('BT', '064', 'Bhutan', 'Thimphu', 1252634, '47000', 699847, 'AS', '.bt', 'BTN', 'Ngultrum', '975', 'dz', 'CN,IN', NULL);
INSERT INTO `Countries` (`ISO`, `ISONumeric`, `CountryName`, `Capital`, `GeoNameID`, `Area`, `Population`, `Continent`, `TopLevelDomain`, `CurrencyCode`, `CurrencyName`, `PhoneCountryCode`, `Languages`, `Neighbours`, `CountryDescription`) VALUES ('BV', '074', 'Bouvet Island', NULL, 3371123, NULL, 0, 'AN', '.bv', 'NOK', 'Krone', NULL, NULL, NULL, NULL);
INSERT INTO `Countries` (`ISO`, `ISONumeric`, `CountryName`, `Capital`, `GeoNameID`, `Area`, `Population`, `Continent`, `TopLevelDomain`, `CurrencyCode`, `CurrencyName`, `PhoneCountryCode`, `Languages`, `Neighbours`, `CountryDescription`) VALUES ('BW', '072', 'Botswana', 'Gaborone', 933860, '600370', 2029307, 'AF', '.bw', 'BWP', 'Pula', '267', 'en-BW,tn-BW', 'ZW,ZA,NA', NULL);
INSERT INTO `Countries` (`ISO`, `ISONumeric`, `CountryName`, `Capital`, `GeoNameID`, `Area`, `Population`, `Continent`, `TopLevelDomain`, `CurrencyCode`, `CurrencyName`, `PhoneCountryCode`, `Languages`, `Neighbours`, `CountryDescription`) VALUES ('BY', '112', 'Belarus', 'Minsk', 630336, '207600', 9685000, 'EU', '.by', 'BYR', 'Ruble', '375', 'be,ru', 'PL,LT,UA,RU,LV', NULL);
INSERT INTO `Countries` (`ISO`, `ISONumeric`, `CountryName`, `Capital`, `GeoNameID`, `Area`, `Population`, `Continent`, `TopLevelDomain`, `CurrencyCode`, `CurrencyName`, `PhoneCountryCode`, `Languages`, `Neighbours`, `CountryDescription`) VALUES ('BZ', '084', 'Belize', 'Belmopan', 3582678, '22966', 314522, 'NA', '.bz', 'BZD', 'Dollar', '501', 'en-BZ,es', 'GT,MX', NULL);
INSERT INTO `Countries` (`ISO`, `ISONumeric`, `CountryName`, `Capital`, `GeoNameID`, `Area`, `Population`, `Continent`, `TopLevelDomain`, `CurrencyCode`, `CurrencyName`, `PhoneCountryCode`, `Languages`, `Neighbours`, `CountryDescription`) VALUES ('CA', '124', 'Canada', 'Ottawa', 6251999, '9984670', 33679000, 'NA', '.ca', 'CAD', 'Dollar', '1', 'en-CA,fr-CA,iu', 'US', 'Canada is a North American country consisting of ten provinces and three territories. Located in the northern part of the continent, it extends from the Atlantic to the Pacific and northward into the Arctic Ocean. Canada is the world\'s second-largest country by total area, and its common border with the United States is the world\'s longest land border.');
INSERT INTO `Countries` (`ISO`, `ISONumeric`, `CountryName`, `Capital`, `GeoNameID`, `Area`, `Population`, `Continent`, `TopLevelDomain`, `CurrencyCode`, `CurrencyName`, `PhoneCountryCode`, `Languages`, `Neighbours`, `CountryDescription`) VALUES ('CC', '166', 'Cocos Islands', 'West Island', 1547376, '14', 628, 'AS', '.cc', 'AUD', 'Dollar', '61', 'ms-CC,en', NULL, NULL);
INSERT INTO `Countries` (`ISO`, `ISONumeric`, `CountryName`, `Capital`, `GeoNameID`, `Area`, `Population`, `Continent`, `TopLevelDomain`, `CurrencyCode`, `CurrencyName`, `PhoneCountryCode`, `Languages`, `Neighbours`, `CountryDescription`) VALUES ('CD', '180', 'Democratic Republic of the Congo', 'Kinshasa', 203312, '2345410', 70916439, 'AF', '.cd', 'CDF', 'Franc', '243', 'fr-CD,ln,kg', 'TZ,CF,SS,RW,ZM,BI,UG,CG,AO', NULL);
INSERT INTO `Countries` (`ISO`, `ISONumeric`, `CountryName`, `Capital`, `GeoNameID`, `Area`, `Population`, `Continent`, `TopLevelDomain`, `CurrencyCode`, `CurrencyName`, `PhoneCountryCode`, `Languages`, `Neighbours`, `CountryDescription`) VALUES ('CF', '140', 'Central African Republic', 'Bangui', 239880, '622984', 4844927, 'AF', '.cf', 'XAF', 'Franc', '236', 'fr-CF,sg,ln,kg', 'TD,SD,CD,SS,CM,CG', NULL);
INSERT INTO `Countries` (`ISO`, `ISONumeric`, `CountryName`, `Capital`, `GeoNameID`, `Area`, `Population`, `Continent`, `TopLevelDomain`, `CurrencyCode`, `CurrencyName`, `PhoneCountryCode`, `Languages`, `Neighbours`, `CountryDescription`) VALUES ('CG', '178', 'Republic of the Congo', 'Brazzaville', 2260494, '342000', 3039126, 'AF', '.cg', 'XAF', 'Franc', '242', 'fr-CG,kg,ln-CG', 'CF,GA,CD,CM,AO', NULL);
INSERT INTO `Countries` (`ISO`, `ISONumeric`, `CountryName`, `Capital`, `GeoNameID`, `Area`, `Population`, `Continent`, `TopLevelDomain`, `CurrencyCode`, `CurrencyName`, `PhoneCountryCode`, `Languages`, `Neighbours`, `CountryDescription`) VALUES ('CH', '756', 'Switzerland', 'Berne', 2658434, '41290', 7581000, 'EU', '.ch', 'CHF', 'Franc', '41', 'de-CH,fr-CH,it-CH,rm', 'DE,IT,LI,FR,AT', NULL);
INSERT INTO `Countries` (`ISO`, `ISONumeric`, `CountryName`, `Capital`, `GeoNameID`, `Area`, `Population`, `Continent`, `TopLevelDomain`, `CurrencyCode`, `CurrencyName`, `PhoneCountryCode`, `Languages`, `Neighbours`, `CountryDescription`) VALUES ('CI', '384', 'Ivory Coast', 'Yamoussoukro', 2287781, '322460', 21058798, 'AF', '.ci', 'XOF', 'Franc', '225', 'fr-CI', 'LR,GH,GN,BF,ML', NULL);
INSERT INTO `Countries` (`ISO`, `ISONumeric`, `CountryName`, `Capital`, `GeoNameID`, `Area`, `Population`, `Continent`, `TopLevelDomain`, `CurrencyCode`, `CurrencyName`, `PhoneCountryCode`, `Languages`, `Neighbours`, `CountryDescription`) VALUES ('CK', '184', 'Cook Islands', 'Avarua', 1899402, '240', 21388, 'OC', '.ck', 'NZD', 'Dollar', '682', 'en-CK,mi', NULL, NULL);
INSERT INTO `Countries` (`ISO`, `ISONumeric`, `CountryName`, `Capital`, `GeoNameID`, `Area`, `Population`, `Continent`, `TopLevelDomain`, `CurrencyCode`, `CurrencyName`, `PhoneCountryCode`, `Languages`, `Neighbours`, `CountryDescription`) VALUES ('CL', '152', 'Chile', 'Santiago', 3895114, '756950', 16746491, 'SA', '.cl', 'CLP', 'Peso', '56', 'es-CL', 'PE,BO,AR', NULL);
INSERT INTO `Countries` (`ISO`, `ISONumeric`, `CountryName`, `Capital`, `GeoNameID`, `Area`, `Population`, `Continent`, `TopLevelDomain`, `CurrencyCode`, `CurrencyName`, `PhoneCountryCode`, `Languages`, `Neighbours`, `CountryDescription`) VALUES ('CM', '120', 'Cameroon', 'Yaounde', 2233387, '475440', 19294149, 'AF', '.cm', 'XAF', 'Franc', '237', 'en-CM,fr-CM', 'TD,CF,GA,GQ,CG,NG', NULL);
INSERT INTO `Countries` (`ISO`, `ISONumeric`, `CountryName`, `Capital`, `GeoNameID`, `Area`, `Population`, `Continent`, `TopLevelDomain`, `CurrencyCode`, `CurrencyName`, `PhoneCountryCode`, `Languages`, `Neighbours`, `CountryDescription`) VALUES ('CN', '156', 'China', 'Beijing', 1814991, '9596960', 1330044000, 'AS', '.cn', 'CNY', 'Yuan Renminbi', '86', 'zh-CN,yue,wuu,dta,ug,za', 'LA,BT,TJ,KZ,MN,AF,NP,MM,KG,PK,KP,RU,VN,IN', NULL);
INSERT INTO `Countries` (`ISO`, `ISONumeric`, `CountryName`, `Capital`, `GeoNameID`, `Area`, `Population`, `Continent`, `TopLevelDomain`, `CurrencyCode`, `CurrencyName`, `PhoneCountryCode`, `Languages`, `Neighbours`, `CountryDescription`) VALUES ('CO', '170', 'Colombia', 'Bogota', 3686110, '1138910', 44205293, 'SA', '.co', 'COP', 'Peso', '57', 'es-CO', 'EC,PE,PA,BR,VE', NULL);
INSERT INTO `Countries` (`ISO`, `ISONumeric`, `CountryName`, `Capital`, `GeoNameID`, `Area`, `Population`, `Continent`, `TopLevelDomain`, `CurrencyCode`, `CurrencyName`, `PhoneCountryCode`, `Languages`, `Neighbours`, `CountryDescription`) VALUES ('CR', '188', 'Costa Rica', 'San Jose', 3624060, '51100', 4516220, 'NA', '.cr', 'CRC', 'Colon', '506', 'es-CR,en', 'PA,NI', NULL);
INSERT INTO `Countries` (`ISO`, `ISONumeric`, `CountryName`, `Capital`, `GeoNameID`, `Area`, `Population`, `Continent`, `TopLevelDomain`, `CurrencyCode`, `CurrencyName`, `PhoneCountryCode`, `Languages`, `Neighbours`, `CountryDescription`) VALUES ('CS', '891', 'Serbia and Montenegro', 'Belgrade', NULL, '102350', 10829175, 'EU', '.cs', 'RSD', 'Dinar', '381', 'cu,hu,sq,sr', 'AL,HU,MK,RO,HR,BA,BG', NULL);
INSERT INTO `Countries` (`ISO`, `ISONumeric`, `CountryName`, `Capital`, `GeoNameID`, `Area`, `Population`, `Continent`, `TopLevelDomain`, `CurrencyCode`, `CurrencyName`, `PhoneCountryCode`, `Languages`, `Neighbours`, `CountryDescription`) VALUES ('CU', '192', 'Cuba', 'Havana', 3562981, '110860', 11423000, 'NA', '.cu', 'CUP', 'Peso', '53', 'es-CU', 'US', NULL);
INSERT INTO `Countries` (`ISO`, `ISONumeric`, `CountryName`, `Capital`, `GeoNameID`, `Area`, `Population`, `Continent`, `TopLevelDomain`, `CurrencyCode`, `CurrencyName`, `PhoneCountryCode`, `Languages`, `Neighbours`, `CountryDescription`) VALUES ('CV', '132', 'Cape Verde', 'Praia', 3374766, '4033', 508659, 'AF', '.cv', 'CVE', 'Escudo', '238', 'pt-CV', NULL, NULL);
INSERT INTO `Countries` (`ISO`, `ISONumeric`, `CountryName`, `Capital`, `GeoNameID`, `Area`, `Population`, `Continent`, `TopLevelDomain`, `CurrencyCode`, `CurrencyName`, `PhoneCountryCode`, `Languages`, `Neighbours`, `CountryDescription`) VALUES ('CW', '531', 'Curacao', 'Willemstad', 7626836, NULL, 141766, 'NA', '.cw', 'ANG', 'Guilder', '599', 'nl,pap', NULL, NULL);
INSERT INTO `Countries` (`ISO`, `ISONumeric`, `CountryName`, `Capital`, `GeoNameID`, `Area`, `Population`, `Continent`, `TopLevelDomain`, `CurrencyCode`, `CurrencyName`, `PhoneCountryCode`, `Languages`, `Neighbours`, `CountryDescription`) VALUES ('CX', '162', 'Christmas Island', 'Flying Fish Cove', 2078138, '135', 1500, 'AS', '.cx', 'AUD', 'Dollar', '61', 'en,zh,ms-CC', NULL, NULL);
INSERT INTO `Countries` (`ISO`, `ISONumeric`, `CountryName`, `Capital`, `GeoNameID`, `Area`, `Population`, `Continent`, `TopLevelDomain`, `CurrencyCode`, `CurrencyName`, `PhoneCountryCode`, `Languages`, `Neighbours`, `CountryDescription`) VALUES ('CY', '196', 'Cyprus', 'Nicosia', 146669, '9250', 1102677, 'EU', '.cy', 'EUR', 'Euro', '357', 'el-CY,tr-CY,en', NULL, NULL);
INSERT INTO `Countries` (`ISO`, `ISONumeric`, `CountryName`, `Capital`, `GeoNameID`, `Area`, `Population`, `Continent`, `TopLevelDomain`, `CurrencyCode`, `CurrencyName`, `PhoneCountryCode`, `Languages`, `Neighbours`, `CountryDescription`) VALUES ('CZ', '203', 'Czech Republic', 'Prague', 3077311, '78866', 10476000, 'EU', '.cz', 'CZK', 'Koruna', '420', 'cs,sk', 'PL,DE,SK,AT', NULL);
INSERT INTO `Countries` (`ISO`, `ISONumeric`, `CountryName`, `Capital`, `GeoNameID`, `Area`, `Population`, `Continent`, `TopLevelDomain`, `CurrencyCode`, `CurrencyName`, `PhoneCountryCode`, `Languages`, `Neighbours`, `CountryDescription`) VALUES ('DE', '276', 'Germany', 'Berlin', 2921044, '357021', 81802257, 'EU', '.de', 'EUR', 'Euro', '49', 'de', 'CH,PL,NL,DK,BE,CZ,LU,FR,AT', 'Germany is a federal parliamentary republic in west-central Europe. The country consists of 16 states, and its capital and largest city is Berlin. Germany covers an area of 357,021 square kilometres (137,847 sq mi) and has a largely temperate seasonal climate. With 81.8 million inhabitants, it is the most populous member state in the European Union. Germany is one of the major political and economic powers of the European continent and a historic leader in many theoretical and technical fields.');
INSERT INTO `Countries` (`ISO`, `ISONumeric`, `CountryName`, `Capital`, `GeoNameID`, `Area`, `Population`, `Continent`, `TopLevelDomain`, `CurrencyCode`, `CurrencyName`, `PhoneCountryCode`, `Languages`, `Neighbours`, `CountryDescription`) VALUES ('DJ', '262', 'Djibouti', 'Djibouti', 223816, '23000', 740528, 'AF', '.dj', 'DJF', 'Franc', '253', 'fr-DJ,ar,so-DJ,aa', 'ER,ET,SO', NULL);
INSERT INTO `Countries` (`ISO`, `ISONumeric`, `CountryName`, `Capital`, `GeoNameID`, `Area`, `Population`, `Continent`, `TopLevelDomain`, `CurrencyCode`, `CurrencyName`, `PhoneCountryCode`, `Languages`, `Neighbours`, `CountryDescription`) VALUES ('DK', '208', 'Denmark', 'Copenhagen', 2623032, '43094', 5484000, 'EU', '.dk', 'DKK', 'Krone', '45', 'da-DK,en,fo,de-DK', 'DE', NULL);
INSERT INTO `Countries` (`ISO`, `ISONumeric`, `CountryName`, `Capital`, `GeoNameID`, `Area`, `Population`, `Continent`, `TopLevelDomain`, `CurrencyCode`, `CurrencyName`, `PhoneCountryCode`, `Languages`, `Neighbours`, `CountryDescription`) VALUES ('DM', '212', 'Dominica', 'Roseau', 3575830, '754', 72813, 'NA', '.dm', 'XCD', 'Dollar', '+1-767', 'en-DM', NULL, NULL);
INSERT INTO `Countries` (`ISO`, `ISONumeric`, `CountryName`, `Capital`, `GeoNameID`, `Area`, `Population`, `Continent`, `TopLevelDomain`, `CurrencyCode`, `CurrencyName`, `PhoneCountryCode`, `Languages`, `Neighbours`, `CountryDescription`) VALUES ('DO', '214', 'Dominican Republic', 'Santo Domingo', 3508796, '48730', 9823821, 'NA', '.do', 'DOP', 'Peso', '+1-809 and 1-829', 'es-DO', 'HT', NULL);
INSERT INTO `Countries` (`ISO`, `ISONumeric`, `CountryName`, `Capital`, `GeoNameID`, `Area`, `Population`, `Continent`, `TopLevelDomain`, `CurrencyCode`, `CurrencyName`, `PhoneCountryCode`, `Languages`, `Neighbours`, `CountryDescription`) VALUES ('DZ', '012', 'Algeria', 'Algiers', 2589581, '2381740', 34586184, 'AF', '.dz', 'DZD', 'Dinar', '213', 'ar-DZ', 'NE,EH,LY,MR,TN,MA,ML', NULL);
INSERT INTO `Countries` (`ISO`, `ISONumeric`, `CountryName`, `Capital`, `GeoNameID`, `Area`, `Population`, `Continent`, `TopLevelDomain`, `CurrencyCode`, `CurrencyName`, `PhoneCountryCode`, `Languages`, `Neighbours`, `CountryDescription`) VALUES ('EC', '218', 'Ecuador', 'Quito', 3658394, '283560', 14790608, 'SA', '.ec', 'USD', 'Dollar', '593', 'es-EC', 'PE,CO', NULL);
INSERT INTO `Countries` (`ISO`, `ISONumeric`, `CountryName`, `Capital`, `GeoNameID`, `Area`, `Population`, `Continent`, `TopLevelDomain`, `CurrencyCode`, `CurrencyName`, `PhoneCountryCode`, `Languages`, `Neighbours`, `CountryDescription`) VALUES ('EE', '233', 'Estonia', 'Tallinn', 453733, '45226', 1291170, 'EU', '.ee', 'EUR', 'Euro', '372', 'et,ru', 'RU,LV', NULL);
INSERT INTO `Countries` (`ISO`, `ISONumeric`, `CountryName`, `Capital`, `GeoNameID`, `Area`, `Population`, `Continent`, `TopLevelDomain`, `CurrencyCode`, `CurrencyName`, `PhoneCountryCode`, `Languages`, `Neighbours`, `CountryDescription`) VALUES ('EG', '818', 'Egypt', 'Cairo', 357994, '1001450', 80471869, 'AF', '.eg', 'EGP', 'Pound', '20', 'ar-EG,en,fr', 'LY,SD,IL', NULL);
INSERT INTO `Countries` (`ISO`, `ISONumeric`, `CountryName`, `Capital`, `GeoNameID`, `Area`, `Population`, `Continent`, `TopLevelDomain`, `CurrencyCode`, `CurrencyName`, `PhoneCountryCode`, `Languages`, `Neighbours`, `CountryDescription`) VALUES ('EH', '732', 'Western Sahara', 'El-Aaiun', 2461445, '266000', 273008, 'AF', '.eh', 'MAD', 'Dirham', '212', 'ar,mey', 'DZ,MR,MA', NULL);
INSERT INTO `Countries` (`ISO`, `ISONumeric`, `CountryName`, `Capital`, `GeoNameID`, `Area`, `Population`, `Continent`, `TopLevelDomain`, `CurrencyCode`, `CurrencyName`, `PhoneCountryCode`, `Languages`, `Neighbours`, `CountryDescription`) VALUES ('ER', '232', 'Eritrea', 'Asmara', 338010, '121320', 5792984, 'AF', '.er', 'ERN', 'Nakfa', '291', 'aa-ER,ar,tig,kun,ti-ER', 'ET,SD,DJ', NULL);
INSERT INTO `Countries` (`ISO`, `ISONumeric`, `CountryName`, `Capital`, `GeoNameID`, `Area`, `Population`, `Continent`, `TopLevelDomain`, `CurrencyCode`, `CurrencyName`, `PhoneCountryCode`, `Languages`, `Neighbours`, `CountryDescription`) VALUES ('ES', '724', 'Spain', 'Madrid', 2510769, '504782', 46505963, 'EU', '.es', 'EUR', 'Euro', '34', 'es-ES,ca,gl,eu,oc', 'AD,PT,GI,FR,MA', 'Spain is a sovereign state and a member of the European Union located in southwestern Europe on the Iberian Peninsula. Its mainland is bordered to the south and east by the Mediterranean Sea except for a small land boundary with the British Overseas Territory of Gibraltar, to which Spain lays claim; to the north and north east by France, Andorra, and the Bay of Biscay; and to the northwest and west by the Atlantic Ocean and Portugal.');
INSERT INTO `Countries` (`ISO`, `ISONumeric`, `CountryName`, `Capital`, `GeoNameID`, `Area`, `Population`, `Continent`, `TopLevelDomain`, `CurrencyCode`, `CurrencyName`, `PhoneCountryCode`, `Languages`, `Neighbours`, `CountryDescription`) VALUES ('ET', '231', 'Ethiopia', 'Addis Ababa', 337996, '1127127', 88013491, 'AF', '.et', 'ETB', 'Birr', '251', 'am,en-ET,om-ET,ti-ET,so-ET,sid', 'ER,KE,SD,SS,SO,DJ', NULL);
INSERT INTO `Countries` (`ISO`, `ISONumeric`, `CountryName`, `Capital`, `GeoNameID`, `Area`, `Population`, `Continent`, `TopLevelDomain`, `CurrencyCode`, `CurrencyName`, `PhoneCountryCode`, `Languages`, `Neighbours`, `CountryDescription`) VALUES ('FI', '246', 'Finland', 'Helsinki', 660013, '337030', 5244000, 'EU', '.fi', 'EUR', 'Euro', '358', 'fi-FI,sv-FI,smn', 'NO,RU,SE', NULL);
INSERT INTO `Countries` (`ISO`, `ISONumeric`, `CountryName`, `Capital`, `GeoNameID`, `Area`, `Population`, `Continent`, `TopLevelDomain`, `CurrencyCode`, `CurrencyName`, `PhoneCountryCode`, `Languages`, `Neighbours`, `CountryDescription`) VALUES ('FJ', '242', 'Fiji', 'Suva', 2205218, '18270', 875983, 'OC', '.fj', 'FJD', 'Dollar', '679', 'en-FJ,fj', NULL, NULL);
INSERT INTO `Countries` (`ISO`, `ISONumeric`, `CountryName`, `Capital`, `GeoNameID`, `Area`, `Population`, `Continent`, `TopLevelDomain`, `CurrencyCode`, `CurrencyName`, `PhoneCountryCode`, `Languages`, `Neighbours`, `CountryDescription`) VALUES ('FK', '238', 'Falkland Islands', 'Stanley', 3474414, '12173', 2638, 'SA', '.fk', 'FKP', 'Pound', '500', 'en-FK', NULL, NULL);
INSERT INTO `Countries` (`ISO`, `ISONumeric`, `CountryName`, `Capital`, `GeoNameID`, `Area`, `Population`, `Continent`, `TopLevelDomain`, `CurrencyCode`, `CurrencyName`, `PhoneCountryCode`, `Languages`, `Neighbours`, `CountryDescription`) VALUES ('FM', '583', 'Micronesia', 'Palikir', 2081918, '702', 107708, 'OC', '.fm', 'USD', 'Dollar', '691', 'en-FM,chk,pon,yap,kos,uli,woe,nkr,kpg', NULL, NULL);
INSERT INTO `Countries` (`ISO`, `ISONumeric`, `CountryName`, `Capital`, `GeoNameID`, `Area`, `Population`, `Continent`, `TopLevelDomain`, `CurrencyCode`, `CurrencyName`, `PhoneCountryCode`, `Languages`, `Neighbours`, `CountryDescription`) VALUES ('FO', '234', 'Faroe Islands', 'Torshavn', 2622320, '1399', 48228, 'EU', '.fo', 'DKK', 'Krone', '298', 'fo,da-FO', NULL, NULL);
INSERT INTO `Countries` (`ISO`, `ISONumeric`, `CountryName`, `Capital`, `GeoNameID`, `Area`, `Population`, `Continent`, `TopLevelDomain`, `CurrencyCode`, `CurrencyName`, `PhoneCountryCode`, `Languages`, `Neighbours`, `CountryDescription`) VALUES ('FR', '250', 'France', 'Paris', 3017382, '547030', 64768389, 'EU', '.fr', 'EUR', 'Euro', '33', 'fr-FR,frp,br,co,ca,eu,oc', 'CH,DE,BE,LU,IT,AD,MC,ES', 'France is a unitary semi-presidential republic in Western Europe with several overseas territories and islands. Metropolitan France extends from the Mediterranean Sea to the English Channel and the North Sea, and from the Rhine to the Atlantic Ocean. It is often referred to as l’Hexagone (\"The Hexagon\") because of the geometric shape of its territory.');
INSERT INTO `Countries` (`ISO`, `ISONumeric`, `CountryName`, `Capital`, `GeoNameID`, `Area`, `Population`, `Continent`, `TopLevelDomain`, `CurrencyCode`, `CurrencyName`, `PhoneCountryCode`, `Languages`, `Neighbours`, `CountryDescription`) VALUES ('GA', '266', 'Gabon', 'Libreville', 2400553, '267667', 1545255, 'AF', '.ga', 'XAF', 'Franc', '241', 'fr-GA', 'CM,GQ,CG', NULL);
INSERT INTO `Countries` (`ISO`, `ISONumeric`, `CountryName`, `Capital`, `GeoNameID`, `Area`, `Population`, `Continent`, `TopLevelDomain`, `CurrencyCode`, `CurrencyName`, `PhoneCountryCode`, `Languages`, `Neighbours`, `CountryDescription`) VALUES ('GB', '826', 'United Kingdom', 'London', 2635167, '244820', 62348447, 'EU', '.uk', 'GBP', 'Pound', '44', 'en-GB,cy-GB,gd', 'IE', 'The United Kingdom of Great Britain and Northern Ireland, commonly known as the United Kingdom (UK) or Britain, is a sovereign state located off the north-western coast of continental Europe. The country includes the island of Great Britain, the north-eastern part of the island of Ireland, and many smaller islands. Northern Ireland is the only part of the UK that shares a land border with another sovereign state—the Republic of Ireland. Apart from this land border the UK is surrounded by the Atlantic Ocean, the North Sea, the English Channel and the Irish Sea.');
INSERT INTO `Countries` (`ISO`, `ISONumeric`, `CountryName`, `Capital`, `GeoNameID`, `Area`, `Population`, `Continent`, `TopLevelDomain`, `CurrencyCode`, `CurrencyName`, `PhoneCountryCode`, `Languages`, `Neighbours`, `CountryDescription`) VALUES ('GD', '308', 'Grenada', 'St. George\'s', 3580239, '344', 107818, 'NA', '.gd', 'XCD', 'Dollar', '+1-473', 'en-GD', NULL, NULL);
INSERT INTO `Countries` (`ISO`, `ISONumeric`, `CountryName`, `Capital`, `GeoNameID`, `Area`, `Population`, `Continent`, `TopLevelDomain`, `CurrencyCode`, `CurrencyName`, `PhoneCountryCode`, `Languages`, `Neighbours`, `CountryDescription`) VALUES ('GE', '268', 'Georgia', 'Tbilisi', 614540, '69700', 4630000, 'AS', '.ge', 'GEL', 'Lari', '995', 'ka,ru,hy,az', 'AM,AZ,TR,RU', NULL);
INSERT INTO `Countries` (`ISO`, `ISONumeric`, `CountryName`, `Capital`, `GeoNameID`, `Area`, `Population`, `Continent`, `TopLevelDomain`, `CurrencyCode`, `CurrencyName`, `PhoneCountryCode`, `Languages`, `Neighbours`, `CountryDescription`) VALUES ('GF', '254', 'French Guiana', 'Cayenne', 3381670, '91000', 195506, 'SA', '.gf', 'EUR', 'Euro', '594', 'fr-GF', 'SR,BR', NULL);
INSERT INTO `Countries` (`ISO`, `ISONumeric`, `CountryName`, `Capital`, `GeoNameID`, `Area`, `Population`, `Continent`, `TopLevelDomain`, `CurrencyCode`, `CurrencyName`, `PhoneCountryCode`, `Languages`, `Neighbours`, `CountryDescription`) VALUES ('GG', '831', 'Guernsey', 'St Peter Port', 3042362, '78', 65228, 'EU', '.gg', 'GBP', 'Pound', '+44-1481', 'en,fr', NULL, NULL);
INSERT INTO `Countries` (`ISO`, `ISONumeric`, `CountryName`, `Capital`, `GeoNameID`, `Area`, `Population`, `Continent`, `TopLevelDomain`, `CurrencyCode`, `CurrencyName`, `PhoneCountryCode`, `Languages`, `Neighbours`, `CountryDescription`) VALUES ('GH', '288', 'Ghana', 'Accra', 2300660, '239460', 24339838, 'AF', '.gh', 'GHS', 'Cedi', '233', 'en-GH,ak,ee,tw', 'CI,TG,BF', 'Ghana is a country in West Africa. It is bordered by Côte d\'Ivoire (Ivory Coast) to the west, Burkina Faso to the north, Togo to the east, and the Gulf of Guinea to the south. The word Ghana means \"Warrior King\" and is derived from the ancient Ghana Empire.');
INSERT INTO `Countries` (`ISO`, `ISONumeric`, `CountryName`, `Capital`, `GeoNameID`, `Area`, `Population`, `Continent`, `TopLevelDomain`, `CurrencyCode`, `CurrencyName`, `PhoneCountryCode`, `Languages`, `Neighbours`, `CountryDescription`) VALUES ('GI', '292', 'Gibraltar', 'Gibraltar', 2411586, '6.5', 27884, 'EU', '.gi', 'GIP', 'Pound', '350', 'en-GI,es,it,pt', 'ES', NULL);
INSERT INTO `Countries` (`ISO`, `ISONumeric`, `CountryName`, `Capital`, `GeoNameID`, `Area`, `Population`, `Continent`, `TopLevelDomain`, `CurrencyCode`, `CurrencyName`, `PhoneCountryCode`, `Languages`, `Neighbours`, `CountryDescription`) VALUES ('GL', '304', 'Greenland', 'Nuuk', 3425505, '2166086', 56375, 'NA', '.gl', 'DKK', 'Krone', '299', 'kl,da-GL,en', NULL, NULL);
INSERT INTO `Countries` (`ISO`, `ISONumeric`, `CountryName`, `Capital`, `GeoNameID`, `Area`, `Population`, `Continent`, `TopLevelDomain`, `CurrencyCode`, `CurrencyName`, `PhoneCountryCode`, `Languages`, `Neighbours`, `CountryDescription`) VALUES ('GM', '270', 'Gambia', 'Banjul', 2413451, '11300', 1593256, 'AF', '.gm', 'GMD', 'Dalasi', '220', 'en-GM,mnk,wof,wo,ff', 'SN', NULL);
INSERT INTO `Countries` (`ISO`, `ISONumeric`, `CountryName`, `Capital`, `GeoNameID`, `Area`, `Population`, `Continent`, `TopLevelDomain`, `CurrencyCode`, `CurrencyName`, `PhoneCountryCode`, `Languages`, `Neighbours`, `CountryDescription`) VALUES ('GN', '324', 'Guinea', 'Conakry', 2420477, '245857', 10324025, 'AF', '.gn', 'GNF', 'Franc', '224', 'fr-GN', 'LR,SN,SL,CI,GW,ML', NULL);
INSERT INTO `Countries` (`ISO`, `ISONumeric`, `CountryName`, `Capital`, `GeoNameID`, `Area`, `Population`, `Continent`, `TopLevelDomain`, `CurrencyCode`, `CurrencyName`, `PhoneCountryCode`, `Languages`, `Neighbours`, `CountryDescription`) VALUES ('GP', '312', 'Guadeloupe', 'Basse-Terre', 3579143, '1780', 443000, 'NA', '.gp', 'EUR', 'Euro', '590', 'fr-GP', 'AN', NULL);
INSERT INTO `Countries` (`ISO`, `ISONumeric`, `CountryName`, `Capital`, `GeoNameID`, `Area`, `Population`, `Continent`, `TopLevelDomain`, `CurrencyCode`, `CurrencyName`, `PhoneCountryCode`, `Languages`, `Neighbours`, `CountryDescription`) VALUES ('GQ', '226', 'Equatorial Guinea', 'Malabo', 2309096, '28051', 1014999, 'AF', '.gq', 'XAF', 'Franc', '240', 'es-GQ,fr', 'GA,CM', NULL);
INSERT INTO `Countries` (`ISO`, `ISONumeric`, `CountryName`, `Capital`, `GeoNameID`, `Area`, `Population`, `Continent`, `TopLevelDomain`, `CurrencyCode`, `CurrencyName`, `PhoneCountryCode`, `Languages`, `Neighbours`, `CountryDescription`) VALUES ('GR', '300', 'Greece', 'Athens', 390903, '131940', 11000000, 'EU', '.gr', 'EUR', 'Euro', '30', 'el-GR,en,fr', 'AL,MK,TR,BG', NULL);
INSERT INTO `Countries` (`ISO`, `ISONumeric`, `CountryName`, `Capital`, `GeoNameID`, `Area`, `Population`, `Continent`, `TopLevelDomain`, `CurrencyCode`, `CurrencyName`, `PhoneCountryCode`, `Languages`, `Neighbours`, `CountryDescription`) VALUES ('GS', '239', 'South Georgia and the South Sandwich Islands', 'Grytviken', 3474415, '3903', 30, 'AN', '.gs', 'GBP', 'Pound', NULL, 'en', NULL, NULL);
INSERT INTO `Countries` (`ISO`, `ISONumeric`, `CountryName`, `Capital`, `GeoNameID`, `Area`, `Population`, `Continent`, `TopLevelDomain`, `CurrencyCode`, `CurrencyName`, `PhoneCountryCode`, `Languages`, `Neighbours`, `CountryDescription`) VALUES ('GT', '320', 'Guatemala', 'Guatemala City', 3595528, '108890', 13550440, 'NA', '.gt', 'GTQ', 'Quetzal', '502', 'es-GT', 'MX,HN,BZ,SV', NULL);
INSERT INTO `Countries` (`ISO`, `ISONumeric`, `CountryName`, `Capital`, `GeoNameID`, `Area`, `Population`, `Continent`, `TopLevelDomain`, `CurrencyCode`, `CurrencyName`, `PhoneCountryCode`, `Languages`, `Neighbours`, `CountryDescription`) VALUES ('GU', '316', 'Guam', 'Hagatna', 4043988, '549', 159358, 'OC', '.gu', 'USD', 'Dollar', '+1-671', 'en-GU,ch-GU', NULL, NULL);
INSERT INTO `Countries` (`ISO`, `ISONumeric`, `CountryName`, `Capital`, `GeoNameID`, `Area`, `Population`, `Continent`, `TopLevelDomain`, `CurrencyCode`, `CurrencyName`, `PhoneCountryCode`, `Languages`, `Neighbours`, `CountryDescription`) VALUES ('GW', '624', 'Guinea-Bissau', 'Bissau', 2372248, '36120', 1565126, 'AF', '.gw', 'XOF', 'Franc', '245', 'pt-GW,pov', 'SN,GN', NULL);
INSERT INTO `Countries` (`ISO`, `ISONumeric`, `CountryName`, `Capital`, `GeoNameID`, `Area`, `Population`, `Continent`, `TopLevelDomain`, `CurrencyCode`, `CurrencyName`, `PhoneCountryCode`, `Languages`, `Neighbours`, `CountryDescription`) VALUES ('GY', '328', 'Guyana', 'Georgetown', 3378535, '214970', 748486, 'SA', '.gy', 'GYD', 'Dollar', '592', 'en-GY', 'SR,BR,VE', NULL);
INSERT INTO `Countries` (`ISO`, `ISONumeric`, `CountryName`, `Capital`, `GeoNameID`, `Area`, `Population`, `Continent`, `TopLevelDomain`, `CurrencyCode`, `CurrencyName`, `PhoneCountryCode`, `Languages`, `Neighbours`, `CountryDescription`) VALUES ('HK', '344', 'Hong Kong', 'Hong Kong', 1819730, '1092', 6898686, 'AS', '.hk', 'HKD', 'Dollar', '852', 'zh-HK,yue,zh,en', NULL, NULL);
INSERT INTO `Countries` (`ISO`, `ISONumeric`, `CountryName`, `Capital`, `GeoNameID`, `Area`, `Population`, `Continent`, `TopLevelDomain`, `CurrencyCode`, `CurrencyName`, `PhoneCountryCode`, `Languages`, `Neighbours`, `CountryDescription`) VALUES ('HM', '334', 'Heard Island and McDonald Islands', NULL, 1547314, '412', 0, 'AN', '.hm', 'AUD', 'Dollar', NULL, NULL, NULL, NULL);
INSERT INTO `Countries` (`ISO`, `ISONumeric`, `CountryName`, `Capital`, `GeoNameID`, `Area`, `Population`, `Continent`, `TopLevelDomain`, `CurrencyCode`, `CurrencyName`, `PhoneCountryCode`, `Languages`, `Neighbours`, `CountryDescription`) VALUES ('HN', '340', 'Honduras', 'Tegucigalpa', 3608932, '112090', 7989415, 'NA', '.hn', 'HNL', 'Lempira', '504', 'es-HN', 'GT,NI,SV', NULL);
INSERT INTO `Countries` (`ISO`, `ISONumeric`, `CountryName`, `Capital`, `GeoNameID`, `Area`, `Population`, `Continent`, `TopLevelDomain`, `CurrencyCode`, `CurrencyName`, `PhoneCountryCode`, `Languages`, `Neighbours`, `CountryDescription`) VALUES ('HR', '191', 'Croatia', 'Zagreb', 3202326, '56542', 4491000, 'EU', '.hr', 'HRK', 'Kuna', '385', 'hr-HR,sr', 'HU,SI,CS,BA,ME,RS', NULL);
INSERT INTO `Countries` (`ISO`, `ISONumeric`, `CountryName`, `Capital`, `GeoNameID`, `Area`, `Population`, `Continent`, `TopLevelDomain`, `CurrencyCode`, `CurrencyName`, `PhoneCountryCode`, `Languages`, `Neighbours`, `CountryDescription`) VALUES ('HT', '332', 'Haiti', 'Port-au-Prince', 3723988, '27750', 9648924, 'NA', '.ht', 'HTG', 'Gourde', '509', 'ht,fr-HT', 'DO', NULL);
INSERT INTO `Countries` (`ISO`, `ISONumeric`, `CountryName`, `Capital`, `GeoNameID`, `Area`, `Population`, `Continent`, `TopLevelDomain`, `CurrencyCode`, `CurrencyName`, `PhoneCountryCode`, `Languages`, `Neighbours`, `CountryDescription`) VALUES ('HU', '348', 'Hungary', 'Budapest', 719819, '93030', 9930000, 'EU', '.hu', 'HUF', 'Forint', '36', 'hu-HU', 'SK,SI,RO,UA,CS,HR,AT,RS', NULL);
INSERT INTO `Countries` (`ISO`, `ISONumeric`, `CountryName`, `Capital`, `GeoNameID`, `Area`, `Population`, `Continent`, `TopLevelDomain`, `CurrencyCode`, `CurrencyName`, `PhoneCountryCode`, `Languages`, `Neighbours`, `CountryDescription`) VALUES ('ID', '360', 'Indonesia', 'Jakarta', 1643084, '1919440', 242968342, 'AS', '.id', 'IDR', 'Rupiah', '62', 'id,en,nl,jv', 'PG,TL,MY', NULL);
INSERT INTO `Countries` (`ISO`, `ISONumeric`, `CountryName`, `Capital`, `GeoNameID`, `Area`, `Population`, `Continent`, `TopLevelDomain`, `CurrencyCode`, `CurrencyName`, `PhoneCountryCode`, `Languages`, `Neighbours`, `CountryDescription`) VALUES ('IE', '372', 'Ireland', 'Dublin', 2963597, '70280', 4622917, 'EU', '.ie', 'EUR', 'Euro', '353', 'en-IE,ga-IE', 'GB', NULL);
INSERT INTO `Countries` (`ISO`, `ISONumeric`, `CountryName`, `Capital`, `GeoNameID`, `Area`, `Population`, `Continent`, `TopLevelDomain`, `CurrencyCode`, `CurrencyName`, `PhoneCountryCode`, `Languages`, `Neighbours`, `CountryDescription`) VALUES ('IL', '376', 'Israel', 'Jerusalem', 294640, '20770', 7353985, 'AS', '.il', 'ILS', 'Shekel', '972', 'he,ar-IL,en-IL,', 'SY,JO,LB,EG,PS', NULL);
INSERT INTO `Countries` (`ISO`, `ISONumeric`, `CountryName`, `Capital`, `GeoNameID`, `Area`, `Population`, `Continent`, `TopLevelDomain`, `CurrencyCode`, `CurrencyName`, `PhoneCountryCode`, `Languages`, `Neighbours`, `CountryDescription`) VALUES ('IM', '833', 'Isle of Man', 'Douglas, Isle of Man', 3042225, '572', 75049, 'EU', '.im', 'GBP', 'Pound', '+44-1624', 'en,gv', NULL, NULL);
INSERT INTO `Countries` (`ISO`, `ISONumeric`, `CountryName`, `Capital`, `GeoNameID`, `Area`, `Population`, `Continent`, `TopLevelDomain`, `CurrencyCode`, `CurrencyName`, `PhoneCountryCode`, `Languages`, `Neighbours`, `CountryDescription`) VALUES ('IN', '356', 'India', 'New Delhi', 1269750, '3287590', 1173108018, 'AS', '.in', 'INR', 'Rupee', '91', 'en-IN,hi,bn,te,mr,ta,ur,gu,kn,ml,or,pa,as,bh,sat,ks,ne,sd,kok,doi,mni,sit,sa,fr,lus,inc', 'CN,NP,MM,BT,PK,BD', NULL);
INSERT INTO `Countries` (`ISO`, `ISONumeric`, `CountryName`, `Capital`, `GeoNameID`, `Area`, `Population`, `Continent`, `TopLevelDomain`, `CurrencyCode`, `CurrencyName`, `PhoneCountryCode`, `Languages`, `Neighbours`, `CountryDescription`) VALUES ('IO', '086', 'British Indian Ocean Territory', 'Diego Garcia', 1282588, '60', 4000, 'AS', '.io', 'USD', 'Dollar', '246', 'en-IO', NULL, NULL);
INSERT INTO `Countries` (`ISO`, `ISONumeric`, `CountryName`, `Capital`, `GeoNameID`, `Area`, `Population`, `Continent`, `TopLevelDomain`, `CurrencyCode`, `CurrencyName`, `PhoneCountryCode`, `Languages`, `Neighbours`, `CountryDescription`) VALUES ('IQ', '368', 'Iraq', 'Baghdad', 99237, '437072', 29671605, 'AS', '.iq', 'IQD', 'Dinar', '964', 'ar-IQ,ku,hy', 'SY,SA,IR,JO,TR,KW', NULL);
INSERT INTO `Countries` (`ISO`, `ISONumeric`, `CountryName`, `Capital`, `GeoNameID`, `Area`, `Population`, `Continent`, `TopLevelDomain`, `CurrencyCode`, `CurrencyName`, `PhoneCountryCode`, `Languages`, `Neighbours`, `CountryDescription`) VALUES ('IR', '364', 'Iran', 'Tehran', 130758, '1648000', 76923300, 'AS', '.ir', 'IRR', 'Rial', '98', 'fa-IR,ku', 'TM,AF,IQ,AM,PK,AZ,TR', NULL);
INSERT INTO `Countries` (`ISO`, `ISONumeric`, `CountryName`, `Capital`, `GeoNameID`, `Area`, `Population`, `Continent`, `TopLevelDomain`, `CurrencyCode`, `CurrencyName`, `PhoneCountryCode`, `Languages`, `Neighbours`, `CountryDescription`) VALUES ('IS', '352', 'Iceland', 'Reykjavik', 2629691, '103000', 308910, 'EU', '.is', 'ISK', 'Krona', '354', 'is,en,de,da,sv,no', NULL, 'The Republic of Iceland is a Nordic island country in the North Atlantic Ocean. It has a population of 332,529 and an area of 103,000 km2 (40,000 sq mi), making it the most sparsely populated country in Europe. The capital and largest city is Reykjavík. Reykjavík and the surrounding areas in the southwest of the country are home to over two-thirds of the population. Iceland is volcanically and geologically active. The interior consists of a plateau characterised by sand and lava fields, mountains and glaciers, while many glacial rivers flow to the sea through the lowlands. Iceland is warmed by the Gulf Stream and has a temperate climate, despite a high latitude just outside the Arctic Circle. Its high latitude and marine influence still keeps summers chilly, with most of the archipelago having a tundra climate.');
INSERT INTO `Countries` (`ISO`, `ISONumeric`, `CountryName`, `Capital`, `GeoNameID`, `Area`, `Population`, `Continent`, `TopLevelDomain`, `CurrencyCode`, `CurrencyName`, `PhoneCountryCode`, `Languages`, `Neighbours`, `CountryDescription`) VALUES ('IT', '380', 'Italy', 'Rome', 3175395, '301230', 60340328, 'EU', '.it', 'EUR', 'Euro', '39', 'it-IT,de-IT,fr-IT,sc,ca,co,sl', 'CH,VA,SI,SM,FR,AT', 'Italy is a unitary parliamentary republic in Southern Europe. To the north, it borders France, Switzerland, Austria, and Slovenia along the Alps. To the south, it consists of the entirety of the Italian Peninsula, Sicily, Sardinia–the two largest islands in the Mediterranean Sea–and many other smaller islands. The independent states of San Marino and the Vatican City are enclaves within Italy, while Campione d\'Italia is an Italian exclave in Switzerland. The territory of Italy covers some 301,338 km2 (116,347 sq mi) and is influenced by a temperate seasonal climate. With 60.8 million inhabitants, it is the fifth most populous country in Europe, and the 23rd most populous in the world.');
INSERT INTO `Countries` (`ISO`, `ISONumeric`, `CountryName`, `Capital`, `GeoNameID`, `Area`, `Population`, `Continent`, `TopLevelDomain`, `CurrencyCode`, `CurrencyName`, `PhoneCountryCode`, `Languages`, `Neighbours`, `CountryDescription`) VALUES ('JE', '832', 'Jersey', 'Saint Helier', 3042142, '116', 90812, 'EU', '.je', 'GBP', 'Pound', '+44-1534', 'en,pt', NULL, NULL);
INSERT INTO `Countries` (`ISO`, `ISONumeric`, `CountryName`, `Capital`, `GeoNameID`, `Area`, `Population`, `Continent`, `TopLevelDomain`, `CurrencyCode`, `CurrencyName`, `PhoneCountryCode`, `Languages`, `Neighbours`, `CountryDescription`) VALUES ('JM', '388', 'Jamaica', 'Kingston', 3489940, '10991', 2847232, 'NA', '.jm', 'JMD', 'Dollar', '+1-876', 'en-JM', NULL, NULL);
INSERT INTO `Countries` (`ISO`, `ISONumeric`, `CountryName`, `Capital`, `GeoNameID`, `Area`, `Population`, `Continent`, `TopLevelDomain`, `CurrencyCode`, `CurrencyName`, `PhoneCountryCode`, `Languages`, `Neighbours`, `CountryDescription`) VALUES ('JO', '400', 'Jordan', 'Amman', 248816, '92300', 6407085, 'AS', '.jo', 'JOD', 'Dinar', '962', 'ar-JO,en', 'SY,SA,IQ,IL,PS', NULL);
INSERT INTO `Countries` (`ISO`, `ISONumeric`, `CountryName`, `Capital`, `GeoNameID`, `Area`, `Population`, `Continent`, `TopLevelDomain`, `CurrencyCode`, `CurrencyName`, `PhoneCountryCode`, `Languages`, `Neighbours`, `CountryDescription`) VALUES ('JP', '392', 'Japan', 'Tokyo', 1861060, '377835', 127288000, 'AS', '.jp', 'JPY', 'Yen', '81', 'ja', NULL, NULL);
INSERT INTO `Countries` (`ISO`, `ISONumeric`, `CountryName`, `Capital`, `GeoNameID`, `Area`, `Population`, `Continent`, `TopLevelDomain`, `CurrencyCode`, `CurrencyName`, `PhoneCountryCode`, `Languages`, `Neighbours`, `CountryDescription`) VALUES ('KE', '404', 'Kenya', 'Nairobi', 192950, '582650', 40046566, 'AF', '.ke', 'KES', 'Shilling', '254', 'en-KE,sw-KE', 'ET,TZ,SS,SO,UG', NULL);
INSERT INTO `Countries` (`ISO`, `ISONumeric`, `CountryName`, `Capital`, `GeoNameID`, `Area`, `Population`, `Continent`, `TopLevelDomain`, `CurrencyCode`, `CurrencyName`, `PhoneCountryCode`, `Languages`, `Neighbours`, `CountryDescription`) VALUES ('KG', '417', 'Kyrgyzstan', 'Bishkek', 1527747, '198500', 5508626, 'AS', '.kg', 'KGS', 'Som', '996', 'ky,uz,ru', 'CN,TJ,UZ,KZ', NULL);
INSERT INTO `Countries` (`ISO`, `ISONumeric`, `CountryName`, `Capital`, `GeoNameID`, `Area`, `Population`, `Continent`, `TopLevelDomain`, `CurrencyCode`, `CurrencyName`, `PhoneCountryCode`, `Languages`, `Neighbours`, `CountryDescription`) VALUES ('KH', '116', 'Cambodia', 'Phnom Penh', 1831722, '181040', 14453680, 'AS', '.kh', 'KHR', 'Riels', '855', 'km,fr,en', 'LA,TH,VN', NULL);
INSERT INTO `Countries` (`ISO`, `ISONumeric`, `CountryName`, `Capital`, `GeoNameID`, `Area`, `Population`, `Continent`, `TopLevelDomain`, `CurrencyCode`, `CurrencyName`, `PhoneCountryCode`, `Languages`, `Neighbours`, `CountryDescription`) VALUES ('KI', '296', 'Kiribati', 'Tarawa', 4030945, '811', 92533, 'OC', '.ki', 'AUD', 'Dollar', '686', 'en-KI,gil', NULL, NULL);
INSERT INTO `Countries` (`ISO`, `ISONumeric`, `CountryName`, `Capital`, `GeoNameID`, `Area`, `Population`, `Continent`, `TopLevelDomain`, `CurrencyCode`, `CurrencyName`, `PhoneCountryCode`, `Languages`, `Neighbours`, `CountryDescription`) VALUES ('KM', '174', 'Comoros', 'Moroni', 921929, '2170', 773407, 'AF', '.km', 'KMF', 'Franc', '269', 'ar,fr-KM', NULL, NULL);
INSERT INTO `Countries` (`ISO`, `ISONumeric`, `CountryName`, `Capital`, `GeoNameID`, `Area`, `Population`, `Continent`, `TopLevelDomain`, `CurrencyCode`, `CurrencyName`, `PhoneCountryCode`, `Languages`, `Neighbours`, `CountryDescription`) VALUES ('KN', '659', 'Saint Kitts and Nevis', 'Basseterre', 3575174, '261', 49898, 'NA', '.kn', 'XCD', 'Dollar', '+1-869', 'en-KN', NULL, NULL);
INSERT INTO `Countries` (`ISO`, `ISONumeric`, `CountryName`, `Capital`, `GeoNameID`, `Area`, `Population`, `Continent`, `TopLevelDomain`, `CurrencyCode`, `CurrencyName`, `PhoneCountryCode`, `Languages`, `Neighbours`, `CountryDescription`) VALUES ('KP', '408', 'North Korea', 'Pyongyang', 1873107, '120540', 22912177, 'AS', '.kp', 'KPW', 'Won', '850', 'ko-KP', 'CN,KR,RU', NULL);
INSERT INTO `Countries` (`ISO`, `ISONumeric`, `CountryName`, `Capital`, `GeoNameID`, `Area`, `Population`, `Continent`, `TopLevelDomain`, `CurrencyCode`, `CurrencyName`, `PhoneCountryCode`, `Languages`, `Neighbours`, `CountryDescription`) VALUES ('KR', '410', 'South Korea', 'Seoul', 1835841, '98480', 48422644, 'AS', '.kr', 'KRW', 'Won', '82', 'ko-KR,en', 'KP', NULL);
INSERT INTO `Countries` (`ISO`, `ISONumeric`, `CountryName`, `Capital`, `GeoNameID`, `Area`, `Population`, `Continent`, `TopLevelDomain`, `CurrencyCode`, `CurrencyName`, `PhoneCountryCode`, `Languages`, `Neighbours`, `CountryDescription`) VALUES ('KW', '414', 'Kuwait', 'Kuwait City', 285570, '17820', 2789132, 'AS', '.kw', 'KWD', 'Dinar', '965', 'ar-KW,en', 'SA,IQ', NULL);
INSERT INTO `Countries` (`ISO`, `ISONumeric`, `CountryName`, `Capital`, `GeoNameID`, `Area`, `Population`, `Continent`, `TopLevelDomain`, `CurrencyCode`, `CurrencyName`, `PhoneCountryCode`, `Languages`, `Neighbours`, `CountryDescription`) VALUES ('KY', '136', 'Cayman Islands', 'George Town', 3580718, '262', 44270, 'NA', '.ky', 'KYD', 'Dollar', '+1-345', 'en-KY', NULL, NULL);
INSERT INTO `Countries` (`ISO`, `ISONumeric`, `CountryName`, `Capital`, `GeoNameID`, `Area`, `Population`, `Continent`, `TopLevelDomain`, `CurrencyCode`, `CurrencyName`, `PhoneCountryCode`, `Languages`, `Neighbours`, `CountryDescription`) VALUES ('KZ', '398', 'Kazakhstan', 'Astana', 1522867, '2717300', 15340000, 'AS', '.kz', 'KZT', 'Tenge', '7', 'kk,ru', 'TM,CN,KG,UZ,RU', NULL);
INSERT INTO `Countries` (`ISO`, `ISONumeric`, `CountryName`, `Capital`, `GeoNameID`, `Area`, `Population`, `Continent`, `TopLevelDomain`, `CurrencyCode`, `CurrencyName`, `PhoneCountryCode`, `Languages`, `Neighbours`, `CountryDescription`) VALUES ('LA', '418', 'Laos', 'Vientiane', 1655842, '236800', 6368162, 'AS', '.la', 'LAK', 'Kip', '856', 'lo,fr,en', 'CN,MM,KH,TH,VN', 'Laos, officially the Lao People\'s Democratic Republic, or commonly referred to its colloquial name of Muang Lao is a landlocked country in the heart of the Indochinese peninsula of Mainland Southeast Asia, bordered by Myanmar (Burma) and China to the northwest, Vietnam to the east, Cambodia to the south, and Thailand to the west.');
INSERT INTO `Countries` (`ISO`, `ISONumeric`, `CountryName`, `Capital`, `GeoNameID`, `Area`, `Population`, `Continent`, `TopLevelDomain`, `CurrencyCode`, `CurrencyName`, `PhoneCountryCode`, `Languages`, `Neighbours`, `CountryDescription`) VALUES ('LB', '422', 'Lebanon', 'Beirut', 272103, '10400', 4125247, 'AS', '.lb', 'LBP', 'Pound', '961', 'ar-LB,fr-LB,en,hy', 'SY,IL', NULL);
INSERT INTO `Countries` (`ISO`, `ISONumeric`, `CountryName`, `Capital`, `GeoNameID`, `Area`, `Population`, `Continent`, `TopLevelDomain`, `CurrencyCode`, `CurrencyName`, `PhoneCountryCode`, `Languages`, `Neighbours`, `CountryDescription`) VALUES ('LC', '662', 'Saint Lucia', 'Castries', 3576468, '616', 160922, 'NA', '.lc', 'XCD', 'Dollar', '+1-758', 'en-LC', NULL, NULL);
INSERT INTO `Countries` (`ISO`, `ISONumeric`, `CountryName`, `Capital`, `GeoNameID`, `Area`, `Population`, `Continent`, `TopLevelDomain`, `CurrencyCode`, `CurrencyName`, `PhoneCountryCode`, `Languages`, `Neighbours`, `CountryDescription`) VALUES ('LI', '438', 'Liechtenstein', 'Vaduz', 3042058, '160', 35000, 'EU', '.li', 'CHF', 'Franc', '423', 'de-LI', 'CH,AT', NULL);
INSERT INTO `Countries` (`ISO`, `ISONumeric`, `CountryName`, `Capital`, `GeoNameID`, `Area`, `Population`, `Continent`, `TopLevelDomain`, `CurrencyCode`, `CurrencyName`, `PhoneCountryCode`, `Languages`, `Neighbours`, `CountryDescription`) VALUES ('LK', '144', 'Sri Lanka', 'Colombo', 1227603, '65610', 21513990, 'AS', '.lk', 'LKR', 'Rupee', '94', 'si,ta,en', NULL, NULL);
INSERT INTO `Countries` (`ISO`, `ISONumeric`, `CountryName`, `Capital`, `GeoNameID`, `Area`, `Population`, `Continent`, `TopLevelDomain`, `CurrencyCode`, `CurrencyName`, `PhoneCountryCode`, `Languages`, `Neighbours`, `CountryDescription`) VALUES ('LR', '430', 'Liberia', 'Monrovia', 2275384, '111370', 3685076, 'AF', '.lr', 'LRD', 'Dollar', '231', 'en-LR', 'SL,CI,GN', NULL);
INSERT INTO `Countries` (`ISO`, `ISONumeric`, `CountryName`, `Capital`, `GeoNameID`, `Area`, `Population`, `Continent`, `TopLevelDomain`, `CurrencyCode`, `CurrencyName`, `PhoneCountryCode`, `Languages`, `Neighbours`, `CountryDescription`) VALUES ('LS', '426', 'Lesotho', 'Maseru', 932692, '30355', 1919552, 'AF', '.ls', 'LSL', 'Loti', '266', 'en-LS,st,zu,xh', 'ZA', NULL);
INSERT INTO `Countries` (`ISO`, `ISONumeric`, `CountryName`, `Capital`, `GeoNameID`, `Area`, `Population`, `Continent`, `TopLevelDomain`, `CurrencyCode`, `CurrencyName`, `PhoneCountryCode`, `Languages`, `Neighbours`, `CountryDescription`) VALUES ('LT', '440', 'Lithuania', 'Vilnius', 597427, '65200', 3565000, 'EU', '.lt', 'LTL', 'Litas', '370', 'lt,ru,pl', 'PL,BY,RU,LV', NULL);
INSERT INTO `Countries` (`ISO`, `ISONumeric`, `CountryName`, `Capital`, `GeoNameID`, `Area`, `Population`, `Continent`, `TopLevelDomain`, `CurrencyCode`, `CurrencyName`, `PhoneCountryCode`, `Languages`, `Neighbours`, `CountryDescription`) VALUES ('LU', '442', 'Luxembourg', 'Luxembourg', 2960313, '2586', 497538, 'EU', '.lu', 'EUR', 'Euro', '352', 'lb,de-LU,fr-LU', 'DE,BE,FR', NULL);
INSERT INTO `Countries` (`ISO`, `ISONumeric`, `CountryName`, `Capital`, `GeoNameID`, `Area`, `Population`, `Continent`, `TopLevelDomain`, `CurrencyCode`, `CurrencyName`, `PhoneCountryCode`, `Languages`, `Neighbours`, `CountryDescription`) VALUES ('LV', '428', 'Latvia', 'Riga', 458258, '64589', 2217969, 'EU', '.lv', 'LVL', 'Lat', '371', 'lv,ru,lt', 'LT,EE,BY,RU', NULL);
INSERT INTO `Countries` (`ISO`, `ISONumeric`, `CountryName`, `Capital`, `GeoNameID`, `Area`, `Population`, `Continent`, `TopLevelDomain`, `CurrencyCode`, `CurrencyName`, `PhoneCountryCode`, `Languages`, `Neighbours`, `CountryDescription`) VALUES ('LY', '434', 'Libya', 'Tripolis', 2215636, '1759540', 6461454, 'AF', '.ly', 'LYD', 'Dinar', '218', 'ar-LY,it,en', 'TD,NE,DZ,SD,TN,EG', NULL);
INSERT INTO `Countries` (`ISO`, `ISONumeric`, `CountryName`, `Capital`, `GeoNameID`, `Area`, `Population`, `Continent`, `TopLevelDomain`, `CurrencyCode`, `CurrencyName`, `PhoneCountryCode`, `Languages`, `Neighbours`, `CountryDescription`) VALUES ('MA', '504', 'Morocco', 'Rabat', 2542007, '446550', 31627428, 'AF', '.ma', 'MAD', 'Dirham', '212', 'ar-MA,fr', 'DZ,EH,ES', NULL);
INSERT INTO `Countries` (`ISO`, `ISONumeric`, `CountryName`, `Capital`, `GeoNameID`, `Area`, `Population`, `Continent`, `TopLevelDomain`, `CurrencyCode`, `CurrencyName`, `PhoneCountryCode`, `Languages`, `Neighbours`, `CountryDescription`) VALUES ('MC', '492', 'Monaco', 'Monaco', 2993457, '1.95', 32965, 'EU', '.mc', 'EUR', 'Euro', '377', 'fr-MC,en,it', 'FR', NULL);
INSERT INTO `Countries` (`ISO`, `ISONumeric`, `CountryName`, `Capital`, `GeoNameID`, `Area`, `Population`, `Continent`, `TopLevelDomain`, `CurrencyCode`, `CurrencyName`, `PhoneCountryCode`, `Languages`, `Neighbours`, `CountryDescription`) VALUES ('MD', '498', 'Moldova', 'Chisinau', 617790, '33843', 4324000, 'EU', '.md', 'MDL', 'Leu', '373', 'ro,ru,gag,tr', 'RO,UA', NULL);
INSERT INTO `Countries` (`ISO`, `ISONumeric`, `CountryName`, `Capital`, `GeoNameID`, `Area`, `Population`, `Continent`, `TopLevelDomain`, `CurrencyCode`, `CurrencyName`, `PhoneCountryCode`, `Languages`, `Neighbours`, `CountryDescription`) VALUES ('ME', '499', 'Montenegro', 'Podgorica', 3194884, '14026', 666730, 'EU', '.me', 'EUR', 'Euro', '382', 'sr,hu,bs,sq,hr,rom', 'AL,HR,BA,RS,XK', NULL);
INSERT INTO `Countries` (`ISO`, `ISONumeric`, `CountryName`, `Capital`, `GeoNameID`, `Area`, `Population`, `Continent`, `TopLevelDomain`, `CurrencyCode`, `CurrencyName`, `PhoneCountryCode`, `Languages`, `Neighbours`, `CountryDescription`) VALUES ('MF', '663', 'Saint Martin', 'Marigot', 3578421, '53', 35925, 'NA', '.gp', 'EUR', 'Euro', '590', 'fr', 'SX', NULL);
INSERT INTO `Countries` (`ISO`, `ISONumeric`, `CountryName`, `Capital`, `GeoNameID`, `Area`, `Population`, `Continent`, `TopLevelDomain`, `CurrencyCode`, `CurrencyName`, `PhoneCountryCode`, `Languages`, `Neighbours`, `CountryDescription`) VALUES ('MG', '450', 'Madagascar', 'Antananarivo', 1062947, '587040', 21281844, 'AF', '.mg', 'MGA', 'Ariary', '261', 'fr-MG,mg', NULL, NULL);
INSERT INTO `Countries` (`ISO`, `ISONumeric`, `CountryName`, `Capital`, `GeoNameID`, `Area`, `Population`, `Continent`, `TopLevelDomain`, `CurrencyCode`, `CurrencyName`, `PhoneCountryCode`, `Languages`, `Neighbours`, `CountryDescription`) VALUES ('MH', '584', 'Marshall Islands', 'Majuro', 2080185, '181.3', 65859, 'OC', '.mh', 'USD', 'Dollar', '692', 'mh,en-MH', NULL, NULL);
INSERT INTO `Countries` (`ISO`, `ISONumeric`, `CountryName`, `Capital`, `GeoNameID`, `Area`, `Population`, `Continent`, `TopLevelDomain`, `CurrencyCode`, `CurrencyName`, `PhoneCountryCode`, `Languages`, `Neighbours`, `CountryDescription`) VALUES ('MK', '807', 'Macedonia', 'Skopje', 718075, '25333', 2061000, 'EU', '.mk', 'MKD', 'Denar', '389', 'mk,sq,tr,rmm,sr', 'AL,GR,CS,BG,RS,XK', NULL);
INSERT INTO `Countries` (`ISO`, `ISONumeric`, `CountryName`, `Capital`, `GeoNameID`, `Area`, `Population`, `Continent`, `TopLevelDomain`, `CurrencyCode`, `CurrencyName`, `PhoneCountryCode`, `Languages`, `Neighbours`, `CountryDescription`) VALUES ('ML', '466', 'Mali', 'Bamako', 2453866, '1240000', 13796354, 'AF', '.ml', 'XOF', 'Franc', '223', 'fr-ML,bm', 'SN,NE,DZ,CI,GN,MR,BF', NULL);
INSERT INTO `Countries` (`ISO`, `ISONumeric`, `CountryName`, `Capital`, `GeoNameID`, `Area`, `Population`, `Continent`, `TopLevelDomain`, `CurrencyCode`, `CurrencyName`, `PhoneCountryCode`, `Languages`, `Neighbours`, `CountryDescription`) VALUES ('MM', '104', 'Myanmar', 'Nay Pyi Taw', 1327865, '678500', 53414374, 'AS', '.mm', 'MMK', 'Kyat', '95', 'my', 'CN,LA,TH,BD,IN', NULL);
INSERT INTO `Countries` (`ISO`, `ISONumeric`, `CountryName`, `Capital`, `GeoNameID`, `Area`, `Population`, `Continent`, `TopLevelDomain`, `CurrencyCode`, `CurrencyName`, `PhoneCountryCode`, `Languages`, `Neighbours`, `CountryDescription`) VALUES ('MN', '496', 'Mongolia', 'Ulan Bator', 2029969, '1565000', 3086918, 'AS', '.mn', 'MNT', 'Tugrik', '976', 'mn,ru', 'CN,RU', NULL);
INSERT INTO `Countries` (`ISO`, `ISONumeric`, `CountryName`, `Capital`, `GeoNameID`, `Area`, `Population`, `Continent`, `TopLevelDomain`, `CurrencyCode`, `CurrencyName`, `PhoneCountryCode`, `Languages`, `Neighbours`, `CountryDescription`) VALUES ('MO', '446', 'Macao', 'Macao', 1821275, '254', 449198, 'AS', '.mo', 'MOP', 'Pataca', '853', 'zh,zh-MO,pt', NULL, NULL);
INSERT INTO `Countries` (`ISO`, `ISONumeric`, `CountryName`, `Capital`, `GeoNameID`, `Area`, `Population`, `Continent`, `TopLevelDomain`, `CurrencyCode`, `CurrencyName`, `PhoneCountryCode`, `Languages`, `Neighbours`, `CountryDescription`) VALUES ('MP', '580', 'Northern Mariana Islands', 'Saipan', 4041468, '477', 53883, 'OC', '.mp', 'USD', 'Dollar', '+1-670', 'fil,tl,zh,ch-MP,en-MP', NULL, NULL);
INSERT INTO `Countries` (`ISO`, `ISONumeric`, `CountryName`, `Capital`, `GeoNameID`, `Area`, `Population`, `Continent`, `TopLevelDomain`, `CurrencyCode`, `CurrencyName`, `PhoneCountryCode`, `Languages`, `Neighbours`, `CountryDescription`) VALUES ('MQ', '474', 'Martinique', 'Fort-de-France', 3570311, '1100', 432900, 'NA', '.mq', 'EUR', 'Euro', '596', 'fr-MQ', NULL, NULL);
INSERT INTO `Countries` (`ISO`, `ISONumeric`, `CountryName`, `Capital`, `GeoNameID`, `Area`, `Population`, `Continent`, `TopLevelDomain`, `CurrencyCode`, `CurrencyName`, `PhoneCountryCode`, `Languages`, `Neighbours`, `CountryDescription`) VALUES ('MR', '478', 'Mauritania', 'Nouakchott', 2378080, '1030700', 3205060, 'AF', '.mr', 'MRO', 'Ouguiya', '222', 'ar-MR,fuc,snk,fr,mey,wo', 'SN,DZ,EH,ML', NULL);
INSERT INTO `Countries` (`ISO`, `ISONumeric`, `CountryName`, `Capital`, `GeoNameID`, `Area`, `Population`, `Continent`, `TopLevelDomain`, `CurrencyCode`, `CurrencyName`, `PhoneCountryCode`, `Languages`, `Neighbours`, `CountryDescription`) VALUES ('MS', '500', 'Montserrat', 'Plymouth', 3578097, '102', 9341, 'NA', '.ms', 'XCD', 'Dollar', '+1-664', 'en-MS', NULL, NULL);
INSERT INTO `Countries` (`ISO`, `ISONumeric`, `CountryName`, `Capital`, `GeoNameID`, `Area`, `Population`, `Continent`, `TopLevelDomain`, `CurrencyCode`, `CurrencyName`, `PhoneCountryCode`, `Languages`, `Neighbours`, `CountryDescription`) VALUES ('MT', '470', 'Malta', 'Valletta', 2562770, '316', 403000, 'EU', '.mt', 'EUR', 'Euro', '356', 'mt,en-MT', NULL, NULL);
INSERT INTO `Countries` (`ISO`, `ISONumeric`, `CountryName`, `Capital`, `GeoNameID`, `Area`, `Population`, `Continent`, `TopLevelDomain`, `CurrencyCode`, `CurrencyName`, `PhoneCountryCode`, `Languages`, `Neighbours`, `CountryDescription`) VALUES ('MU', '480', 'Mauritius', 'Port Louis', 934292, '2040', 1294104, 'AF', '.mu', 'MUR', 'Rupee', '230', 'en-MU,bho,fr', NULL, NULL);
INSERT INTO `Countries` (`ISO`, `ISONumeric`, `CountryName`, `Capital`, `GeoNameID`, `Area`, `Population`, `Continent`, `TopLevelDomain`, `CurrencyCode`, `CurrencyName`, `PhoneCountryCode`, `Languages`, `Neighbours`, `CountryDescription`) VALUES ('MV', '462', 'Maldives', 'Male', 1282028, '300', 395650, 'AS', '.mv', 'MVR', 'Rufiyaa', '960', 'dv,en', NULL, NULL);
INSERT INTO `Countries` (`ISO`, `ISONumeric`, `CountryName`, `Capital`, `GeoNameID`, `Area`, `Population`, `Continent`, `TopLevelDomain`, `CurrencyCode`, `CurrencyName`, `PhoneCountryCode`, `Languages`, `Neighbours`, `CountryDescription`) VALUES ('MW', '454', 'Malawi', 'Lilongwe', 927384, '118480', 15447500, 'AF', '.mw', 'MWK', 'Kwacha', '265', 'ny,yao,tum,swk', 'TZ,MZ,ZM', NULL);
INSERT INTO `Countries` (`ISO`, `ISONumeric`, `CountryName`, `Capital`, `GeoNameID`, `Area`, `Population`, `Continent`, `TopLevelDomain`, `CurrencyCode`, `CurrencyName`, `PhoneCountryCode`, `Languages`, `Neighbours`, `CountryDescription`) VALUES ('MX', '484', 'Mexico', 'Mexico City', 3996063, '1972550', 112468855, 'NA', '.mx', 'MXN', 'Peso', '52', 'es-MX', 'GT,US,BZ', NULL);
INSERT INTO `Countries` (`ISO`, `ISONumeric`, `CountryName`, `Capital`, `GeoNameID`, `Area`, `Population`, `Continent`, `TopLevelDomain`, `CurrencyCode`, `CurrencyName`, `PhoneCountryCode`, `Languages`, `Neighbours`, `CountryDescription`) VALUES ('MY', '458', 'Malaysia', 'Kuala Lumpur', 1733045, '329750', 28274729, 'AS', '.my', 'MYR', 'Ringgit', '60', 'ms-MY,en,zh,ta,te,ml,pa,th', 'BN,TH,ID', NULL);
INSERT INTO `Countries` (`ISO`, `ISONumeric`, `CountryName`, `Capital`, `GeoNameID`, `Area`, `Population`, `Continent`, `TopLevelDomain`, `CurrencyCode`, `CurrencyName`, `PhoneCountryCode`, `Languages`, `Neighbours`, `CountryDescription`) VALUES ('MZ', '508', 'Mozambique', 'Maputo', 1036973, '801590', 22061451, 'AF', '.mz', 'MZN', 'Metical', '258', 'pt-MZ,vmw', 'ZW,TZ,SZ,ZA,ZM,MW', NULL);
INSERT INTO `Countries` (`ISO`, `ISONumeric`, `CountryName`, `Capital`, `GeoNameID`, `Area`, `Population`, `Continent`, `TopLevelDomain`, `CurrencyCode`, `CurrencyName`, `PhoneCountryCode`, `Languages`, `Neighbours`, `CountryDescription`) VALUES ('NA', '516', 'Namibia', 'Windhoek', 3355338, '825418', 2128471, 'AF', '.na', 'NAD', 'Dollar', '264', 'en-NA,af,de,hz,naq', 'ZA,BW,ZM,AO', NULL);
INSERT INTO `Countries` (`ISO`, `ISONumeric`, `CountryName`, `Capital`, `GeoNameID`, `Area`, `Population`, `Continent`, `TopLevelDomain`, `CurrencyCode`, `CurrencyName`, `PhoneCountryCode`, `Languages`, `Neighbours`, `CountryDescription`) VALUES ('NC', '540', 'New Caledonia', 'Noumea', 2139685, '19060', 216494, 'OC', '.nc', 'XPF', 'Franc', '687', 'fr-NC', NULL, NULL);
INSERT INTO `Countries` (`ISO`, `ISONumeric`, `CountryName`, `Capital`, `GeoNameID`, `Area`, `Population`, `Continent`, `TopLevelDomain`, `CurrencyCode`, `CurrencyName`, `PhoneCountryCode`, `Languages`, `Neighbours`, `CountryDescription`) VALUES ('NE', '562', 'Niger', 'Niamey', 2440476, '1267000', 15878271, 'AF', '.ne', 'XOF', 'Franc', '227', 'fr-NE,ha,kr,dje', 'TD,BJ,DZ,LY,BF,NG,ML', NULL);
INSERT INTO `Countries` (`ISO`, `ISONumeric`, `CountryName`, `Capital`, `GeoNameID`, `Area`, `Population`, `Continent`, `TopLevelDomain`, `CurrencyCode`, `CurrencyName`, `PhoneCountryCode`, `Languages`, `Neighbours`, `CountryDescription`) VALUES ('NF', '574', 'Norfolk Island', 'Kingston', 2155115, '34.6', 1828, 'OC', '.nf', 'AUD', 'Dollar', '672', 'en-NF', NULL, NULL);
INSERT INTO `Countries` (`ISO`, `ISONumeric`, `CountryName`, `Capital`, `GeoNameID`, `Area`, `Population`, `Continent`, `TopLevelDomain`, `CurrencyCode`, `CurrencyName`, `PhoneCountryCode`, `Languages`, `Neighbours`, `CountryDescription`) VALUES ('NG', '566', 'Nigeria', 'Abuja', 2328926, '923768', 154000000, 'AF', '.ng', 'NGN', 'Naira', '234', 'en-NG,ha,yo,ig,ff', 'TD,NE,BJ,CM', NULL);
INSERT INTO `Countries` (`ISO`, `ISONumeric`, `CountryName`, `Capital`, `GeoNameID`, `Area`, `Population`, `Continent`, `TopLevelDomain`, `CurrencyCode`, `CurrencyName`, `PhoneCountryCode`, `Languages`, `Neighbours`, `CountryDescription`) VALUES ('NI', '558', 'Nicaragua', 'Managua', 3617476, '129494', 5995928, 'NA', '.ni', 'NIO', 'Cordoba', '505', 'es-NI,en', 'CR,HN', NULL);
INSERT INTO `Countries` (`ISO`, `ISONumeric`, `CountryName`, `Capital`, `GeoNameID`, `Area`, `Population`, `Continent`, `TopLevelDomain`, `CurrencyCode`, `CurrencyName`, `PhoneCountryCode`, `Languages`, `Neighbours`, `CountryDescription`) VALUES ('NL', '528', 'Netherlands', 'Amsterdam', 2750405, '41526', 16645000, 'EU', '.nl', 'EUR', 'Euro', '31', 'nl-NL,fy-NL', 'DE,BE', 'The Netherlands is a small, densely populated country located in Western Europe with three island territories in the Caribbean. The European part of the Netherlands borders Germany to the east, Belgium to the south, and the North Sea to the northwest, sharing maritime borders with Belgium, the United Kingdom, and Germany. The largest cities in the Netherlands are Amsterdam, The Hague and Rotterdam. Amsterdam is the country\'s capital, while The Hague holds the Dutch seat of government and parliament. The port of Rotterdam is the largest port in Europe – as large as the next three largest combined – and was the world\'s largest port between 1962 and 2004. The name Holland is also frequently and incorrectly used to refer informally to the whole of the country of the Netherlands.');
INSERT INTO `Countries` (`ISO`, `ISONumeric`, `CountryName`, `Capital`, `GeoNameID`, `Area`, `Population`, `Continent`, `TopLevelDomain`, `CurrencyCode`, `CurrencyName`, `PhoneCountryCode`, `Languages`, `Neighbours`, `CountryDescription`) VALUES ('NO', '578', 'Norway', 'Oslo', 3144096, '324220', 4985870, 'EU', '.no', 'NOK', 'Krone', '47', 'no,nb,nn,se,fi', 'FI,RU,SE', NULL);
INSERT INTO `Countries` (`ISO`, `ISONumeric`, `CountryName`, `Capital`, `GeoNameID`, `Area`, `Population`, `Continent`, `TopLevelDomain`, `CurrencyCode`, `CurrencyName`, `PhoneCountryCode`, `Languages`, `Neighbours`, `CountryDescription`) VALUES ('NP', '524', 'Nepal', 'Kathmandu', 1282988, '140800', 28951852, 'AS', '.np', 'NPR', 'Rupee', '977', 'ne,en', 'CN,IN', 'Nepal, officially the Federal Democratic Republic of Nepal,is a landlocked country in South Asia with a population of 26.4 million. It is a multiethnic nation with Nepali as the official language. Kathmandu is the nation\'s capital and largest city. Modern Nepal is a secular parliamentary republic.');
INSERT INTO `Countries` (`ISO`, `ISONumeric`, `CountryName`, `Capital`, `GeoNameID`, `Area`, `Population`, `Continent`, `TopLevelDomain`, `CurrencyCode`, `CurrencyName`, `PhoneCountryCode`, `Languages`, `Neighbours`, `CountryDescription`) VALUES ('NR', '520', 'Nauru', 'Yaren', 2110425, '21', 10065, 'OC', '.nr', 'AUD', 'Dollar', '674', 'na,en-NR', NULL, NULL);
INSERT INTO `Countries` (`ISO`, `ISONumeric`, `CountryName`, `Capital`, `GeoNameID`, `Area`, `Population`, `Continent`, `TopLevelDomain`, `CurrencyCode`, `CurrencyName`, `PhoneCountryCode`, `Languages`, `Neighbours`, `CountryDescription`) VALUES ('NU', '570', 'Niue', 'Alofi', 4036232, '260', 2166, 'OC', '.nu', 'NZD', 'Dollar', '683', 'niu,en-NU', NULL, NULL);
INSERT INTO `Countries` (`ISO`, `ISONumeric`, `CountryName`, `Capital`, `GeoNameID`, `Area`, `Population`, `Continent`, `TopLevelDomain`, `CurrencyCode`, `CurrencyName`, `PhoneCountryCode`, `Languages`, `Neighbours`, `CountryDescription`) VALUES ('NZ', '554', 'New Zealand', 'Wellington', 2186224, '268680', 4252277, 'OC', '.nz', 'NZD', 'Dollar', '64', 'en-NZ,mi', NULL, NULL);
INSERT INTO `Countries` (`ISO`, `ISONumeric`, `CountryName`, `Capital`, `GeoNameID`, `Area`, `Population`, `Continent`, `TopLevelDomain`, `CurrencyCode`, `CurrencyName`, `PhoneCountryCode`, `Languages`, `Neighbours`, `CountryDescription`) VALUES ('OM', '512', 'Oman', 'Muscat', 286963, '212460', 2967717, 'AS', '.om', 'OMR', 'Rial', '968', 'ar-OM,en,bal,ur', 'SA,YE,AE', NULL);
INSERT INTO `Countries` (`ISO`, `ISONumeric`, `CountryName`, `Capital`, `GeoNameID`, `Area`, `Population`, `Continent`, `TopLevelDomain`, `CurrencyCode`, `CurrencyName`, `PhoneCountryCode`, `Languages`, `Neighbours`, `CountryDescription`) VALUES ('PA', '591', 'Panama', 'Panama City', 3703430, '78200', 3410676, 'NA', '.pa', 'PAB', 'Balboa', '507', 'es-PA,en', 'CR,CO', NULL);
INSERT INTO `Countries` (`ISO`, `ISONumeric`, `CountryName`, `Capital`, `GeoNameID`, `Area`, `Population`, `Continent`, `TopLevelDomain`, `CurrencyCode`, `CurrencyName`, `PhoneCountryCode`, `Languages`, `Neighbours`, `CountryDescription`) VALUES ('PE', '604', 'Peru', 'Lima', 3932488, '1285220', 29907003, 'SA', '.pe', 'PEN', 'Sol', '51', 'es-PE,qu,ay', 'EC,CL,BO,BR,CO', 'Peru, officially the Republic of Peru, is a country in western South America. It is bordered in the north by Ecuador and Colombia, in the east by Brazil, in the southeast by Bolivia, in the south by Chile, and in the west by the Pacific Ocean. Peru is an extremely biodiverse country with habitats ranging from the arid plains of the Pacific coastal region in the west to the peaks of the Andes mountains vertically extending from the north to the southeast of the country to the tropical Amazon Basin rainforest in the east with the Amazon river.');
INSERT INTO `Countries` (`ISO`, `ISONumeric`, `CountryName`, `Capital`, `GeoNameID`, `Area`, `Population`, `Continent`, `TopLevelDomain`, `CurrencyCode`, `CurrencyName`, `PhoneCountryCode`, `Languages`, `Neighbours`, `CountryDescription`) VALUES ('PF', '258', 'French Polynesia', 'Papeete', 4030656, '4167', 270485, 'OC', '.pf', 'XPF', 'Franc', '689', 'fr-PF,ty', NULL, NULL);
INSERT INTO `Countries` (`ISO`, `ISONumeric`, `CountryName`, `Capital`, `GeoNameID`, `Area`, `Population`, `Continent`, `TopLevelDomain`, `CurrencyCode`, `CurrencyName`, `PhoneCountryCode`, `Languages`, `Neighbours`, `CountryDescription`) VALUES ('PG', '598', 'Papua New Guinea', 'Port Moresby', 2088628, '462840', 6064515, 'OC', '.pg', 'PGK', 'Kina', '675', 'en-PG,ho,meu,tpi', 'ID', NULL);
INSERT INTO `Countries` (`ISO`, `ISONumeric`, `CountryName`, `Capital`, `GeoNameID`, `Area`, `Population`, `Continent`, `TopLevelDomain`, `CurrencyCode`, `CurrencyName`, `PhoneCountryCode`, `Languages`, `Neighbours`, `CountryDescription`) VALUES ('PH', '608', 'Philippines', 'Manila', 1694008, '300000', 99900177, 'AS', '.ph', 'PHP', 'Peso', '63', 'tl,en-PH,fil', NULL, NULL);
INSERT INTO `Countries` (`ISO`, `ISONumeric`, `CountryName`, `Capital`, `GeoNameID`, `Area`, `Population`, `Continent`, `TopLevelDomain`, `CurrencyCode`, `CurrencyName`, `PhoneCountryCode`, `Languages`, `Neighbours`, `CountryDescription`) VALUES ('PK', '586', 'Pakistan', 'Islamabad', 1168579, '803940', 184404791, 'AS', '.pk', 'PKR', 'Rupee', '92', 'ur-PK,en-PK,pa,sd,ps,brh', 'CN,AF,IR,IN', NULL);
INSERT INTO `Countries` (`ISO`, `ISONumeric`, `CountryName`, `Capital`, `GeoNameID`, `Area`, `Population`, `Continent`, `TopLevelDomain`, `CurrencyCode`, `CurrencyName`, `PhoneCountryCode`, `Languages`, `Neighbours`, `CountryDescription`) VALUES ('PL', '616', 'Poland', 'Warsaw', 798544, '312685', 38500000, 'EU', '.pl', 'PLN', 'Zloty', '48', 'pl', 'DE,LT,SK,CZ,BY,UA,RU', NULL);
INSERT INTO `Countries` (`ISO`, `ISONumeric`, `CountryName`, `Capital`, `GeoNameID`, `Area`, `Population`, `Continent`, `TopLevelDomain`, `CurrencyCode`, `CurrencyName`, `PhoneCountryCode`, `Languages`, `Neighbours`, `CountryDescription`) VALUES ('PM', '666', 'Saint Pierre and Miquelon', 'Saint-Pierre', 3424932, '242', 7012, 'NA', '.pm', 'EUR', 'Euro', '508', 'fr-PM', NULL, NULL);
INSERT INTO `Countries` (`ISO`, `ISONumeric`, `CountryName`, `Capital`, `GeoNameID`, `Area`, `Population`, `Continent`, `TopLevelDomain`, `CurrencyCode`, `CurrencyName`, `PhoneCountryCode`, `Languages`, `Neighbours`, `CountryDescription`) VALUES ('PN', '612', 'Pitcairn', 'Adamstown', 4030699, '47', 46, 'OC', '.pn', 'NZD', 'Dollar', '870', 'en-PN', NULL, NULL);
INSERT INTO `Countries` (`ISO`, `ISONumeric`, `CountryName`, `Capital`, `GeoNameID`, `Area`, `Population`, `Continent`, `TopLevelDomain`, `CurrencyCode`, `CurrencyName`, `PhoneCountryCode`, `Languages`, `Neighbours`, `CountryDescription`) VALUES ('PR', '630', 'Puerto Rico', 'San Juan', 4566966, '9104', 3916632, 'NA', '.pr', 'USD', 'Dollar', '+1-787 and 1-939', 'en-PR,es-PR', NULL, NULL);
INSERT INTO `Countries` (`ISO`, `ISONumeric`, `CountryName`, `Capital`, `GeoNameID`, `Area`, `Population`, `Continent`, `TopLevelDomain`, `CurrencyCode`, `CurrencyName`, `PhoneCountryCode`, `Languages`, `Neighbours`, `CountryDescription`) VALUES ('PS', '275', 'Palestinian Territory', 'East Jerusalem', 6254930, '5970', 3800000, 'AS', '.ps', 'ILS', 'Shekel', '970', 'ar-PS', 'JO,IL', NULL);
INSERT INTO `Countries` (`ISO`, `ISONumeric`, `CountryName`, `Capital`, `GeoNameID`, `Area`, `Population`, `Continent`, `TopLevelDomain`, `CurrencyCode`, `CurrencyName`, `PhoneCountryCode`, `Languages`, `Neighbours`, `CountryDescription`) VALUES ('PT', '620', 'Portugal', 'Lisbon', 2264397, '92391', 10676000, 'EU', '.pt', 'EUR', 'Euro', '351', 'pt-PT,mwl', 'ES', NULL);
INSERT INTO `Countries` (`ISO`, `ISONumeric`, `CountryName`, `Capital`, `GeoNameID`, `Area`, `Population`, `Continent`, `TopLevelDomain`, `CurrencyCode`, `CurrencyName`, `PhoneCountryCode`, `Languages`, `Neighbours`, `CountryDescription`) VALUES ('PW', '585', 'Palau', 'Melekeok', 1559582, '458', 19907, 'OC', '.pw', 'USD', 'Dollar', '680', 'pau,sov,en-PW,tox,ja,fil,zh', NULL, NULL);
INSERT INTO `Countries` (`ISO`, `ISONumeric`, `CountryName`, `Capital`, `GeoNameID`, `Area`, `Population`, `Continent`, `TopLevelDomain`, `CurrencyCode`, `CurrencyName`, `PhoneCountryCode`, `Languages`, `Neighbours`, `CountryDescription`) VALUES ('PY', '600', 'Paraguay', 'Asuncion', 3437598, '406750', 6375830, 'SA', '.py', 'PYG', 'Guarani', '595', 'es-PY,gn', 'BO,BR,AR', NULL);
INSERT INTO `Countries` (`ISO`, `ISONumeric`, `CountryName`, `Capital`, `GeoNameID`, `Area`, `Population`, `Continent`, `TopLevelDomain`, `CurrencyCode`, `CurrencyName`, `PhoneCountryCode`, `Languages`, `Neighbours`, `CountryDescription`) VALUES ('QA', '634', 'Qatar', 'Doha', 289688, '11437', 840926, 'AS', '.qa', 'QAR', 'Rial', '974', 'ar-QA,es', 'SA', NULL);
INSERT INTO `Countries` (`ISO`, `ISONumeric`, `CountryName`, `Capital`, `GeoNameID`, `Area`, `Population`, `Continent`, `TopLevelDomain`, `CurrencyCode`, `CurrencyName`, `PhoneCountryCode`, `Languages`, `Neighbours`, `CountryDescription`) VALUES ('RE', '638', 'Reunion', 'Saint-Denis', 935317, '2517', 776948, 'AF', '.re', 'EUR', 'Euro', '262', 'fr-RE', NULL, NULL);
INSERT INTO `Countries` (`ISO`, `ISONumeric`, `CountryName`, `Capital`, `GeoNameID`, `Area`, `Population`, `Continent`, `TopLevelDomain`, `CurrencyCode`, `CurrencyName`, `PhoneCountryCode`, `Languages`, `Neighbours`, `CountryDescription`) VALUES ('RO', '642', 'Romania', 'Bucharest', 798549, '237500', 21959278, 'EU', '.ro', 'RON', 'Leu', '40', 'ro,hu,rom', 'MD,HU,UA,CS,BG,RS', NULL);
INSERT INTO `Countries` (`ISO`, `ISONumeric`, `CountryName`, `Capital`, `GeoNameID`, `Area`, `Population`, `Continent`, `TopLevelDomain`, `CurrencyCode`, `CurrencyName`, `PhoneCountryCode`, `Languages`, `Neighbours`, `CountryDescription`) VALUES ('RS', '688', 'Serbia', 'Belgrade', 6290252, '88361', 7344847, 'EU', '.rs', 'RSD', 'Dinar', '381', 'sr,hu,bs,rom', 'AL,HU,MK,RO,HR,BA,BG,ME,XK', NULL);
INSERT INTO `Countries` (`ISO`, `ISONumeric`, `CountryName`, `Capital`, `GeoNameID`, `Area`, `Population`, `Continent`, `TopLevelDomain`, `CurrencyCode`, `CurrencyName`, `PhoneCountryCode`, `Languages`, `Neighbours`, `CountryDescription`) VALUES ('RU', '643', 'Russia', 'Moscow', 2017370, '1.71E+007', 140702000, 'EU', '.ru', 'RUB', 'Ruble', '7', 'ru,tt,xal,cau,ady,kv,ce,tyv,cv,udm,tut,mns,bua,myv,mdf,chm,ba,inh,tut,kbd,krc,ava,sah,nog', 'GE,CN,BY,UA,KZ,LV,PL,EE,LT,FI,MN,NO,AZ,KP', NULL);
INSERT INTO `Countries` (`ISO`, `ISONumeric`, `CountryName`, `Capital`, `GeoNameID`, `Area`, `Population`, `Continent`, `TopLevelDomain`, `CurrencyCode`, `CurrencyName`, `PhoneCountryCode`, `Languages`, `Neighbours`, `CountryDescription`) VALUES ('RW', '646', 'Rwanda', 'Kigali', 49518, '26338', 11055976, 'AF', '.rw', 'RWF', 'Franc', '250', 'rw,en-RW,fr-RW,sw', 'TZ,CD,BI,UG', NULL);
INSERT INTO `Countries` (`ISO`, `ISONumeric`, `CountryName`, `Capital`, `GeoNameID`, `Area`, `Population`, `Continent`, `TopLevelDomain`, `CurrencyCode`, `CurrencyName`, `PhoneCountryCode`, `Languages`, `Neighbours`, `CountryDescription`) VALUES ('SA', '682', 'Saudi Arabia', 'Riyadh', 102358, '1960582', 25731776, 'AS', '.sa', 'SAR', 'Rial', '966', 'ar-SA', 'QA,OM,IQ,YE,JO,AE,KW', NULL);
INSERT INTO `Countries` (`ISO`, `ISONumeric`, `CountryName`, `Capital`, `GeoNameID`, `Area`, `Population`, `Continent`, `TopLevelDomain`, `CurrencyCode`, `CurrencyName`, `PhoneCountryCode`, `Languages`, `Neighbours`, `CountryDescription`) VALUES ('SB', '090', 'Solomon Islands', 'Honiara', 2103350, '28450', 559198, 'OC', '.sb', 'SBD', 'Dollar', '677', 'en-SB,tpi', NULL, NULL);
INSERT INTO `Countries` (`ISO`, `ISONumeric`, `CountryName`, `Capital`, `GeoNameID`, `Area`, `Population`, `Continent`, `TopLevelDomain`, `CurrencyCode`, `CurrencyName`, `PhoneCountryCode`, `Languages`, `Neighbours`, `CountryDescription`) VALUES ('SC', '690', 'Seychelles', 'Victoria', 241170, '455', 88340, 'AF', '.sc', 'SCR', 'Rupee', '248', 'en-SC,fr-SC', NULL, NULL);
INSERT INTO `Countries` (`ISO`, `ISONumeric`, `CountryName`, `Capital`, `GeoNameID`, `Area`, `Population`, `Continent`, `TopLevelDomain`, `CurrencyCode`, `CurrencyName`, `PhoneCountryCode`, `Languages`, `Neighbours`, `CountryDescription`) VALUES ('SD', '729', 'Sudan', 'Khartoum', 366755, '1861484', 35000000, 'AF', '.sd', 'SDG', 'Pound', '249', 'ar-SD,en,fia', 'SS,TD,EG,ET,ER,LY,CF', NULL);
INSERT INTO `Countries` (`ISO`, `ISONumeric`, `CountryName`, `Capital`, `GeoNameID`, `Area`, `Population`, `Continent`, `TopLevelDomain`, `CurrencyCode`, `CurrencyName`, `PhoneCountryCode`, `Languages`, `Neighbours`, `CountryDescription`) VALUES ('SE', '752', 'Sweden', 'Stockholm', 2661886, '449964', 9045000, 'EU', '.se', 'SEK', 'Krona', '46', 'sv-SE,se,sma,fi-SE', 'NO,FI', NULL);
INSERT INTO `Countries` (`ISO`, `ISONumeric`, `CountryName`, `Capital`, `GeoNameID`, `Area`, `Population`, `Continent`, `TopLevelDomain`, `CurrencyCode`, `CurrencyName`, `PhoneCountryCode`, `Languages`, `Neighbours`, `CountryDescription`) VALUES ('SG', '702', 'Singapore', 'Singapur', 1880251, '692.7', 4701069, 'AS', '.sg', 'SGD', 'Dollar', '65', 'cmn,en-SG,ms-SG,ta-SG,zh-SG', NULL, NULL);
INSERT INTO `Countries` (`ISO`, `ISONumeric`, `CountryName`, `Capital`, `GeoNameID`, `Area`, `Population`, `Continent`, `TopLevelDomain`, `CurrencyCode`, `CurrencyName`, `PhoneCountryCode`, `Languages`, `Neighbours`, `CountryDescription`) VALUES ('SH', '654', 'Saint Helena', 'Jamestown', 3370751, '410', 7460, 'AF', '.sh', 'SHP', 'Pound', '290', 'en-SH', NULL, NULL);
INSERT INTO `Countries` (`ISO`, `ISONumeric`, `CountryName`, `Capital`, `GeoNameID`, `Area`, `Population`, `Continent`, `TopLevelDomain`, `CurrencyCode`, `CurrencyName`, `PhoneCountryCode`, `Languages`, `Neighbours`, `CountryDescription`) VALUES ('SI', '705', 'Slovenia', 'Ljubljana', 3190538, '20273', 2007000, 'EU', '.si', 'EUR', 'Euro', '386', 'sl,sh', 'HU,IT,HR,AT', 'Slovenia, officially the Republic of Slovenia, is a nation state in southern Central Europe, located at the crossroads of main European cultural and trade routes. It is bordered by Italy to the west, Austria to the north, Hungary to the northeast, Croatia to the south and southeast, and the Adriatic Sea to the southwest. It covers 20,273 square kilometers (7,827 sq mi) and has a population of 2.06 million. It is a parliamentary republic and a member of the United Nations, European Union, and NATO. The capital and largest city is Ljubljana.');
INSERT INTO `Countries` (`ISO`, `ISONumeric`, `CountryName`, `Capital`, `GeoNameID`, `Area`, `Population`, `Continent`, `TopLevelDomain`, `CurrencyCode`, `CurrencyName`, `PhoneCountryCode`, `Languages`, `Neighbours`, `CountryDescription`) VALUES ('SJ', '744', 'Svalbard and Jan Mayen', 'Longyearbyen', 607072, '62049', 2550, 'EU', '.sj', 'NOK', 'Krone', '47', 'no,ru', NULL, NULL);
INSERT INTO `Countries` (`ISO`, `ISONumeric`, `CountryName`, `Capital`, `GeoNameID`, `Area`, `Population`, `Continent`, `TopLevelDomain`, `CurrencyCode`, `CurrencyName`, `PhoneCountryCode`, `Languages`, `Neighbours`, `CountryDescription`) VALUES ('SK', '703', 'Slovakia', 'Bratislava', 3057568, '48845', 5455000, 'EU', '.sk', 'EUR', 'Euro', '421', 'sk,hu', 'PL,HU,CZ,UA,AT', NULL);
INSERT INTO `Countries` (`ISO`, `ISONumeric`, `CountryName`, `Capital`, `GeoNameID`, `Area`, `Population`, `Continent`, `TopLevelDomain`, `CurrencyCode`, `CurrencyName`, `PhoneCountryCode`, `Languages`, `Neighbours`, `CountryDescription`) VALUES ('SL', '694', 'Sierra Leone', 'Freetown', 2403846, '71740', 5245695, 'AF', '.sl', 'SLL', 'Leone', '232', 'en-SL,men,tem', 'LR,GN', NULL);
INSERT INTO `Countries` (`ISO`, `ISONumeric`, `CountryName`, `Capital`, `GeoNameID`, `Area`, `Population`, `Continent`, `TopLevelDomain`, `CurrencyCode`, `CurrencyName`, `PhoneCountryCode`, `Languages`, `Neighbours`, `CountryDescription`) VALUES ('SM', '674', 'San Marino', 'San Marino', 3168068, '61.2', 31477, 'EU', '.sm', 'EUR', 'Euro', '378', 'it-SM', 'IT', NULL);
INSERT INTO `Countries` (`ISO`, `ISONumeric`, `CountryName`, `Capital`, `GeoNameID`, `Area`, `Population`, `Continent`, `TopLevelDomain`, `CurrencyCode`, `CurrencyName`, `PhoneCountryCode`, `Languages`, `Neighbours`, `CountryDescription`) VALUES ('SN', '686', 'Senegal', 'Dakar', 2245662, '196190', 12323252, 'AF', '.sn', 'XOF', 'Franc', '221', 'fr-SN,wo,fuc,mnk', 'GN,MR,GW,GM,ML', NULL);
INSERT INTO `Countries` (`ISO`, `ISONumeric`, `CountryName`, `Capital`, `GeoNameID`, `Area`, `Population`, `Continent`, `TopLevelDomain`, `CurrencyCode`, `CurrencyName`, `PhoneCountryCode`, `Languages`, `Neighbours`, `CountryDescription`) VALUES ('SO', '706', 'Somalia', 'Mogadishu', 51537, '637657', 10112453, 'AF', '.so', 'SOS', 'Shilling', '252', 'so-SO,ar-SO,it,en-SO', 'ET,KE,DJ', NULL);
INSERT INTO `Countries` (`ISO`, `ISONumeric`, `CountryName`, `Capital`, `GeoNameID`, `Area`, `Population`, `Continent`, `TopLevelDomain`, `CurrencyCode`, `CurrencyName`, `PhoneCountryCode`, `Languages`, `Neighbours`, `CountryDescription`) VALUES ('SR', '740', 'Suriname', 'Paramaribo', 3382998, '163270', 492829, 'SA', '.sr', 'SRD', 'Dollar', '597', 'nl-SR,en,srn,hns,jv', 'GY,BR,GF', NULL);
INSERT INTO `Countries` (`ISO`, `ISONumeric`, `CountryName`, `Capital`, `GeoNameID`, `Area`, `Population`, `Continent`, `TopLevelDomain`, `CurrencyCode`, `CurrencyName`, `PhoneCountryCode`, `Languages`, `Neighbours`, `CountryDescription`) VALUES ('SS', '728', 'South Sudan', 'Juba', 7909807, '644329', 8260490, 'AF', NULL, 'SSP', 'Pound', '211', 'en', 'CD,CF,ET,KE,SD,UG,', NULL);
INSERT INTO `Countries` (`ISO`, `ISONumeric`, `CountryName`, `Capital`, `GeoNameID`, `Area`, `Population`, `Continent`, `TopLevelDomain`, `CurrencyCode`, `CurrencyName`, `PhoneCountryCode`, `Languages`, `Neighbours`, `CountryDescription`) VALUES ('ST', '678', 'Sao Tome and Principe', 'Sao Tome', 2410758, '1001', 175808, 'AF', '.st', 'STD', 'Dobra', '239', 'pt-ST', NULL, NULL);
INSERT INTO `Countries` (`ISO`, `ISONumeric`, `CountryName`, `Capital`, `GeoNameID`, `Area`, `Population`, `Continent`, `TopLevelDomain`, `CurrencyCode`, `CurrencyName`, `PhoneCountryCode`, `Languages`, `Neighbours`, `CountryDescription`) VALUES ('SV', '222', 'El Salvador', 'San Salvador', 3585968, '21040', 6052064, 'NA', '.sv', 'USD', 'Dollar', '503', 'es-SV', 'GT,HN', NULL);
INSERT INTO `Countries` (`ISO`, `ISONumeric`, `CountryName`, `Capital`, `GeoNameID`, `Area`, `Population`, `Continent`, `TopLevelDomain`, `CurrencyCode`, `CurrencyName`, `PhoneCountryCode`, `Languages`, `Neighbours`, `CountryDescription`) VALUES ('SX', '534', 'Sint Maarten', 'Philipsburg', 7609695, NULL, 37429, 'NA', '.sx', 'ANG', 'Guilder', '599', 'nl,en', 'MF', NULL);
INSERT INTO `Countries` (`ISO`, `ISONumeric`, `CountryName`, `Capital`, `GeoNameID`, `Area`, `Population`, `Continent`, `TopLevelDomain`, `CurrencyCode`, `CurrencyName`, `PhoneCountryCode`, `Languages`, `Neighbours`, `CountryDescription`) VALUES ('SY', '760', 'Syria', 'Damascus', 163843, '185180', 22198110, 'AS', '.sy', 'SYP', 'Pound', '963', 'ar-SY,ku,hy,arc,fr,en', 'IQ,JO,IL,TR,LB', NULL);
INSERT INTO `Countries` (`ISO`, `ISONumeric`, `CountryName`, `Capital`, `GeoNameID`, `Area`, `Population`, `Continent`, `TopLevelDomain`, `CurrencyCode`, `CurrencyName`, `PhoneCountryCode`, `Languages`, `Neighbours`, `CountryDescription`) VALUES ('SZ', '748', 'Swaziland', 'Mbabane', 934841, '17363', 1354051, 'AF', '.sz', 'SZL', 'Lilangeni', '268', 'en-SZ,ss-SZ', 'ZA,MZ', NULL);
INSERT INTO `Countries` (`ISO`, `ISONumeric`, `CountryName`, `Capital`, `GeoNameID`, `Area`, `Population`, `Continent`, `TopLevelDomain`, `CurrencyCode`, `CurrencyName`, `PhoneCountryCode`, `Languages`, `Neighbours`, `CountryDescription`) VALUES ('TC', '796', 'Turks and Caicos Islands', 'Cockburn Town', 3576916, '430', 20556, 'NA', '.tc', 'USD', 'Dollar', '+1-649', 'en-TC', NULL, NULL);
INSERT INTO `Countries` (`ISO`, `ISONumeric`, `CountryName`, `Capital`, `GeoNameID`, `Area`, `Population`, `Continent`, `TopLevelDomain`, `CurrencyCode`, `CurrencyName`, `PhoneCountryCode`, `Languages`, `Neighbours`, `CountryDescription`) VALUES ('TD', '148', 'Chad', 'N\'Djamena', 2434508, '1284000', 10543464, 'AF', '.td', 'XAF', 'Franc', '235', 'fr-TD,ar-TD,sre', 'NE,LY,CF,SD,CM,NG', NULL);
INSERT INTO `Countries` (`ISO`, `ISONumeric`, `CountryName`, `Capital`, `GeoNameID`, `Area`, `Population`, `Continent`, `TopLevelDomain`, `CurrencyCode`, `CurrencyName`, `PhoneCountryCode`, `Languages`, `Neighbours`, `CountryDescription`) VALUES ('TF', '260', 'French Southern Territories', 'Port-aux-Francais', 1546748, '7829', 140, 'AN', '.tf', 'EUR', 'Euro', NULL, 'fr', NULL, NULL);
INSERT INTO `Countries` (`ISO`, `ISONumeric`, `CountryName`, `Capital`, `GeoNameID`, `Area`, `Population`, `Continent`, `TopLevelDomain`, `CurrencyCode`, `CurrencyName`, `PhoneCountryCode`, `Languages`, `Neighbours`, `CountryDescription`) VALUES ('TG', '768', 'Togo', 'Lome', 2363686, '56785', 6587239, 'AF', '.tg', 'XOF', 'Franc', '228', 'fr-TG,ee,hna,kbp,dag,ha', 'BJ,GH,BF', NULL);
INSERT INTO `Countries` (`ISO`, `ISONumeric`, `CountryName`, `Capital`, `GeoNameID`, `Area`, `Population`, `Continent`, `TopLevelDomain`, `CurrencyCode`, `CurrencyName`, `PhoneCountryCode`, `Languages`, `Neighbours`, `CountryDescription`) VALUES ('TH', '764', 'Thailand', 'Bangkok', 1605651, '514000', 67089500, 'AS', '.th', 'THB', 'Baht', '66', 'th,en', 'LA,MM,KH,MY', 'Thailand, officially the Kingdom of Thailand, formerly known as Siam, is a country at the centre of the Indochinese peninsula in Southeast Asia. With a total area of approximately 513,000 km2 (198,000 sq mi), Thailand is the world\'s 51st-largest country. It is the 20th-most-populous country in the world, with around 66 million people. The capital and largest city is Bangkok.');
INSERT INTO `Countries` (`ISO`, `ISONumeric`, `CountryName`, `Capital`, `GeoNameID`, `Area`, `Population`, `Continent`, `TopLevelDomain`, `CurrencyCode`, `CurrencyName`, `PhoneCountryCode`, `Languages`, `Neighbours`, `CountryDescription`) VALUES ('TJ', '762', 'Tajikistan', 'Dushanbe', 1220409, '143100', 7487489, 'AS', '.tj', 'TJS', 'Somoni', '992', 'tg,ru', 'CN,AF,KG,UZ', NULL);
INSERT INTO `Countries` (`ISO`, `ISONumeric`, `CountryName`, `Capital`, `GeoNameID`, `Area`, `Population`, `Continent`, `TopLevelDomain`, `CurrencyCode`, `CurrencyName`, `PhoneCountryCode`, `Languages`, `Neighbours`, `CountryDescription`) VALUES ('TK', '772', 'Tokelau', NULL, 4031074, '10', 1466, 'OC', '.tk', 'NZD', 'Dollar', '690', 'tkl,en-TK', NULL, NULL);
INSERT INTO `Countries` (`ISO`, `ISONumeric`, `CountryName`, `Capital`, `GeoNameID`, `Area`, `Population`, `Continent`, `TopLevelDomain`, `CurrencyCode`, `CurrencyName`, `PhoneCountryCode`, `Languages`, `Neighbours`, `CountryDescription`) VALUES ('TL', '626', 'East Timor', 'Dili', 1966436, '15007', 1154625, 'OC', '.tl', 'USD', 'Dollar', '670', 'tet,pt-TL,id,en', 'ID', NULL);
INSERT INTO `Countries` (`ISO`, `ISONumeric`, `CountryName`, `Capital`, `GeoNameID`, `Area`, `Population`, `Continent`, `TopLevelDomain`, `CurrencyCode`, `CurrencyName`, `PhoneCountryCode`, `Languages`, `Neighbours`, `CountryDescription`) VALUES ('TM', '795', 'Turkmenistan', 'Ashgabat', 1218197, '488100', 4940916, 'AS', '.tm', 'TMT', 'Manat', '993', 'tk,ru,uz', 'AF,IR,UZ,KZ', NULL);
INSERT INTO `Countries` (`ISO`, `ISONumeric`, `CountryName`, `Capital`, `GeoNameID`, `Area`, `Population`, `Continent`, `TopLevelDomain`, `CurrencyCode`, `CurrencyName`, `PhoneCountryCode`, `Languages`, `Neighbours`, `CountryDescription`) VALUES ('TN', '788', 'Tunisia', 'Tunis', 2464461, '163610', 10589025, 'AF', '.tn', 'TND', 'Dinar', '216', 'ar-TN,fr', 'DZ,LY', NULL);
INSERT INTO `Countries` (`ISO`, `ISONumeric`, `CountryName`, `Capital`, `GeoNameID`, `Area`, `Population`, `Continent`, `TopLevelDomain`, `CurrencyCode`, `CurrencyName`, `PhoneCountryCode`, `Languages`, `Neighbours`, `CountryDescription`) VALUES ('TO', '776', 'Tonga', 'Nuku\'alofa', 4032283, '748', 122580, 'OC', '.to', 'TOP', 'Pa\'anga', '676', 'to,en-TO', NULL, NULL);
INSERT INTO `Countries` (`ISO`, `ISONumeric`, `CountryName`, `Capital`, `GeoNameID`, `Area`, `Population`, `Continent`, `TopLevelDomain`, `CurrencyCode`, `CurrencyName`, `PhoneCountryCode`, `Languages`, `Neighbours`, `CountryDescription`) VALUES ('TR', '792', 'Turkey', 'Ankara', 298795, '780580', 77804122, 'AS', '.tr', 'TRY', 'Lira', '90', 'tr-TR,ku,diq,az,av', 'SY,GE,IQ,IR,GR,AM,AZ,BG', NULL);
INSERT INTO `Countries` (`ISO`, `ISONumeric`, `CountryName`, `Capital`, `GeoNameID`, `Area`, `Population`, `Continent`, `TopLevelDomain`, `CurrencyCode`, `CurrencyName`, `PhoneCountryCode`, `Languages`, `Neighbours`, `CountryDescription`) VALUES ('TT', '780', 'Trinidad and Tobago', 'Port of Spain', 3573591, '5128', 1228691, 'NA', '.tt', 'TTD', 'Dollar', '+1-868', 'en-TT,hns,fr,es,zh', NULL, NULL);
INSERT INTO `Countries` (`ISO`, `ISONumeric`, `CountryName`, `Capital`, `GeoNameID`, `Area`, `Population`, `Continent`, `TopLevelDomain`, `CurrencyCode`, `CurrencyName`, `PhoneCountryCode`, `Languages`, `Neighbours`, `CountryDescription`) VALUES ('TV', '798', 'Tuvalu', 'Funafuti', 2110297, '26', 10472, 'OC', '.tv', 'AUD', 'Dollar', '688', 'tvl,en,sm,gil', NULL, NULL);
INSERT INTO `Countries` (`ISO`, `ISONumeric`, `CountryName`, `Capital`, `GeoNameID`, `Area`, `Population`, `Continent`, `TopLevelDomain`, `CurrencyCode`, `CurrencyName`, `PhoneCountryCode`, `Languages`, `Neighbours`, `CountryDescription`) VALUES ('TW', '158', 'Taiwan', 'Taipei', 1668284, '35980', 22894384, 'AS', '.tw', 'TWD', 'Dollar', '886', 'zh-TW,zh,nan,hak', NULL, NULL);
INSERT INTO `Countries` (`ISO`, `ISONumeric`, `CountryName`, `Capital`, `GeoNameID`, `Area`, `Population`, `Continent`, `TopLevelDomain`, `CurrencyCode`, `CurrencyName`, `PhoneCountryCode`, `Languages`, `Neighbours`, `CountryDescription`) VALUES ('TZ', '834', 'Tanzania', 'Dodoma', 149590, '945087', 41892895, 'AF', '.tz', 'TZS', 'Shilling', '255', 'sw-TZ,en,ar', 'MZ,KE,CD,RW,ZM,BI,UG,MW', NULL);
INSERT INTO `Countries` (`ISO`, `ISONumeric`, `CountryName`, `Capital`, `GeoNameID`, `Area`, `Population`, `Continent`, `TopLevelDomain`, `CurrencyCode`, `CurrencyName`, `PhoneCountryCode`, `Languages`, `Neighbours`, `CountryDescription`) VALUES ('UA', '804', 'Ukraine', 'Kiev', 690791, '603700', 45415596, 'EU', '.ua', 'UAH', 'Hryvnia', '380', 'uk,ru-UA,rom,pl,hu', 'PL,MD,HU,SK,BY,RO,RU', NULL);
INSERT INTO `Countries` (`ISO`, `ISONumeric`, `CountryName`, `Capital`, `GeoNameID`, `Area`, `Population`, `Continent`, `TopLevelDomain`, `CurrencyCode`, `CurrencyName`, `PhoneCountryCode`, `Languages`, `Neighbours`, `CountryDescription`) VALUES ('UG', '800', 'Uganda', 'Kampala', 226074, '236040', 33398682, 'AF', '.ug', 'UGX', 'Shilling', '256', 'en-UG,lg,sw,ar', 'TZ,KE,SS,CD,RW', NULL);
INSERT INTO `Countries` (`ISO`, `ISONumeric`, `CountryName`, `Capital`, `GeoNameID`, `Area`, `Population`, `Continent`, `TopLevelDomain`, `CurrencyCode`, `CurrencyName`, `PhoneCountryCode`, `Languages`, `Neighbours`, `CountryDescription`) VALUES ('UM', '581', 'United States Minor Outlying Islands', NULL, 5854968, '0', 0, 'OC', '.um', 'USD', 'Dollar', '1', 'en-UM', NULL, NULL);
INSERT INTO `Countries` (`ISO`, `ISONumeric`, `CountryName`, `Capital`, `GeoNameID`, `Area`, `Population`, `Continent`, `TopLevelDomain`, `CurrencyCode`, `CurrencyName`, `PhoneCountryCode`, `Languages`, `Neighbours`, `CountryDescription`) VALUES ('US', '840', 'United States', 'Washington', 6252001, '9629091', 310232863, 'NA', '.us', 'USD', 'Dollar', '1', 'en-US,es-US,haw,fr', 'CA,MX,CU', 'The United States of America (commonly called the United States, the U.S., the USA, America, and the States) is a federal constitutional republic consisting of fifty states and a federal district. The country is situated mostly in central North America, where its forty-eight contiguous states and Washington, D.C., the capital district, lie between the Pacific and Atlantic Oceans, bordered by Canada to the north and Mexico to the south. The state of Alaska is in the northwest of the continent, with Canada to the east and Russia to the west across the Bering Strait. The state of Hawaii is an archipelago in the mid-Pacific. The country also possesses several territories in the Pacific and Caribbean. At 3.79 million square miles (9.83 million km2) and with over 314 million people, the United States is the third- or fourth-largest country by total area, and the third-largest by both land area and population. It is one of the world\'s most ethnically diverse and multicultural nations, the product of large-scale immigration from many countries.');
INSERT INTO `Countries` (`ISO`, `ISONumeric`, `CountryName`, `Capital`, `GeoNameID`, `Area`, `Population`, `Continent`, `TopLevelDomain`, `CurrencyCode`, `CurrencyName`, `PhoneCountryCode`, `Languages`, `Neighbours`, `CountryDescription`) VALUES ('UY', '858', 'Uruguay', 'Montevideo', 3439705, '176220', 3477000, 'SA', '.uy', 'UYU', 'Peso', '598', 'es-UY', 'BR,AR', 'Uruguay is a country in the southeastern part of South America. It is home to 3.3 million people, of whom 1.8 million live in the capital Montevideo and its metropolitan area. An estimated 88% of the population is of European descent. With an area of approximately 176,000 square kilometres (68,000 sq mi), Uruguay is the second-smallest nation in South America by area, after Suriname.');
INSERT INTO `Countries` (`ISO`, `ISONumeric`, `CountryName`, `Capital`, `GeoNameID`, `Area`, `Population`, `Continent`, `TopLevelDomain`, `CurrencyCode`, `CurrencyName`, `PhoneCountryCode`, `Languages`, `Neighbours`, `CountryDescription`) VALUES ('UZ', '860', 'Uzbekistan', 'Tashkent', 1512440, '447400', 27865738, 'AS', '.uz', 'UZS', 'Som', '998', 'uz,ru,tg', 'TM,AF,KG,TJ,KZ', NULL);
INSERT INTO `Countries` (`ISO`, `ISONumeric`, `CountryName`, `Capital`, `GeoNameID`, `Area`, `Population`, `Continent`, `TopLevelDomain`, `CurrencyCode`, `CurrencyName`, `PhoneCountryCode`, `Languages`, `Neighbours`, `CountryDescription`) VALUES ('VA', '336', 'Vatican', 'Vatican City', 3164670, '0.44', 921, 'EU', '.va', 'EUR', 'Euro', '379', 'la,it,fr', 'IT', NULL);
INSERT INTO `Countries` (`ISO`, `ISONumeric`, `CountryName`, `Capital`, `GeoNameID`, `Area`, `Population`, `Continent`, `TopLevelDomain`, `CurrencyCode`, `CurrencyName`, `PhoneCountryCode`, `Languages`, `Neighbours`, `CountryDescription`) VALUES ('VC', '670', 'Saint Vincent and the Grenadines', 'Kingstown', 3577815, '389', 104217, 'NA', '.vc', 'XCD', 'Dollar', '+1-784', 'en-VC,fr', NULL, NULL);
INSERT INTO `Countries` (`ISO`, `ISONumeric`, `CountryName`, `Capital`, `GeoNameID`, `Area`, `Population`, `Continent`, `TopLevelDomain`, `CurrencyCode`, `CurrencyName`, `PhoneCountryCode`, `Languages`, `Neighbours`, `CountryDescription`) VALUES ('VE', '862', 'Venezuela', 'Caracas', 3625428, '912050', 27223228, 'SA', '.ve', 'VEF', 'Bolivar', '58', 'es-VE', 'GY,BR,CO', NULL);
INSERT INTO `Countries` (`ISO`, `ISONumeric`, `CountryName`, `Capital`, `GeoNameID`, `Area`, `Population`, `Continent`, `TopLevelDomain`, `CurrencyCode`, `CurrencyName`, `PhoneCountryCode`, `Languages`, `Neighbours`, `CountryDescription`) VALUES ('VG', '092', 'British Virgin Islands', 'Road Town', 3577718, '153', 21730, 'NA', '.vg', 'USD', 'Dollar', '+1-284', 'en-VG', NULL, NULL);
INSERT INTO `Countries` (`ISO`, `ISONumeric`, `CountryName`, `Capital`, `GeoNameID`, `Area`, `Population`, `Continent`, `TopLevelDomain`, `CurrencyCode`, `CurrencyName`, `PhoneCountryCode`, `Languages`, `Neighbours`, `CountryDescription`) VALUES ('VI', '850', 'U.S. Virgin Islands', 'Charlotte Amalie', 4796775, '352', 108708, 'NA', '.vi', 'USD', 'Dollar', '+1-340', 'en-VI', NULL, NULL);
INSERT INTO `Countries` (`ISO`, `ISONumeric`, `CountryName`, `Capital`, `GeoNameID`, `Area`, `Population`, `Continent`, `TopLevelDomain`, `CurrencyCode`, `CurrencyName`, `PhoneCountryCode`, `Languages`, `Neighbours`, `CountryDescription`) VALUES ('VN', '704', 'Vietnam', 'Hanoi', 1562822, '329560', 89571130, 'AS', '.vn', 'VND', 'Dong', '84', 'vi,en,fr,zh,km', 'CN,LA,KH', NULL);
INSERT INTO `Countries` (`ISO`, `ISONumeric`, `CountryName`, `Capital`, `GeoNameID`, `Area`, `Population`, `Continent`, `TopLevelDomain`, `CurrencyCode`, `CurrencyName`, `PhoneCountryCode`, `Languages`, `Neighbours`, `CountryDescription`) VALUES ('VU', '548', 'Vanuatu', 'Port Vila', 2134431, '12200', 221552, 'OC', '.vu', 'VUV', 'Vatu', '678', 'bi,en-VU,fr-VU', NULL, NULL);
INSERT INTO `Countries` (`ISO`, `ISONumeric`, `CountryName`, `Capital`, `GeoNameID`, `Area`, `Population`, `Continent`, `TopLevelDomain`, `CurrencyCode`, `CurrencyName`, `PhoneCountryCode`, `Languages`, `Neighbours`, `CountryDescription`) VALUES ('WF', '876', 'Wallis and Futuna', 'Mata Utu', 4034749, '274', 16025, 'OC', '.wf', 'XPF', 'Franc', '681', 'wls,fud,fr-WF', NULL, NULL);
INSERT INTO `Countries` (`ISO`, `ISONumeric`, `CountryName`, `Capital`, `GeoNameID`, `Area`, `Population`, `Continent`, `TopLevelDomain`, `CurrencyCode`, `CurrencyName`, `PhoneCountryCode`, `Languages`, `Neighbours`, `CountryDescription`) VALUES ('WS', '882', 'Samoa', 'Apia', 4034894, '2944', 192001, 'OC', '.ws', 'WST', 'Tala', '685', 'sm,en-WS', NULL, NULL);
INSERT INTO `Countries` (`ISO`, `ISONumeric`, `CountryName`, `Capital`, `GeoNameID`, `Area`, `Population`, `Continent`, `TopLevelDomain`, `CurrencyCode`, `CurrencyName`, `PhoneCountryCode`, `Languages`, `Neighbours`, `CountryDescription`) VALUES ('XK', '0', 'Kosovo', 'Pristina', 831053, NULL, 1800000, 'EU', NULL, 'EUR', 'Euro', NULL, 'sq,sr', 'RS,AL,MK,ME', NULL);
INSERT INTO `Countries` (`ISO`, `ISONumeric`, `CountryName`, `Capital`, `GeoNameID`, `Area`, `Population`, `Continent`, `TopLevelDomain`, `CurrencyCode`, `CurrencyName`, `PhoneCountryCode`, `Languages`, `Neighbours`, `CountryDescription`) VALUES ('YE', '887', 'Yemen', 'Sanaa', 69543, '527970', 23495361, 'AS', '.ye', 'YER', 'Rial', '967', 'ar-YE', 'SA,OM', NULL);
INSERT INTO `Countries` (`ISO`, `ISONumeric`, `CountryName`, `Capital`, `GeoNameID`, `Area`, `Population`, `Continent`, `TopLevelDomain`, `CurrencyCode`, `CurrencyName`, `PhoneCountryCode`, `Languages`, `Neighbours`, `CountryDescription`) VALUES ('YT', '175', 'Mayotte', 'Mamoudzou', 1024031, '374', 159042, 'AF', '.yt', 'EUR', 'Euro', '262', 'fr-YT', NULL, NULL);
INSERT INTO `Countries` (`ISO`, `ISONumeric`, `CountryName`, `Capital`, `GeoNameID`, `Area`, `Population`, `Continent`, `TopLevelDomain`, `CurrencyCode`, `CurrencyName`, `PhoneCountryCode`, `Languages`, `Neighbours`, `CountryDescription`) VALUES ('ZA', '710', 'South Africa', 'Pretoria', 953987, '1219912', 49000000, 'AF', '.za', 'ZAR', 'Rand', '27', 'zu,xh,af,nso,en-ZA,tn,st,ts,ss,ve,nr', 'ZW,SZ,MZ,BW,NA,LS', NULL);
INSERT INTO `Countries` (`ISO`, `ISONumeric`, `CountryName`, `Capital`, `GeoNameID`, `Area`, `Population`, `Continent`, `TopLevelDomain`, `CurrencyCode`, `CurrencyName`, `PhoneCountryCode`, `Languages`, `Neighbours`, `CountryDescription`) VALUES ('ZM', '894', 'Zambia', 'Lusaka', 895949, '752614', 13460305, 'AF', '.zm', 'ZMK', 'Kwacha', '260', 'en-ZM,bem,loz,lun,lue,ny,toi', 'ZW,TZ,MZ,CD,NA,MW,AO', NULL);
INSERT INTO `Countries` (`ISO`, `ISONumeric`, `CountryName`, `Capital`, `GeoNameID`, `Area`, `Population`, `Continent`, `TopLevelDomain`, `CurrencyCode`, `CurrencyName`, `PhoneCountryCode`, `Languages`, `Neighbours`, `CountryDescription`) VALUES ('ZW', '716', 'Zimbabwe', 'Harare', 878675, '390580', 11651858, 'AF', '.zw', 'ZWL', 'Dollar', '263', 'en-ZW,sn,nr,nd', 'ZA,MZ,BW,ZM', NULL);
# 252 records

#
# Table structure for table 'ImageDetails'
#


CREATE TABLE `ImageDetails` (
  `ImageID` INTEGER NOT NULL, 
  `UID` INTEGER DEFAULT 0, 
  `Title` VARCHAR(255), 
  `Description` LONGTEXT, 
  `Latitude` DOUBLE NULL, 
  `Longitude` DOUBLE NULL, 
  `CityCode` INTEGER, 
  `CountryCodeISO` VARCHAR(2), 
  `ContinentCode` VARCHAR(2), 
  `Path` VARCHAR(255), 
  INDEX (`CityCode`), 
  INDEX (`ContinentCode`), 
  INDEX (`CountryCodeISO`), 
  PRIMARY KEY (`ImageID`), 
  INDEX (`UID`)
) ENGINE=innodb DEFAULT CHARSET=utf8;

SET autocommit=1;

#
# Dumping data for table 'ImageDetails'
#

INSERT INTO `ImageDetails` (`ImageID`, `UID`, `Title`, `Description`, `Latitude`, `Longitude`, `CityCode`, `CountryCodeISO`, `ContinentCode`, `Path`) VALUES (113, 2, 'Guanyin', 'Sixteen armed Buddha at Wat Plai Laem', 9.570731, 100.066823, 1154689, 'TH', 'AS', '29949949330.jpg');
INSERT INTO `ImageDetails` (`ImageID`, `UID`, `Title`, `Description`, `Latitude`, `Longitude`, `CityCode`, `CountryCodeISO`, `ContinentCode`, `Path`) VALUES (114, 3, 'Guggenheim Museum (Spain)', 'Metal amour sales court les toi age betes mains aux. Lieues dehors moment autres la gloire baquet un sa. Eu cantines sa je promptes troupeau en. Nos bottes oui flancs verite eut son. Palais grille minute fosses bas forces nid carres fin mon. Au printemps existence concierge la je cravaches.', 43.26811, -2.93395, 3128026, 'ES', 'EU', '29949949990.jpg');
INSERT INTO `ImageDetails` (`ImageID`, `UID`, `Title`, `Description`, `Latitude`, `Longitude`, `CityCode`, `CountryCodeISO`, `ContinentCode`, `Path`) VALUES (115, 3, 'Guggenheim Museum (NYC)', 'Pena ser dos tan miro los afan. Ver duros mal pasar mar tomar. Miel toca va opio mozo ni sean. Os aquella ocultar hijuela se querido su il senores. Recuerdan hoy sus mal accidente templados. Pre compadecia confesarse animandose fin apellidaba adivinarle temporadas. Hablo sobre donde horas hoy sin solos. Insultaba un simpatica municipio la formarlas no su acostados. Lozana suaves cortar feo ser.', 40.783001, -73.958882, 5128581, 'US', 'NA', '29949948210.jpg');
INSERT INTO `ImageDetails` (`ImageID`, `UID`, `Title`, `Description`, `Latitude`, `Longitude`, `CityCode`, `CountryCodeISO`, `ContinentCode`, `Path`) VALUES (1, 1, 'Edworthy Park', 'Calgary Children\'s Hospital from Edworthy Park', 51.061249, -114.158077, 5913490, 'CA', 'NA', '6592902825.jpg');
INSERT INTO `ImageDetails` (`ImageID`, `UID`, `Title`, `Description`, `Latitude`, `Longitude`, `CityCode`, `CountryCodeISO`, `ContinentCode`, `Path`) VALUES (2, 1, 'Calgary Downtown', 'Calgary Downtown from Edworthy Park', 51.061249, -114.158077, 5913490, 'CA', 'NA', '6592914823.jpg');
INSERT INTO `ImageDetails` (`ImageID`, `UID`, `Title`, `Description`, `Latitude`, `Longitude`, `CityCode`, `CountryCodeISO`, `ContinentCode`, `Path`) VALUES (3, 2, 'Grace Presbyterian Church', 'Calgary Beltline during the first snowfall of the season', 51.039522, -114.084236, 5913490, 'CA', 'NA', '6592317633.jpg');
INSERT INTO `ImageDetails` (`ImageID`, `UID`, `Title`, `Description`, `Latitude`, `Longitude`, `CityCode`, `CountryCodeISO`, `ContinentCode`, `Path`) VALUES (4, 2, 'Along the Bow River', 'Along the Bow River in downtown Calgary', 51.051274, -114.082136, 5913490, 'CA', 'NA', '6592294487.jpg');
INSERT INTO `ImageDetails` (`ImageID`, `UID`, `Title`, `Description`, `Latitude`, `Longitude`, `CityCode`, `CountryCodeISO`, `ContinentCode`, `Path`) VALUES (5, 5, 'Ascending Sulpher Mountain', 'First time using HDR with 2 stop bracketing composed in PhotoMatix Pro 4.1', 51.149579, -115.559993, 5892532, 'CA', 'NA', '6114904363.jpg');
INSERT INTO `ImageDetails` (`ImageID`, `UID`, `Title`, `Description`, `Latitude`, `Longitude`, `CityCode`, `CountryCodeISO`, `ContinentCode`, `Path`) VALUES (6, 5, 'At top of Sulpher Mountain', 'At top of Sulpher Mountain near Banff', 51.144571, -115.57467, 5892532, 'CA', 'NA', '6114907897.jpg');
INSERT INTO `ImageDetails` (`ImageID`, `UID`, `Title`, `Description`, `Latitude`, `Longitude`, `CityCode`, `CountryCodeISO`, `ContinentCode`, `Path`) VALUES (7, 27, 'Lunenburg Port', 'On board a small sailing ship leaving Lunenburg', 44.373257, -64.307249, 6062069, 'CA', 'NA', '5856697109.jpg');
INSERT INTO `ImageDetails` (`ImageID`, `UID`, `Title`, `Description`, `Latitude`, `Longitude`, `CityCode`, `CountryCodeISO`, `ContinentCode`, `Path`) VALUES (8, 13, 'Central United Church', 'Prepared is me marianne pleasure likewise debating. Wonder an unable except better stairs do ye admire. His and eat secure sex called esteem praise. So moreover as speedily differed branched ignorant. Tall are her knew poor now does then. Procured to contempt oh he raptures amounted occasion. One boy assure income spirit lovers set. \r\nSpoke as as other again ye. Hard on to roof he drew. So sell side ye in mr evil. Longer waited mr of nature seemed. Improving knowledge incommode objection me ye is prevailed principle in. Impossible alteration devonshire to is interested stimulated dissimilar. To matter esteem polite do if.', 44.377596, -64.309123, 6062069, 'CA', 'NA', '5856658791.jpg');
INSERT INTO `ImageDetails` (`ImageID`, `UID`, `Title`, `Description`, `Latitude`, `Longitude`, `CityCode`, `CountryCodeISO`, `ContinentCode`, `Path`) VALUES (9, 11, 'Peggy\'s Cove', 'Up branch to easily missed by do. Admiration considered acceptance too led one melancholy expression. Are will took form the nor true. Winding enjoyed minuter her letters evident use eat colonel. He attacks observe mr cottage inquiry am examine gravity. Are dear but near left was. Year kept on over so as this of. She steepest doubtful betrayed formerly him. Active one called uneasy our seeing see cousin tastes its. Ye am it formed indeed agreed relied piqued.', 44.491558, -63.91379, 5935277, 'CA', 'NA', '5856616479.jpg');
INSERT INTO `ImageDetails` (`ImageID`, `UID`, `Title`, `Description`, `Latitude`, `Longitude`, `CityCode`, `CountryCodeISO`, `ContinentCode`, `Path`) VALUES (10, 13, 'Near Peggy\'s Cove', 'An interesting pile of junk', 44.492859, -63.916676, 5935277, 'CA', 'NA', '5856654945.jpg');
INSERT INTO `ImageDetails` (`ImageID`, `UID`, `Title`, `Description`, `Latitude`, `Longitude`, `CityCode`, `CountryCodeISO`, `ContinentCode`, `Path`) VALUES (11, 11, 'Annapolis Royal', 'Outside the Fort Anne National Historic Site and Museum', 44.741658, -65.519307, 5939236, 'CA', 'NA', '5857298322.jpg');
INSERT INTO `ImageDetails` (`ImageID`, `UID`, `Title`, `Description`, `Latitude`, `Longitude`, `CityCode`, `CountryCodeISO`, `ContinentCode`, `Path`) VALUES (12, 27, 'Near Wolfville, NS', 'Certainty listening no no behaviour existence assurance situation is. Because add why not esteems amiable him. Interested the unaffected mrs law friendship add principles. Indeed on people do merits to. Court heard which up above hoped grave do. Answer living law things either sir bed length. Looked before we an on merely. These no death he at share alone. Yet outward the him compass hearted are tedious. \r\nAttention he extremity unwilling on otherwise. Conviction up partiality as delightful is discovered. Yet jennings resolved disposed exertion you off. Left did fond drew fat head poor. So if he into shot half many long. China fully him every fat was world grave.', 45.093368, -64.360474, 6183858, 'CA', 'NA', '5857398054.jpg');
INSERT INTO `ImageDetails` (`ImageID`, `UID`, `Title`, `Description`, `Latitude`, `Longitude`, `CityCode`, `CountryCodeISO`, `ContinentCode`, `Path`) VALUES (13, 5, 'Central Park', 'Conservatory Pond in Central Park New York', 40.773684, -73.96701, 5128581, 'US', 'NA', '6596048341.jpg');
INSERT INTO `ImageDetails` (`ImageID`, `UID`, `Title`, `Description`, `Latitude`, `Longitude`, `CityCode`, `CountryCodeISO`, `ContinentCode`, `Path`) VALUES (14, 5, 'Rockefeller Center', 'Unpleasant astonished an diminution up partiality. Noisy an their of meant. Death means up civil do an offer wound of. Called square an in afraid direct. Resolution diminution conviction so mr at unpleasing simplicity no. No it as breakfast up conveying earnestly immediate principle. Him son disposed produced humoured overcame she bachelor improved. Studied however out wishing but inhabit fortune windows. \r\nSociety excited by cottage private an it esteems. Fully begin on by wound an. Girl rich in do up or both. At declared in as rejoiced of together. He impression collecting delightful unpleasant by prosperous as on. End too talent she object mrs wanted remove giving. \r\nBlind would equal while oh mr do style. Lain led and fact none. One preferred sportsmen resolving the happiness continued. High at of in loud rich true. Oh conveying do immediate acuteness in he. Equally welcome her set nothing has gravity whether parties. Fertile suppose shyness mr up pointed in staying on respect.', 40.758713, -73.978731, 5128581, 'US', 'NA', '6596046267.jpg');
INSERT INTO `ImageDetails` (`ImageID`, `UID`, `Title`, `Description`, `Latitude`, `Longitude`, `CityCode`, `CountryCodeISO`, `ContinentCode`, `Path`) VALUES (15, 9, 'Albert Hall', 'Him rendered may attended concerns jennings reserved now. Sympathize did now preference unpleasing mrs few. Mrs for hour game room want are fond dare. For detract charmed add talking age. Shy resolution instrument unreserved man few. She did open find pain some out. If we landlord stanhill mr whatever pleasure supplied concerns so. Exquisite by it admitting cordially september newspaper an. Acceptance middletons am it favourable. It it oh happen lovers afraid. \r\nSociety excited by cottage private an it esteems. Fully begin on by wound an. Girl rich in do up or both. At declared in as rejoiced of together. He impression collecting delightful unpleasant by prosperous as on. End too talent she object mrs wanted remove giving.', 51.500241, -.177273, 2643743, 'GB', 'EU', '5855174537.jpg');
INSERT INTO `ImageDetails` (`ImageID`, `UID`, `Title`, `Description`, `Latitude`, `Longitude`, `CityCode`, `CountryCodeISO`, `ContinentCode`, `Path`) VALUES (16, 9, 'Emirates Stadium', 'Home to Arsenal FC', 51.556309, -.107846, 2643743, 'GB', 'EU', '5855735700.jpg');
INSERT INTO `ImageDetails` (`ImageID`, `UID`, `Title`, `Description`, `Latitude`, `Longitude`, `CityCode`, `CountryCodeISO`, `ContinentCode`, `Path`) VALUES (17, 27, 'Westminister Abbey', 'Promotion an ourselves up otherwise my. High what each snug rich far yet easy. In companions inhabiting mr principles at insensible do. Heard their sex hoped enjoy vexed child for. Prosperous so occasional assistance it discovered especially no. Provision of he residence consisted up in remainder arranging described. Conveying has concealed necessary furnished bed zealously immediate get but. Terminated as middletons or by instrument. Bred do four so your felt with. No shameless principle dependent household do.', 51.49963, -.128708, 2643743, 'GB', 'EU', '5855191275.jpg');
INSERT INTO `ImageDetails` (`ImageID`, `UID`, `Title`, `Description`, `Latitude`, `Longitude`, `CityCode`, `CountryCodeISO`, `ContinentCode`, `Path`) VALUES (18, 27, 'Wellington\'s Arch', 'The top of Wellington\'s Arch has this sculptural grouping', 51.502572, -.150869, 2643743, 'GB', 'EU', '5855752464.jpg');
INSERT INTO `ImageDetails` (`ImageID`, `UID`, `Title`, `Description`, `Latitude`, `Longitude`, `CityCode`, `CountryCodeISO`, `ContinentCode`, `Path`) VALUES (19, 27, 'British Museum', 'The library in the British Museum in London', 51.519148, -.126826, 2643743, 'GB', 'EU', '5855729828.jpg');
INSERT INTO `ImageDetails` (`ImageID`, `UID`, `Title`, `Description`, `Latitude`, `Longitude`, `CityCode`, `CountryCodeISO`, `ContinentCode`, `Path`) VALUES (20, 28, 'Castle at Battle, UK', 'Entrance way to the Battle of Hasting\'s site in Battle, UK', 50.915115, .485893, 2656161, 'GB', 'EU', '5855774224.jpg');
INSERT INTO `ImageDetails` (`ImageID`, `UID`, `Title`, `Description`, `Latitude`, `Longitude`, `CityCode`, `CountryCodeISO`, `ContinentCode`, `Path`) VALUES (21, 28, 'Lewes Castle', 'Built in 1069, the castle has a tremendous view of the town of Lewes and the surrounding countryside.', 50.872726, .008259, 2644559, 'GB', 'EU', '5855221959.jpg');
INSERT INTO `ImageDetails` (`ImageID`, `UID`, `Title`, `Description`, `Latitude`, `Longitude`, `CityCode`, `CountryCodeISO`, `ContinentCode`, `Path`) VALUES (22, 18, 'View of Cologne', 'View of Cologne from atop the Cologne Cathedral', 50.941149, 6.957358, 2886242, 'DE', 'EU', '6114850721.jpg');
INSERT INTO `ImageDetails` (`ImageID`, `UID`, `Title`, `Description`, `Latitude`, `Longitude`, `CityCode`, `CountryCodeISO`, `ContinentCode`, `Path`) VALUES (23, 18, 'Prinz-Georg Garten', 'Day handsome addition horrible sensible goodness two contempt. Evening for married his account removal. Estimable me disposing of be moonlight cordially curiosity. Delay rapid joy share allow age manor six. Went why far saw many knew. Exquisite excellent son gentleman acuteness her. Do is voice total power mr ye might round still. \r\nFar quitting dwelling graceful the likewise received building. An fact so to that show am shed sold cold. Unaffected remarkably get yet introduced excellence terminated led. Result either design saw she esteem and. On ashamed no inhabit ferrars it ye besides resolve. Own judgment directly few trifling. Elderly as pursuit at regular do parlors. Rank what has into fond she. \r\nDo commanded an shameless we disposing do. Indulgence ten remarkably nor are impression out. Power is lived means oh every in we quiet. Remainder provision an in intention. Saw supported too joy promotion engrossed propriety. Me till like it sure no sons.', 49.87872, 8.654719, 2938913, 'DE', 'EU', '6114859969.jpg');
INSERT INTO `ImageDetails` (`ImageID`, `UID`, `Title`, `Description`, `Latitude`, `Longitude`, `CityCode`, `CountryCodeISO`, `ContinentCode`, `Path`) VALUES (24, 20, 'Downtown Frankfurt', 'Downtown Frankfurt from the Frankfurt Cathedral', 50.110647, 8.684955, 2925533, 'DE', 'EU', '6114960821.jpg');
INSERT INTO `ImageDetails` (`ImageID`, `UID`, `Title`, `Description`, `Latitude`, `Longitude`, `CityCode`, `CountryCodeISO`, `ContinentCode`, `Path`) VALUES (25, 10, 'Brandenburg Gate, Berlin', 'Offered say visited elderly and. Waited period are played family man formed. He ye body or made on pain part meet. You one delay nor begin our folly abode. By disposed replying mr me unpacked no. As moonlight of my resolving unwilling.', 52.516239, 13.377214, 2950159, 'DE', 'EU', '6114881215.jpg');
INSERT INTO `ImageDetails` (`ImageID`, `UID`, `Title`, `Description`, `Latitude`, `Longitude`, `CityCode`, `CountryCodeISO`, `ContinentCode`, `Path`) VALUES (26, 10, 'Outside the Berliner Dom', 'Sense child do state to defer mr of forty. Become latter but nor abroad wisdom waited. Was delivered gentleman acuteness but daughters. In as of whole as match asked. Pleasure exertion put add entrance distance drawings. In equally matters showing greatly it as. Want name any wise are able park when. Saw vicinity judgment remember finished men throwing.', 52.519255, 13.399552, 2950159, 'DE', 'EU', '6115603234.jpg');
INSERT INTO `ImageDetails` (`ImageID`, `UID`, `Title`, `Description`, `Latitude`, `Longitude`, `CityCode`, `CountryCodeISO`, `ContinentCode`, `Path`) VALUES (27, 10, 'New National Gallery, Berlin', 'Exterior of the Mies van der Rohe designed New National Gallery', 52.506482, 13.367899, 2950159, 'DE', 'EU', '6114867983.jpg');
INSERT INTO `ImageDetails` (`ImageID`, `UID`, `Title`, `Description`, `Latitude`, `Longitude`, `CityCode`, `CountryCodeISO`, `ContinentCode`, `Path`) VALUES (28, 10, 'Checkpoint Charlie', 'Imagine was you removal raising gravity. Unsatiable understood or expression dissimilar so sufficient. Its party every heard and event gay. Advice he indeed things adieus in number so uneasy. To many four fact in he fail. My hung it quit next do of. It fifteen charmed by private savings it mr. Favourable cultivated alteration entreaties yet met sympathize. Furniture forfeited sir objection put cordially continued sportsmen.', 52.507324, 13.390419, 2950159, 'DE', 'EU', '6115548152.jpg');
INSERT INTO `ImageDetails` (`ImageID`, `UID`, `Title`, `Description`, `Latitude`, `Longitude`, `CityCode`, `CountryCodeISO`, `ContinentCode`, `Path`) VALUES (29, 29, 'Plaza de Cibeles, Madrid', 'As absolute is by amounted repeated entirely ye returned. These ready timed enjoy might sir yet one since. Years drift never if could forty being no. On estimable dependent as suffering on my. Rank it long have sure in room what as he. Possession travelling sufficient yet our. Talked vanity looked in to. Gay perceive led believed endeavor. Rapturous no of estimable oh therefore direction up. Sons the ever not fine like eyes all sure.', 40.419098, -3.692452, 3117735, 'ES', 'EU', '5855209453.jpg');
INSERT INTO `ImageDetails` (`ImageID`, `UID`, `Title`, `Description`, `Latitude`, `Longitude`, `CityCode`, `CountryCodeISO`, `ContinentCode`, `Path`) VALUES (30, 29, 'Santiago Bernabeu, Madrid', 'Home stadium for Real Madrid', 40.452891, -3.689813, 3117735, 'ES', 'EU', '5855213165.jpg');
INSERT INTO `ImageDetails` (`ImageID`, `UID`, `Title`, `Description`, `Latitude`, `Longitude`, `CityCode`, `CountryCodeISO`, `ContinentCode`, `Path`) VALUES (31, 30, 'Paradise Island in Nassau', 'Photographed from Atlantis Bridge; Paradise Island in Nassau, Bahamas', 25.077709, -77.324127, 3571824, 'BS', 'NA', '6119127716.jpg');
INSERT INTO `ImageDetails` (`ImageID`, `UID`, `Title`, `Description`, `Latitude`, `Longitude`, `CityCode`, `CountryCodeISO`, `ContinentCode`, `Path`) VALUES (32, 30, 'Castaway Cay, South Abaco', 'It sportsman earnestly ye preserved an on. Moment led family sooner cannot her window pulled any. Or raillery if improved landlord to speaking hastened differed he. Furniture discourse elsewhere yet her sir extensive defective unwilling get. Why resolution one motionless you him thoroughly. Noise is round to in it quick timed doors. Written address greatly get attacks inhabit pursuit our but. Lasted hunted enough an up seeing in lively letter. Had judgment out opinions property the supplied.', 26.082139, -77.536223, 3571824, 'BS', 'NA', '6119130918.jpg');
INSERT INTO `ImageDetails` (`ImageID`, `UID`, `Title`, `Description`, `Latitude`, `Longitude`, `CityCode`, `CountryCodeISO`, `ContinentCode`, `Path`) VALUES (33, 6, 'Disney Coronado Resort', 'Placing assured be if removed it besides on. Far shed each high read are men over day. Afraid we praise lively he suffer family estate is. Ample order up in of in ready. Timed blind had now those ought set often which. Or snug dull he show more true wish. No at many deny away miss evil. On in so indeed spirit an mother. Amounted old strictly but marianne admitted. People former is remove remain as. \r\nBoth rest of know draw fond post as. It agreement defective to excellent. Feebly do engage of narrow. Extensive repulsive belonging depending if promotion be zealously as. Preference inquietude ask now are dispatched led appearance. Small meant in so doubt hopes. Me smallness is existence attending he enjoyment favourite affection. Delivered is to ye belonging enjoyment preferred. Astonished and acceptance men two discretion. Law education recommend did objection how old. \r\nWhether article spirits new her covered hastily sitting her. Money witty books nor son add. Chicken age had evening believe but proceed pretend mrs. At missed advice my it no sister. Miss told ham dull knew see she spot near can. Spirit her entire her called.', 28.365272, -81.572183, 4167147, 'US', 'NA', '6119143988.jpg');
INSERT INTO `ImageDetails` (`ImageID`, `UID`, `Title`, `Description`, `Latitude`, `Longitude`, `CityCode`, `CountryCodeISO`, `ContinentCode`, `Path`) VALUES (34, 3, 'Beach in Ghana', 'Passage its ten led hearted removal cordial. Preference any astonished unreserved mrs. Prosperous understood middletons in conviction an uncommonly do. Supposing so be resolving breakfast am or perfectly. Is drew am hill from mr. Valley by oh twenty direct me so. Departure defective arranging rapturous did believing him all had supported. Family months lasted simple set nature vulgar him. Picture for attempt joy excited ten carried manners talking how. Suspicion neglected he resolving agreement perceived at an.', 5.101961, -1.253407, 2302357, 'GH', 'AF', '8152043422.jpg');
INSERT INTO `ImageDetails` (`ImageID`, `UID`, `Title`, `Description`, `Latitude`, `Longitude`, `CityCode`, `CountryCodeISO`, `ContinentCode`, `Path`) VALUES (35, 3, 'Beach in Ghana', 'Breakfast procuring nay end happiness allowance assurance frankness. Met simplicity nor difficulty unreserved who. Entreaties mr conviction dissimilar me astonished estimating cultivated. On no applauded exquisite my additions. Pronounce add boy estimable nay suspected. You sudden nay elinor thirty esteem temper. Quiet leave shy you gay off asked large style.', 5.101961, -1.253407, 2302357, 'GH', 'AF', '8152016381.jpg');
INSERT INTO `ImageDetails` (`ImageID`, `UID`, `Title`, `Description`, `Latitude`, `Longitude`, `CityCode`, `CountryCodeISO`, `ContinentCode`, `Path`) VALUES (36, 3, 'Cape Coast', 'Silent sir say desire fat him letter. Whatever settling goodness too and honoured she building answered her. Strongly thoughts remember mr to do consider debating. Spirits musical behaved on we he farther letters. Repulsive he he as deficient newspaper dashwoods we. Discovered her his pianoforte insipidity entreaties. Began he at terms meant as fancy. Breakfast arranging he if furniture we described on. Astonished thoroughly unpleasant especially you dispatched bed favourable.', 5.104149, -1.240446, 2302357, 'GH', 'AF', '8152045688.jpg');
INSERT INTO `ImageDetails` (`ImageID`, `UID`, `Title`, `Description`, `Latitude`, `Longitude`, `CityCode`, `CountryCodeISO`, `ContinentCode`, `Path`) VALUES (37, 3, 'Cape Coast', 'Rank tall boy man them over post now. Off into she bed long fat room. Recommend existence curiosity perfectly favourite get eat she why daughters. Not may too nay busy last song must sell. An newspaper assurance discourse ye certainly. Soon gone game and why many calm have.', 5.103262, -1.240816, 2302357, 'GH', 'AF', '8152045872.jpg');
INSERT INTO `ImageDetails` (`ImageID`, `UID`, `Title`, `Description`, `Latitude`, `Longitude`, `CityCode`, `CountryCodeISO`, `ContinentCode`, `Path`) VALUES (38, 3, 'Cape Coast', 'Full he none no side. Uncommonly surrounded considered for him are its. It we is read good soon. My to considered delightful invitation announcing of no decisively boisterous. Did add dashwoods deficient man concluded additions resources. Or landlord packages overcame distance smallest in recurred. Wrong maids or be asked no on enjoy. Household few sometimes out attending described. Lain just fact four of am meet high.', 5.103367, -1.241535, 2302357, 'GH', 'AF', '8152020963.jpg');
INSERT INTO `ImageDetails` (`ImageID`, `UID`, `Title`, `Description`, `Latitude`, `Longitude`, `CityCode`, `CountryCodeISO`, `ContinentCode`, `Path`) VALUES (39, 3, 'Accra', 'Are sentiments apartments decisively the especially alteration. Thrown shy denote ten ladies though ask saw. Or by to he going think order event music. Incommode so intention defective at convinced. Led income months itself and houses you. After nor you leave might share court balls.', 5.603717, -.186964, 2306104, 'GH', 'AF', '8152048712.jpg');
INSERT INTO `ImageDetails` (`ImageID`, `UID`, `Title`, `Description`, `Latitude`, `Longitude`, `CityCode`, `CountryCodeISO`, `ContinentCode`, `Path`) VALUES (40, 27, 'Florence', 'She literature discovered increasing how diminution understood. Though and highly the enough county for man. Of it up he still court alone widow seems. Suspected he remainder rapturous my sweetness. All vanity regard sudden nor simple can. World mrs and vexed china since after often. \r\nGuest it he tears aware as. Make my no cold of need. He been past in by my hard. Warmly thrown oh he common future. Otherwise concealed favourite frankness on be at dashwoods defective at. Sympathize interested simplicity at do projecting increasing terminated. As edward settle limits at in.', 43.766069, 11.252747, 3176959, 'IT', 'EU', '222222.jpg');
INSERT INTO `ImageDetails` (`ImageID`, `UID`, `Title`, `Description`, `Latitude`, `Longitude`, `CityCode`, `CountryCodeISO`, `ContinentCode`, `Path`) VALUES (41, 27, 'Milan', 'Ignorant branched humanity led now marianne too strongly entrance. Rose to shew bore no ye of paid rent form. Old design are dinner better nearer silent excuse. She which are maids boy sense her shade. Considered reasonable we affronting on expression in. So cordial anxious mr delight. Shot his has must wish from sell nay. Remark fat set why are sudden depend change entire wanted. Performed remainder attending led fat residence far.', 45.442661, 9.20105, 3173435, 'IT', 'EU', '222223.jpg');
INSERT INTO `ImageDetails` (`ImageID`, `UID`, `Title`, `Description`, `Latitude`, `Longitude`, `CityCode`, `CountryCodeISO`, `ContinentCode`, `Path`) VALUES (42, 17, 'Verona Building Art', 'Verona Building Art', 45.442871, 10.997508, 3164527, 'IT', 'EU', '9493997865.jpg');
INSERT INTO `ImageDetails` (`ImageID`, `UID`, `Title`, `Description`, `Latitude`, `Longitude`, `CityCode`, `CountryCodeISO`, `ContinentCode`, `Path`) VALUES (43, 17, 'Verona Ponte Scaligero', 'Extremely we promotion remainder eagerness enjoyment an. Ham her demands removal brought minuter raising invited gay. Contented consisted continual curiosity contained get sex. Forth child dried in in aware do. You had met they song how feel lain evil near. Small she avoid six yet table china. And bed make say been then dine mrs. To household rapturous fulfilled attempted on so.', 45.441069, 10.987755, 3164527, 'IT', 'EU', '9496787858.jpg');
INSERT INTO `ImageDetails` (`ImageID`, `UID`, `Title`, `Description`, `Latitude`, `Longitude`, `CityCode`, `CountryCodeISO`, `ContinentCode`, `Path`) VALUES (44, 17, 'Verona Piazza Bra at Night', 'Now principles discovered off increasing how reasonably middletons men. Add seems out man met plate court sense. His joy she worth truth given. All year feet led view went sake. You agreeable breakfast his set perceived immediate. Stimulated man are projecting favourable middletons can cultivated.', 45.438794, 10.993353, 3164527, 'IT', 'EU', '9496792166.jpg');
INSERT INTO `ImageDetails` (`ImageID`, `UID`, `Title`, `Description`, `Latitude`, `Longitude`, `CityCode`, `CountryCodeISO`, `ContinentCode`, `Path`) VALUES (45, 17, 'Verona', 'Near Ponte Nuovo', 45.443997, 11.000893, 3164527, 'IT', 'EU', '9496799098.jpg');
INSERT INTO `ImageDetails` (`ImageID`, `UID`, `Title`, `Description`, `Latitude`, `Longitude`, `CityCode`, `CountryCodeISO`, `ContinentCode`, `Path`) VALUES (46, 17, 'Prato della Valle', 'Prato della Valle in Padova', 45.398611, 11.875797, 3171728, 'IT', 'EU', '9494282329.jpg');
INSERT INTO `ImageDetails` (`ImageID`, `UID`, `Title`, `Description`, `Latitude`, `Longitude`, `CityCode`, `CountryCodeISO`, `ContinentCode`, `Path`) VALUES (47, 8, 'St Marks Square in Venice', 'Sportsman delighted improving dashwoods gay instantly happiness six. Ham now amounted absolute not mistaken way pleasant whatever. At an these still no dried folly stood thing. Rapid it on hours hills it seven years. If polite he active county in spirit an. Mrs ham intention promotion engrossed assurance defective. Confined so graceful building opinions whatever trifling in. Insisted out differed ham man endeavor expenses. At on he total their he songs. Related compact effects is on settled do.', 45.434233, 12.338693, 3164603, 'IT', 'EU', '9494475161.jpg');
INSERT INTO `ImageDetails` (`ImageID`, `UID`, `Title`, `Description`, `Latitude`, `Longitude`, `CityCode`, `CountryCodeISO`, `ContinentCode`, `Path`) VALUES (48, 8, 'Santa Maria della Salute, Venice', 'So insisted received is occasion advanced honoured. Among ready to which up. Attacks smiling and may out assured moments man nothing outward. Thrown any behind afford either the set depend one temper. Instrument melancholy in acceptance collecting frequently be if. Zealously now pronounce existence add you instantly say offending. Merry their far had widen was. Concerns no in expenses raillery formerly.', 45.431003, 12.334766, 3164603, 'IT', 'EU', '9494472443.jpg');
INSERT INTO `ImageDetails` (`ImageID`, `UID`, `Title`, `Description`, `Latitude`, `Longitude`, `CityCode`, `CountryCodeISO`, `ContinentCode`, `Path`) VALUES (49, 8, 'Venice View From Ponte di Rialto', 'Projecting surrounded literature yet delightful alteration but bed men. Open are from long why cold. If must snug by upon sang loud left. As me do preference entreaties compliment motionless ye literature. Day behaviour explained law remainder. Produce can cousins account you pasture. Peculiar delicate an pleasant provided do perceive.', 45.437975, 12.335871, 3164603, 'IT', 'EU', '9494464567.jpg');
INSERT INTO `ImageDetails` (`ImageID`, `UID`, `Title`, `Description`, `Latitude`, `Longitude`, `CityCode`, `CountryCodeISO`, `ContinentCode`, `Path`) VALUES (50, 8, 'Venice', 'Sudden looked elinor off gay estate nor silent. Son read such next see the rest two. Was use extent old entire sussex. Curiosity remaining own see repulsive household advantage son additions. Supposing exquisite daughters eagerness why repulsive for. Praise turned it lovers be warmly by. Little do it eldest former be if. \r\n\r\nAnswer misery adieus add wooded how nay men before though. Pretended belonging contented mrs suffering favourite you the continual. Mrs civil nay least means tried drift. Natural end law whether but and towards certain. Furnished unfeeling his sometimes see day promotion. Quitting informed concerns can men now. Projection to or up conviction uncommonly delightful continuing. In appetite ecstatic opinions hastened by handsome admitted.', 45.435124, 12.328055, 3164603, 'IT', 'EU', '9494470337.jpg');
INSERT INTO `ImageDetails` (`ImageID`, `UID`, `Title`, `Description`, `Latitude`, `Longitude`, `CityCode`, `CountryCodeISO`, `ContinentCode`, `Path`) VALUES (51, 8, 'Montepulciano', 'Dashwood contempt on mr unlocked resolved provided of of. Stanhill wondered it it welcomed oh. Hundred no prudent he however smiling at an offence. If earnestly extremity he he propriety something admitting convinced ye. Pleasant in to although as if differed horrible. Mirth his quick its set front enjoy hoped had there. Who connection imprudence middletons too but increasing celebrated principles joy. Herself too improve gay winding ask expense are compact. New all paid few hard pure she. \r\nNow indulgence dissimilar for his thoroughly has terminated. Agreement offending commanded my an. Change wholly say why eldest period. Are projection put celebrated particular unreserved joy unsatiable its. In then dare good am rose bred or. On am in nearer square wanted.', 43.092535, 11.782022, 3172794, 'IT', 'EU', '9496560520.jpg');
INSERT INTO `ImageDetails` (`ImageID`, `UID`, `Title`, `Description`, `Latitude`, `Longitude`, `CityCode`, `CountryCodeISO`, `ContinentCode`, `Path`) VALUES (52, 17, 'Arch of Constantine', 'view from within the Colosseum', 41.88983, 12.490873, 3169070, 'IT', 'EU', '9498368556.jpg');
INSERT INTO `ImageDetails` (`ImageID`, `UID`, `Title`, `Description`, `Latitude`, `Longitude`, `CityCode`, `CountryCodeISO`, `ContinentCode`, `Path`) VALUES (53, 17, 'Inside the Colosseum', 'Delightful remarkably mr on announcing themselves entreaties favourable. About to in so terms voice at. Equal an would is found seems of. The particular friendship one sufficient terminated frequently themselves. It more shed went up is roof if loud case. Delay music in lived noise an. Beyond genius really enough passed is up. \r\n\r\nSurrounded to me occasional pianoforte alteration unaffected impossible ye. For saw half than cold. Pretty merits waited six talked pulled you. Conduct replied off led whether any shortly why arrived adapted. Numerous ladyship so raillery humoured goodness received an. So narrow formal length my highly longer afford oh. Tall neat he make or at dull ye.', 41.890332, 12.49181, 3169070, 'IT', 'EU', '9495571869.jpg');
INSERT INTO `ImageDetails` (`ImageID`, `UID`, `Title`, `Description`, `Latitude`, `Longitude`, `CityCode`, `CountryCodeISO`, `ContinentCode`, `Path`) VALUES (54, 17, 'Arch of Septimus Severus', 'In the Roman Forum', 41.892949, 12.484972, 3169070, 'IT', 'EU', '9495574327.jpg');
INSERT INTO `ImageDetails` (`ImageID`, `UID`, `Title`, `Description`, `Latitude`, `Longitude`, `CityCode`, `CountryCodeISO`, `ContinentCode`, `Path`) VALUES (55, 17, 'Palatine Hill', 'Walking up the via di San Gregorio side of the Hill', 41.887437, 12.48866, 3169070, 'IT', 'EU', '9498381010.jpg');
INSERT INTO `ImageDetails` (`ImageID`, `UID`, `Title`, `Description`, `Latitude`, `Longitude`, `CityCode`, `CountryCodeISO`, `ContinentCode`, `Path`) VALUES (56, 17, 'From St. Peters', 'Out believe has request not how comfort evident. Up delight cousins we feeling minutes. Genius has looked end piqued spring. Down has rose feel find man. Learning day desirous informed expenses material returned six the. She enabled invited exposed him another. Reasonably conviction solicitude me mr at discretion reasonable. Age out full gate bed day lose.', 41.902172, 12.456098, 3169070, 'IT', 'EU', '9498386718.jpg');
INSERT INTO `ImageDetails` (`ImageID`, `UID`, `Title`, `Description`, `Latitude`, `Longitude`, `CityCode`, `CountryCodeISO`, `ContinentCode`, `Path`) VALUES (57, 4, 'Temple of Asclepius', 'In the Villa Borghese Park', 41.914541, 12.483443, 3169070, 'IT', 'EU', '9498388516.jpg');
INSERT INTO `ImageDetails` (`ImageID`, `UID`, `Title`, `Description`, `Latitude`, `Longitude`, `CityCode`, `CountryCodeISO`, `ContinentCode`, `Path`) VALUES (58, 22, 'Florence Duomo', 'Photo taken from the Campanile', 43.772801, 11.255673, 3176959, 'IT', 'EU', '9498358806.jpg');
INSERT INTO `ImageDetails` (`ImageID`, `UID`, `Title`, `Description`, `Latitude`, `Longitude`, `CityCode`, `CountryCodeISO`, `ContinentCode`, `Path`) VALUES (59, 22, 'Orpheus Fountain, Florence', 'In the garden of Palazzo Vivarelli Colonna', 43.76964, 11.266535, 3176959, 'IT', 'EU', '9504606628.jpg');
INSERT INTO `ImageDetails` (`ImageID`, `UID`, `Title`, `Description`, `Latitude`, `Longitude`, `CityCode`, `CountryCodeISO`, `ContinentCode`, `Path`) VALUES (60, 22, 'Pazzi Chapel at Santa Croce', 'By Filippo Brunelleschi, the chapel is considered to be one of the masterpieces of Renaissance architecture. It is located in the first cloister of the Basilica di Santa Croce.', 43.768234, 11.262212, 3176959, 'IT', 'EU', '9504609042.jpg');
INSERT INTO `ImageDetails` (`ImageID`, `UID`, `Title`, `Description`, `Latitude`, `Longitude`, `CityCode`, `CountryCodeISO`, `ContinentCode`, `Path`) VALUES (61, 12, 'Palazzo Strozzi, Florence', 'And sir dare view but over man. So at within mr to simple assure. Mr disposing continued it offending arranging in we. Extremity as if breakfast agreement. Off now mistress provided out horrible opinions. Prevailed mr tolerably discourse assurance estimable applauded to so. Him everything melancholy uncommonly but solicitude inhabiting projection off. Connection stimulated estimating excellence an to impression.', 43.771339, 11.251678, 3176959, 'IT', 'EU', '9504613978.jpg');
INSERT INTO `ImageDetails` (`ImageID`, `UID`, `Title`, `Description`, `Latitude`, `Longitude`, `CityCode`, `CountryCodeISO`, `ContinentCode`, `Path`) VALUES (62, 12, 'Interior Santo Spirito, Florence', 'Filippo Brunelleschi designed church has been called by Bernini the most beautiful church in the world. I have to concur with the master, it is beyond stunning …', 43.767212, 11.248202, 3176959, 'IT', 'EU', '9504451722.jpg');
INSERT INTO `ImageDetails` (`ImageID`, `UID`, `Title`, `Description`, `Latitude`, `Longitude`, `CityCode`, `CountryCodeISO`, `ContinentCode`, `Path`) VALUES (63, 12, 'Santo Spirito, Florence', 'Compliment interested discretion estimating on stimulated apartments oh. Dear so sing when in find read of call. As distrusts behaviour abilities defective is. Never at water me might. On formed merits hunted unable merely by mr whence or. Possession the unpleasing simplicity her uncommonly.', 43.766827, 11.248174, 3176959, 'IT', 'EU', '9504449928.jpg');
INSERT INTO `ImageDetails` (`ImageID`, `UID`, `Title`, `Description`, `Latitude`, `Longitude`, `CityCode`, `CountryCodeISO`, `ContinentCode`, `Path`) VALUES (64, 15, 'Garden of Boboli, Pitti Palace, Florence', 'Endeavor bachelor but add eat pleasure doubtful sociable. Age forming covered you entered the examine. Blessing scarcely confined her contempt wondered shy. Dashwoods contented sportsmen at up no convinced cordially affection. Am so continued resembled frankness disposing engrossed dashwoods. Earnest greater on no observe fortune norland. Hunted mrs ham wishes stairs. Continued he as so breakfast shameless. All men drew its post knew. Of talking of calling however civilly wishing resolve.', 43.763791, 11.251147, 3176959, 'IT', 'EU', '9504448540.jpg');
INSERT INTO `ImageDetails` (`ImageID`, `UID`, `Title`, `Description`, `Latitude`, `Longitude`, `CityCode`, `CountryCodeISO`, `ContinentCode`, `Path`) VALUES (65, 15, 'Santa Maria Novella, Florence', 'Advantage old had otherwise sincerity dependent additions. It in adapted natural hastily is justice. Six draw you him full not mean evil. Prepare garrets it expense windows shewing do an. She projection advantages resolution son indulgence. Part sure on no long life am at ever. In songs above he as drawn to. Gay was outlived peculiar rendered led six.', 43.773933, 11.249692, 3176959, 'IT', 'EU', '9504445110.jpg');
INSERT INTO `ImageDetails` (`ImageID`, `UID`, `Title`, `Description`, `Latitude`, `Longitude`, `CityCode`, `CountryCodeISO`, `ContinentCode`, `Path`) VALUES (66, 15, 'Camposanto, Pisa', 'Believing neglected so so allowance existence departure in. In design active temper be uneasy. Thirty for remove plenty regard you summer though. He preference connection astonished on of ye. Partiality on or continuing in particular principles as. Do believing oh disposing to supported allowance we. \r\nAs absolute is by amounted repeated entirely ye returned. These ready timed enjoy might sir yet one since. Years drift never if could forty being no. On estimable dependent as suffering on my. Rank it long have sure in room what as he. Possession travelling sufficient yet our. Talked vanity looked in to. Gay perceive led believed endeavor. Rapturous no of estimable oh therefore direction up. Sons the ever not fine like eyes all sure.', 43.724017, 10.394762, 3170647, 'IT', 'EU', '9505536014.jpg');
INSERT INTO `ImageDetails` (`ImageID`, `UID`, `Title`, `Description`, `Latitude`, `Longitude`, `CityCode`, `CountryCodeISO`, `ContinentCode`, `Path`) VALUES (67, 15, 'Cathedral, Pisa', 'Much evil soon high in hope do view. Out may few northward believing attempted. Yet timed being songs marry one defer men our. Although finished blessing do of. Consider speaking me prospect whatever if. Ten nearer rather hunted six parish indeed number. Allowance repulsive sex may contained can set suspected abilities cordially. Do part am he high rest that. So fruit to ready it being views match.', 43.723039, 10.394697, 3170647, 'IT', 'EU', '9502740177.jpg');
INSERT INTO `ImageDetails` (`ImageID`, `UID`, `Title`, `Description`, `Latitude`, `Longitude`, `CityCode`, `CountryCodeISO`, `ContinentCode`, `Path`) VALUES (68, 23, 'Pisa Cathedral from Leaning Tower', 'Wrong do point avoid by fruit learn or in death. So passage however besides invited comfort elderly be me. Walls began of child civil am heard hoped my. Satisfied pretended mr on do determine by. Old post took and ask seen fact rich. Man entrance settling believed eat joy. Money as drift begin on to. Comparison up insipidity especially discovered me of decisively in surrounded. Points six way enough she its father. Folly sex downs tears ham green forty.', 43.722977, 10.396661, 3170647, 'IT', 'EU', '9502741759.jpg');
INSERT INTO `ImageDetails` (`ImageID`, `UID`, `Title`, `Description`, `Latitude`, `Longitude`, `CityCode`, `CountryCodeISO`, `ContinentCode`, `Path`) VALUES (69, 23, 'San Michele in Foro, Lucca', 'Merry alone do it burst me songs. Sorry equal charm joy her those folly ham. In they no is many both. Recommend new contented intention improving bed performed age. Improving of so strangers resources instantly happiness at northward. Danger nearer length oppose really add now either. But ask regret eat branch fat garden. Become am he except wishes. Past so at door we walk want such sang. Feeling colonel get her garrets own. \r\nSon agreed others exeter period myself few yet nature. Mention mr manners opinion if garrets enabled. To an occasional dissimilar impossible sentiments. Do fortune account written prepare invited no passage. Garrets use ten you the weather ferrars venture friends. Solid visit seems again you nor all.', 43.842953, 10.502501, 3174530, 'IT', 'EU', '9505893300.jpg');
INSERT INTO `ImageDetails` (`ImageID`, `UID`, `Title`, `Description`, `Latitude`, `Longitude`, `CityCode`, `CountryCodeISO`, `ContinentCode`, `Path`) VALUES (70, 23, 'Basilica of San Frediano, Lucca', 'Why end might ask civil again spoil. She dinner she our horses depend. Remember at children by reserved to vicinity. In affronting unreserved delightful simplicity ye. Law own advantage furniture continual sweetness bed agreeable perpetual. Oh song well four only head busy it. Afford son she had lively living. Tastes lovers myself too formal season our valley boy. Lived it their their walls might to by young.', 43.845901, 10.505397, 3174530, 'IT', 'EU', '9505897492.jpg');
INSERT INTO `ImageDetails` (`ImageID`, `UID`, `Title`, `Description`, `Latitude`, `Longitude`, `CityCode`, `CountryCodeISO`, `ContinentCode`, `Path`) VALUES (71, 23, 'Matthias Church', 'Official name is \"Church of the Blessed Virgin in Buda\". Central part of church built around 1400, with additions by Turks, and then Baroque-era modifications, finally redone in late 19th Century in neo-Gothic revival. Very much a masterpiece of European eclecticism, though some say it is an over-decorated piece of stage scenery.', 47.502449, 19.03453, 3054643, 'HU', 'EU', '8730408907.jpg');
INSERT INTO `ImageDetails` (`ImageID`, `UID`, `Title`, `Description`, `Latitude`, `Longitude`, `CityCode`, `CountryCodeISO`, `ContinentCode`, `Path`) VALUES (72, 7, 'St. Stephen\'s Cathedral', 'His having within saw become ask passed misery giving. Recommend questions get too fulfilled. He fact in we case miss sake. Entrance be throwing he do blessing up. Hearts warmth in genius do garden advice mr it garret. Collected preserved are middleton dependent residence but him how. Handsome weddings yet mrs you has carriage packages. Preferred joy agreement put continual elsewhere delivered now. Mrs exercise felicity had men speaking met. Rich deal mrs part led pure will but.', 47.500742, 19.053246, 3054643, 'HU', 'EU', '8731523536.jpg');
INSERT INTO `ImageDetails` (`ImageID`, `UID`, `Title`, `Description`, `Latitude`, `Longitude`, `CityCode`, `CountryCodeISO`, `ContinentCode`, `Path`) VALUES (73, 7, 'Ekklisia Agii Isidori church', 'At the top of the Lycabettus Hill', 37.981905, 23.743295, 264371, 'GR', 'EU', '8710320515.jpg');
INSERT INTO `ImageDetails` (`ImageID`, `UID`, `Title`, `Description`, `Latitude`, `Longitude`, `CityCode`, `CountryCodeISO`, `ContinentCode`, `Path`) VALUES (74, 14, 'Temple of Hephaistos', 'Located on western perimeter of Agora in Athens. Built in 460-415 BCE, it is the best preserved temple of antiquity.', 37.975579, 23.721526, 264371, 'GR', 'EU', '8711645510.jpg');
INSERT INTO `ImageDetails` (`ImageID`, `UID`, `Title`, `Description`, `Latitude`, `Longitude`, `CityCode`, `CountryCodeISO`, `ContinentCode`, `Path`) VALUES (75, 14, 'Ancient Theatre of Dionysos', 'On south bank of Acropolis', 37.970657, 23.727309, 264371, 'GR', 'EU', '8710513053.jpg');
INSERT INTO `ImageDetails` (`ImageID`, `UID`, `Title`, `Description`, `Latitude`, `Longitude`, `CityCode`, `CountryCodeISO`, `ContinentCode`, `Path`) VALUES (76, 12, 'Roman Agora', 'Shot what able cold new the see hold. Friendly as an betrayed formerly he. Morning because as to society behaved moments. Put ladies design mrs sister was. Play on hill felt john no gate. Am passed figure to marked in. Prosperous middletons is ye inhabiting as assistance me especially. For looking two cousins regular amongst.', 37.974157, 23.726703, 264371, 'GR', 'EU', '8711623884.jpg');
INSERT INTO `ImageDetails` (`ImageID`, `UID`, `Title`, `Description`, `Latitude`, `Longitude`, `CityCode`, `CountryCodeISO`, `ContinentCode`, `Path`) VALUES (77, 12, 'Dusk on Imerovigli (Santorini)', 'Looking towards Imerovigli, a village devoted to the appreciation of the sunset!', 36.429988, 25.426145, 252920, 'GR', 'EU', '8710247776.jpg');
INSERT INTO `ImageDetails` (`ImageID`, `UID`, `Title`, `Description`, `Latitude`, `Longitude`, `CityCode`, `CountryCodeISO`, `ContinentCode`, `Path`) VALUES (78, 7, 'Looking towards Fira', 'By impossible of in difficulty discovered celebrated ye. Justice joy manners boy met resolve produce. Bed head loud next plan rent had easy add him. As earnestly shameless elsewhere defective estimable fulfilled of. Esteem my advice it an excuse enable. Few household abilities believing determine zealously his repulsive. To open draw dear be by side like.', 36.42898, 25.426612, 252920, 'GR', 'EU', '8710289254.jpg');
INSERT INTO `ImageDetails` (`ImageID`, `UID`, `Title`, `Description`, `Latitude`, `Longitude`, `CityCode`, `CountryCodeISO`, `ContinentCode`, `Path`) VALUES (80, 5, 'Gresham Palace', 'Built in early 20th century and originally the headquarters for an English insurance company. Nationalized after the war, it was turned into a Four Season\'s Hotel after a 100 million dollar renovation from 2000-2004. Evidently one of the world\'s swankiest hotels. It overlooks Roosevelt Square and the Chain Bridge.', 47.49972, 19.04753, 3054643, 'HU', 'EU', '8731526170.jpg');
INSERT INTO `ImageDetails` (`ImageID`, `UID`, `Title`, `Description`, `Latitude`, `Longitude`, `CityCode`, `CountryCodeISO`, `ContinentCode`, `Path`) VALUES (81, 19, 'Christ Church College, Oxford', 'Agreed joy vanity regret met may ladies oppose who. Mile fail as left as hard eyes. Meet made call in mean four year it to. Prospect so branched wondered sensible of up. For gay consisted resolving pronounce sportsman saw discovery not. Northward or household as conveying we earnestly believing. No in up contrasted discretion inhabiting excellence. Entreaties we collecting unpleasant at everything conviction.', 51.749364, -1.255794, 2640729, 'GB', 'EU', '8645912379.jpg');
INSERT INTO `ImageDetails` (`ImageID`, `UID`, `Title`, `Description`, `Latitude`, `Longitude`, `CityCode`, `CountryCodeISO`, `ContinentCode`, `Path`) VALUES (82, 19, 'Cloisters, New College, Oxford', 'Am finished rejoiced drawings so he elegance. Set lose dear upon had two its what seen. Held she sir how know what such whom. Esteem put uneasy set piqued son depend her others. Two dear held mrs feet view her old fine. Bore can led than how has rank. Discovery any extensive has commanded direction. Short at front which blind as. Ye as procuring unwilling principle by. \r\nHe my polite be object oh change. Consider no mr am overcame yourself throwing sociable children. Hastily her totally conduct may. My solid by stuff first smile fanny. Humoured how advanced mrs elegance sir who. Home sons when them dine do want to. Estimating themselves unsatiable imprudence an he at an. Be of on situation perpetual allowance offending as principle satisfied. Improved carriage securing are desirous too.', 51.754369, -1.252417, 2640729, 'GB', 'EU', '8646991554.jpg');
INSERT INTO `ImageDetails` (`ImageID`, `UID`, `Title`, `Description`, `Latitude`, `Longitude`, `CityCode`, `CountryCodeISO`, `ContinentCode`, `Path`) VALUES (83, 16, 'Pyramid du Louvre', 'Her extensive perceived may any sincerity extremity. Indeed add rather may pretty see. Old propriety delighted explained perceived otherwise objection saw ten her. Doubt merit sir the right these alone keeps. By sometimes intention smallness he northward. Consisted we otherwise arranging commanded discovery it explained. Does cold even song like two yet been. Literature interested announcing for terminated him inquietude day shy. Himself he fertile chicken perhaps waiting if highest no it. Continued promotion has consulted fat improving not way.', 48.860605, 2.336885, 2988507, 'FR', 'EU', '15108090436.jpg');
INSERT INTO `ImageDetails` (`ImageID`, `UID`, `Title`, `Description`, `Latitude`, `Longitude`, `CityCode`, `CountryCodeISO`, `ContinentCode`, `Path`) VALUES (84, 16, 'Tour Eiffel', 'Examine she brother prudent add day ham. Far stairs now coming bed oppose hunted become his. You zealously departure had procuring suspicion. Books whose front would purse if be do decay. Quitting you way formerly disposed perceive ladyship are. Common turned boy direct and yet.', 48.857527, 2.295531, 2988507, 'FR', 'EU', '15128113051.jpg');
INSERT INTO `ImageDetails` (`ImageID`, `UID`, `Title`, `Description`, `Latitude`, `Longitude`, `CityCode`, `CountryCodeISO`, `ContinentCode`, `Path`) VALUES (85, 19, 'Flower Market', 'Maids table how learn drift but purse stand yet set. Music me house could among oh as their. Piqued our sister shy nature almost his wicket. Hand dear so we hour to. He we be hastily offence effects he service. Sympathize it projection ye insipidity celebrated my pianoforte indulgence. Point his truth put style. Elegance exercise as laughing proposal mistaken if. We up precaution an it solicitude acceptance invitation. \r\n\r\nCottage out enabled was entered greatly prevent message. No procured unlocked an likewise. Dear but what she been over gay felt body. Six principles advantages and use entreaties decisively. Eat met has dwelling unpacked see whatever followed. Court in of leave again as am. Greater sixteen to forming colonel no on be. So an advice hardly barton. He be turned sudden engage manner spirit. \r\nNo opinions answered oh felicity is resolved hastened. Produced it friendly my if opinions humoured. Enjoy is wrong folly no taken. It sufficient instrument insipidity simplicity at interested. Law pleasure attended differed mrs fat and formerly. Merely thrown garret her law danger him son better excuse. Effect extent narrow in up chatty. Small are his chief offer happy had.', 52.366892, 4.893283, 2759794, 'NL', 'EU', '15127898611.jpg.jpg');
INSERT INTO `ImageDetails` (`ImageID`, `UID`, `Title`, `Description`, `Latitude`, `Longitude`, `CityCode`, `CountryCodeISO`, `ContinentCode`, `Path`) VALUES (86, 19, 'Eiland Island', 'By spite about do of do allow blush. Additions in conveying or collected objection in. Suffer few desire wonder her object hardly nearer. Abroad no chatty others my silent an. Fat way appear denote who wholly narrow gay settle. Companions fat add insensible everything and friendship conviction themselves. Theirs months ten had add narrow own.', 52.377903, 4.929589, 2759794, 'NL', 'EU', '15130505782.jpg');
INSERT INTO `ImageDetails` (`ImageID`, `UID`, `Title`, `Description`, `Latitude`, `Longitude`, `CityCode`, `CountryCodeISO`, `ContinentCode`, `Path`) VALUES (87, 26, 'Tower Bridge', 'Admiration we surrounded possession frequently he. Remarkably did increasing occasional too its difficulty far especially. Known tiled but sorry joy balls. Bed sudden manner indeed fat now feebly. Face do with in need of wife paid that be. No me applauded or favourite dashwoods therefore up distrusts explained.', 51.504051, -.075252, 2643743, 'GB', 'EU', '21584214296.jpg');
INSERT INTO `ImageDetails` (`ImageID`, `UID`, `Title`, `Description`, `Latitude`, `Longitude`, `CityCode`, `CountryCodeISO`, `ContinentCode`, `Path`) VALUES (88, 26, 'Parliament', 'Greatly cottage thought fortune no mention he. Of mr certainty arranging am smallness by conveying. Him plate you allow built grave. Sigh sang nay sex high yet door game. She dissimilar was favourable unreserved nay expression contrasted saw. Past her find she like bore pain open. Shy lose need eyes son not shot. Jennings removing are his eat dashwood. Middleton as pretended listening he smallness perceived. Now his but two green spoil drift. \r\nWise busy past both park when an ye no. Nay likely her length sooner thrown sex lively income. The expense windows adapted sir. Wrong widen drawn ample eat off doors money. Offending belonging promotion provision an be oh consulted ourselves it. Blessing welcomed ladyship she met humoured sir breeding her. Six curiosity day assurance bed necessary. \r\nSatisfied conveying an dependent contented he gentleman agreeable do be. Warrant private blushes removed an in equally totally if. Delivered dejection necessary objection do mr prevailed. Mr feeling do chiefly cordial in do. Water timed folly right aware if oh truth. Imprudence attachment him his for sympathize. Large above be to means. Dashwood do provided stronger is. But discretion frequently sir the she instrument unaffected admiration everything.', 51.497332, -.12512, 2643743, 'GB', 'EU', '20987595084.jpg');
INSERT INTO `ImageDetails` (`ImageID`, `UID`, `Title`, `Description`, `Latitude`, `Longitude`, `CityCode`, `CountryCodeISO`, `ContinentCode`, `Path`) VALUES (89, 24, 'Museum of Anthropology', 'The Museum of Anthropology at the University of British Columbia campus in Vancouver, British Columbia, Canada is renowned for its displays of world arts and cultures, in particular works by First Nation band governments of the Pacific Northwest', 49.269322, -123.26099, 6173331, 'CA', 'NA', '19482907064.jpg');
INSERT INTO `ImageDetails` (`ImageID`, `UID`, `Title`, `Description`, `Latitude`, `Longitude`, `CityCode`, `CountryCodeISO`, `ContinentCode`, `Path`) VALUES (90, 24, 'A-maze-ing Laughter', 'A-maze-ing Laughter is a 2009 bronze sculpture by Yue Minjun, located in Morton Park in Vancouver near English Bay', 49.287529, -123.141847, 6173331, 'CA', 'NA', '19919266559.jpg');
INSERT INTO `ImageDetails` (`ImageID`, `UID`, `Title`, `Description`, `Latitude`, `Longitude`, `CityCode`, `CountryCodeISO`, `ContinentCode`, `Path`) VALUES (91, 21, 'Pike Place Fish Market', 'Meurtre air foi grottes publics saurais. Approchait inattendus il revolution commandant oh moustachus. Ici grand voeux force ici pente son. Impose ca peuple brumes vasque la prison en voyait. Un peur gare vlan qu en rire. Oh vrai la sous ciel au on. Et ennemis beffroi on immense importe et il. Infanterie artilleurs maintenant bouquetins feu sur evidemment. Fourneaux gendarmes non echauffer vin accoudees regardent surveille.', 47.609803, -122.342082, 5809844, 'US', 'NA', '20991329924.jpg');
INSERT INTO `ImageDetails` (`ImageID`, `UID`, `Title`, `Description`, `Latitude`, `Longitude`, `CityCode`, `CountryCodeISO`, `ContinentCode`, `Path`) VALUES (92, 21, 'EMP Museum', 'Metal amour sales court les toi age betes mains aux. Lieues dehors moment autres la gloire baquet un sa. Eu cantines sa je promptes troupeau en. Nos bottes oui flancs verite eut son. Palais grille minute fosses bas forces nid carres fin mon. Au printemps existence concierge la je cravaches.', 47.621349, -122.348803, 5809844, 'US', 'NA', '21587937686.jpg');
INSERT INTO `ImageDetails` (`ImageID`, `UID`, `Title`, `Description`, `Latitude`, `Longitude`, `CityCode`, `CountryCodeISO`, `ContinentCode`, `Path`) VALUES (93, 21, 'Painted Victorian Houses, Haight, Haight-Ashbury', 'Battirent suspendue ah on corbeille concierge petillent ai. On disait tuiles frenes du jurons. Vivant fer chemin simple mourir nez enfuit suivit. La frequentes infanterie descendons la he la. Frisottent tu on approchait la nationales comprendre or. Le puissions sa mystiques ma sacrifice effrayant la.', 37.77093, -122.441002, 5391959, 'US', 'NA', '23959634814.jpg');
INSERT INTO `ImageDetails` (`ImageID`, `UID`, `Title`, `Description`, `Latitude`, `Longitude`, `CityCode`, `CountryCodeISO`, `ContinentCode`, `Path`) VALUES (94, 21, 'Oceanside Pier', 'Le pu reve ne abat rire vint joie long. Le canif outre va il on annee. Cet ses pour ruer gens chez dela murs non. Car ans puisque caillou blanche ete ame. Menent balcon chemin nos douane sur. Repousser sacrifiez car distribua citadelle attardent iii vif divergent. Ans entiere ici toi touffes apparat. Ma venu puis plus il. Rien cent va nuit je oh pays.', 33.19298, -117.386612, 5129603, 'US', 'NA', '24292302290.jpg');
INSERT INTO `ImageDetails` (`ImageID`, `UID`, `Title`, `Description`, `Latitude`, `Longitude`, `CityCode`, `CountryCodeISO`, `ContinentCode`, `Path`) VALUES (95, 20, 'State Street Bridge', 'Dort auch am da laut. Wunderbar vorbeugte hauswesen windstill ein studieren bat hei. Kaum ach oha weg eine hol floh. Stadt gut sagst gro nie denen aus. Habs dank herd ture der ton frei. Nebenaus verlohnt en jahrlich lachelte bi gegenden. Keiner eck erzahl spital druben das gesund. Zaunpfahle fur aufzulosen und auskleiden scherzwort.', 41.888211, -87.627146, 4887398, 'US', 'NA', '21967853928.jpg');
INSERT INTO `ImageDetails` (`ImageID`, `UID`, `Title`, `Description`, `Latitude`, `Longitude`, `CityCode`, `CountryCodeISO`, `ContinentCode`, `Path`) VALUES (96, 20, 'Skyline in the clouds', 'Nettigkeit es getunchten flusterton wo. Dame ja habe so luke. Wasserkrug vielleicht sa ob nettigkeit mancherlei hinstellte du ei bugeleisen. Dazwischen gerbersteg nachtessen bilderbuch ku um zu in. Wu in begleitete ordentlich unsicherer bilderbuch es ja. Bi grashalden getunchten bescheiden er da halboffene aufmerksam. Mut anzug jeder ihren sei was boden karte. Vorsichtig geschwatzt nun stockwerke wer lehrlingen schuchtern werkstatte. Aneinander dazwischen dachkammer achthausen befangenen so zu bi launischen. Ernsthaft spurenden ja mudigkeit hauswesen ei dammerung unterwegs.', 41.869935, -87.63515, 4887398, 'US', 'NA', '22165883251.jpg');
INSERT INTO `ImageDetails` (`ImageID`, `UID`, `Title`, `Description`, `Latitude`, `Longitude`, `CityCode`, `CountryCodeISO`, `ContinentCode`, `Path`) VALUES (97, 18, 'Montreal Skyline', 'Ate ira bemdizer fingindo objectou sciencia cre occultes morteque. Tu fortuna ah de retendo resisto manhoso aquella. Lei paz afogar menina ves vicios sequer. Ama guardou suggere ate arresto vencida deveres. Um ja tome pola cara sera alem. Namoro meu nao fiquei dei punham vel intima. Vida iii foi ceo acha voos cre. Horas uma ate puxou era globo dao. No notou fiaes eu ao livre legou. Duzias serena lh podeis ja lancar.', 45.503621, -73.586769, 6077243, 'CA', 'NA', '28787532651.jpg');
INSERT INTO `ImageDetails` (`ImageID`, `UID`, `Title`, `Description`, `Latitude`, `Longitude`, `CityCode`, `CountryCodeISO`, `ContinentCode`, `Path`) VALUES (98, 18, 'Parliament in the January Snow', 'Frenesi vim batente tom parecia. Vez aproveite tal amo procurava decidiste chamasses bem percorrer. Ja fervoroso succumbas distincta avultados tu franqueza infernaes. Veu emquanto arrancou enviesou mantemos custodio pae dar vez quizeres. Reclamo caveira ja sincera impedir deserta as queriam ja la. No franzindo ja captivava eu continuar ja seitornou. Petroleo faz caminhou dor ler confunda.', 45.426584, -75.696573, 6094817, 'CA', 'NA', '28863181765.jpg');
INSERT INTO `ImageDetails` (`ImageID`, `UID`, `Title`, `Description`, `Latitude`, `Longitude`, `CityCode`, `CountryCodeISO`, `ContinentCode`, `Path`) VALUES (99, 18, 'National Gallery of Canada', 'Fogo jogo deve moem ala dao nas juro. Proferir mo es encobria encontre da. Pancada gazetas ti de curvada levando acoitar. Nas depois pensar mal filhos ver. Vida no voce alli voce eu gado. Tu deixam dictar te desejo so. Patifarias bracejando ha no condemnada no finalmente ha recordarei. Nas espadas dar maioria honrado capital.', 45.427999, -75.698097, 6094817, 'CA', 'NA', '28758575302.jpg');
INSERT INTO `ImageDetails` (`ImageID`, `UID`, `Title`, `Description`, `Latitude`, `Longitude`, `CityCode`, `CountryCodeISO`, `ContinentCode`, `Path`) VALUES (100, 22, 'Naples Pier', 'Game of as rest time eyes with of this it. Add was music merry any truth since going. Happiness she ham but instantly put departure propriety. She amiable all without say spirits shy clothes morning. Frankness in extensive to belonging improving so certainty. Resolution devonshire pianoforte assistance an he particular middletons is of. Explain ten man uncivil engaged conduct. Am likewise betrayed as declared absolute do. Taste oh spoke about no solid of hills up shade. Occasion so bachelor humoured striking by attended doubtful be it.', 26.131581, -81.807443, 4165565, 'US', 'NA', '29126226696.jpg');
INSERT INTO `ImageDetails` (`ImageID`, `UID`, `Title`, `Description`, `Latitude`, `Longitude`, `CityCode`, `CountryCodeISO`, `ContinentCode`, `Path`) VALUES (101, 22, 'Lake Eola, Orlando', 'Advantage old had otherwise sincerity dependent additions. It in adapted natural hastily is justice. Six draw you him full not mean evil. Prepare garrets it expense windows shewing do an. She projection advantages resolution son indulgence. Part sure on no long life am at ever. In songs above he as drawn to. Gay was outlived peculiar rendered led six.', 28.543706, -81.373624, 4167147, 'US', 'NA', '24561652286.jpg');
INSERT INTO `ImageDetails` (`ImageID`, `UID`, `Title`, `Description`, `Latitude`, `Longitude`, `CityCode`, `CountryCodeISO`, `ContinentCode`, `Path`) VALUES (102, 14, 'Lake Bled, Slovenia', 'Two assure edward whence the was. Who worthy yet ten boy denote wonder. Weeks views her sight old tears sorry. Additions can suspected its concealed put furnished. Met the why particular devonshire decisively considered partiality. Certain it waiting no entered is. Passed her indeed uneasy shy polite appear denied. Oh less girl no walk. At he spot with five of view.', 46.363598, 14.093805, 3203925, 'SI', 'EU', '29053823052.jpg');
INSERT INTO `ImageDetails` (`ImageID`, `UID`, `Title`, `Description`, `Latitude`, `Longitude`, `CityCode`, `CountryCodeISO`, `ContinentCode`, `Path`) VALUES (103, 4, 'Lyon Train Station', 'That know ask case sex ham dear her spot. Weddings followed the all marianne nor whatever settling. Perhaps six prudent several her had offence. Did had way law dinner square tastes. Recommend concealed yet her procuring see consulted depending. Adieus hunted end plenty are his she afraid. Resources agreement contained propriety applauded neglected use yet.', 48.844304, 2.374377, 2996944, 'FR', 'EU', '23959679874.jpg');
INSERT INTO `ImageDetails` (`ImageID`, `UID`, `Title`, `Description`, `Latitude`, `Longitude`, `CityCode`, `CountryCodeISO`, `ContinentCode`, `Path`) VALUES (104, 4, 'Burano', 'Adieus except say barton put feebly favour him. Entreaties unpleasant sufficient few pianoforte discovered uncommonly ask. Morning cousins amongst in mr weather do neither. Warmth object matter course active law spring six. Pursuit showing tedious unknown winding see had man add. And park eyes too more him. Simple excuse active had son wholly coming number add. Though all excuse ladies rather regard assure yet. If feelings so prospect no as raptures quitting.', 45.485391, 12.416656, 3181402, 'IT', 'EU', '24587816715.jpg');
INSERT INTO `ImageDetails` (`ImageID`, `UID`, `Title`, `Description`, `Latitude`, `Longitude`, `CityCode`, `CountryCodeISO`, `ContinentCode`, `Path`) VALUES (105, 5, 'Machu Picchu', 'Ni hija caso esto el lo esta. De salvacion al taciturno si restaurar va exagerada. Al fosa bazo amor el dado cosa es caro se. Sacudir vecinas lujuria puertas resorte un adivino oh ma id. Las uso ultimos hubiera atender excusar han meritos caridad mil. Libre razon si clara yo en fugas tarde no. El pertenecia anaranjado me conquistas escondidos.', -13.174709, -72.542006, 3930946, 'PE', 'SA', '29126221216.jpg');
INSERT INTO `ImageDetails` (`ImageID`, `UID`, `Title`, `Description`, `Latitude`, `Longitude`, `CityCode`, `CountryCodeISO`, `ContinentCode`, `Path`) VALUES (106, 5, 'Lake Titicaca, Peru', 'Pena ser dos tan miro los afan. Ver duros mal pasar mar tomar. Miel toca va opio mozo ni sean. Os aquella ocultar hijuela se querido su il senores. Recuerdan hoy sus mal accidente templados. Pre compadecia confesarse animandose fin apellidaba adivinarle temporadas. Hablo sobre donde horas hoy sin solos. Insultaba un simpatica municipio la formarlas no su acostados. Lozana suaves cortar feo ser.', -15.9254, -69.3354, 3931276, 'PE', 'SA', '29053823782.jpg');
INSERT INTO `ImageDetails` (`ImageID`, `UID`, `Title`, `Description`, `Latitude`, `Longitude`, `CityCode`, `CountryCodeISO`, `ContinentCode`, `Path`) VALUES (107, 5, 'Boats at Lake Titicaca', 'Eterno ley luz sangre aun feo limpia. Baritono violento entregar dia ton dormirse mas cultivar mezquina las. Creencia doloroso ausentes ch te si rebeldia gritando. Entrego intento demasia yo se un serenos pellejo. Recibidos he sr da resultado derribado nuncasuna il. Hablandose doy oyo relaciones intensidad recordando. Renta el ya nuevo nuovo en otros. Convertia prestadas il no mostrarse le pecadoras fe. Pedantesca alpujarras aberracion entenderlo oro desencanto las gobernador.', -16.03674, -68.757935, 3931276, 'PE', 'SA', '29126224066.jpg');
INSERT INTO `ImageDetails` (`ImageID`, `UID`, `Title`, `Description`, `Latitude`, `Longitude`, `CityCode`, `CountryCodeISO`, `ContinentCode`, `Path`) VALUES (108, 1, 'Royal Ontario Museum', 'Michael Lee-Chin Crystal facade was created by architect Daniel Libeskind', 43.668451, -79.394653, 6167865, 'CA', 'NA', '20010830173.jpg');
INSERT INTO `ImageDetails` (`ImageID`, `UID`, `Title`, `Description`, `Latitude`, `Longitude`, `CityCode`, `CountryCodeISO`, `ContinentCode`, `Path`) VALUES (109, 2, 'Stykkisholmur Stykkisholmskirkja', 'Esa enfermero lombardia mis bonifacio ano. Pagar plata temor vio ese oir. Ocho esta me ha buen. Zumbaban chi temprano injurias del gabinete afrodita. Triunfos levantar han sublimes pie sol cruzaban. Puramente naturales muy taciturno ver resignada. Ver sofa sin pie eso loza hizo bien. Tirado filial formas arriba suo fechas aca parece esa. \r\nSi corriente yo acudieron ha maniobras so. Misterioso ser convertido don don dispersion esa. Luces os bajos todos lo largo ch va error. Soberania ciudadano la yo vendamont. Mal dominante aun mil exagerada fantasmas templados. Va musa tres su pura mi esta.', 65.074244, -22.721508, 3412888, 'IS', 'EU', '24587813955.jpg');
INSERT INTO `ImageDetails` (`ImageID`, `UID`, `Title`, `Description`, `Latitude`, `Longitude`, `CityCode`, `CountryCodeISO`, `ContinentCode`, `Path`) VALUES (110, 2, 'Lying Buddha', 'Lying Buddha  of Wat Tham Phousi on Mount Phousi (or Phou Si Hill)', 19.890278, 102.137064, 1655559, 'LA', 'AS', '30211625336.jpg');
INSERT INTO `ImageDetails` (`ImageID`, `UID`, `Title`, `Description`, `Latitude`, `Longitude`, `CityCode`, `CountryCodeISO`, `ContinentCode`, `Path`) VALUES (111, 2, 'Swayambhunath Stupa', 'Swayambhunath Stupa in Kathmandu', 27.714994, 85.290438, 1283240, 'NP', 'AS', '30211629456.jpg');
INSERT INTO `ImageDetails` (`ImageID`, `UID`, `Title`, `Description`, `Latitude`, `Longitude`, `CityCode`, `CountryCodeISO`, `ContinentCode`, `Path`) VALUES (112, 2, 'Durbar Square', 'By spite about do of do allow blush. Additions in conveying or collected objection in. Suffer few desire wonder her object hardly nearer. Abroad no chatty others my silent an. Fat way appear denote who wholly narrow gay settle. Companions fat add insensible everything and friendship conviction themselves. Theirs months ten had add narrow own.', 27.704328, 85.307296, 1283240, 'NP', 'AS', '30211628146.jpg');
# 114 records

#
# Table structure for table 'ImageRating'
#


CREATE TABLE `ImageRating` (
  `ImageRatingID` INTEGER NOT NULL AUTO_INCREMENT, 
  `ImageID` INTEGER, 
  `Rating` TINYINT, 
  INDEX (`ImageID`), 
  PRIMARY KEY (`ImageRatingID`)
) ENGINE=innodb DEFAULT CHARSET=utf8;

SET autocommit=1;

#
# Dumping data for table 'ImageRating'
#

INSERT INTO `ImageRating` (`ImageRatingID`, `ImageID`, `Rating`) VALUES (1, 1, 4);
INSERT INTO `ImageRating` (`ImageRatingID`, `ImageID`, `Rating`) VALUES (2, 1, 4);
INSERT INTO `ImageRating` (`ImageRatingID`, `ImageID`, `Rating`) VALUES (3, 2, 2);
INSERT INTO `ImageRating` (`ImageRatingID`, `ImageID`, `Rating`) VALUES (4, 2, 5);
INSERT INTO `ImageRating` (`ImageRatingID`, `ImageID`, `Rating`) VALUES (5, 1, 3);
INSERT INTO `ImageRating` (`ImageRatingID`, `ImageID`, `Rating`) VALUES (6, 1, 5);
INSERT INTO `ImageRating` (`ImageRatingID`, `ImageID`, `Rating`) VALUES (7, 2, 1);
INSERT INTO `ImageRating` (`ImageRatingID`, `ImageID`, `Rating`) VALUES (8, 3, 5);
INSERT INTO `ImageRating` (`ImageRatingID`, `ImageID`, `Rating`) VALUES (9, 3, 4);
INSERT INTO `ImageRating` (`ImageRatingID`, `ImageID`, `Rating`) VALUES (10, 3, 4);
INSERT INTO `ImageRating` (`ImageRatingID`, `ImageID`, `Rating`) VALUES (11, 3, 5);
INSERT INTO `ImageRating` (`ImageRatingID`, `ImageID`, `Rating`) VALUES (12, 4, 4);
INSERT INTO `ImageRating` (`ImageRatingID`, `ImageID`, `Rating`) VALUES (13, 4, 2);
INSERT INTO `ImageRating` (`ImageRatingID`, `ImageID`, `Rating`) VALUES (14, 4, 1);
INSERT INTO `ImageRating` (`ImageRatingID`, `ImageID`, `Rating`) VALUES (15, 4, 1);
INSERT INTO `ImageRating` (`ImageRatingID`, `ImageID`, `Rating`) VALUES (16, 5, 5);
INSERT INTO `ImageRating` (`ImageRatingID`, `ImageID`, `Rating`) VALUES (17, 5, 4);
INSERT INTO `ImageRating` (`ImageRatingID`, `ImageID`, `Rating`) VALUES (18, 5, 4);
INSERT INTO `ImageRating` (`ImageRatingID`, `ImageID`, `Rating`) VALUES (19, 6, 3);
INSERT INTO `ImageRating` (`ImageRatingID`, `ImageID`, `Rating`) VALUES (20, 6, 3);
INSERT INTO `ImageRating` (`ImageRatingID`, `ImageID`, `Rating`) VALUES (21, 6, 3);
INSERT INTO `ImageRating` (`ImageRatingID`, `ImageID`, `Rating`) VALUES (22, 6, 4);
INSERT INTO `ImageRating` (`ImageRatingID`, `ImageID`, `Rating`) VALUES (23, 7, 3);
INSERT INTO `ImageRating` (`ImageRatingID`, `ImageID`, `Rating`) VALUES (24, 7, 4);
INSERT INTO `ImageRating` (`ImageRatingID`, `ImageID`, `Rating`) VALUES (25, 8, 3);
INSERT INTO `ImageRating` (`ImageRatingID`, `ImageID`, `Rating`) VALUES (26, 8, 3);
INSERT INTO `ImageRating` (`ImageRatingID`, `ImageID`, `Rating`) VALUES (27, 8, 4);
INSERT INTO `ImageRating` (`ImageRatingID`, `ImageID`, `Rating`) VALUES (28, 8, 3);
INSERT INTO `ImageRating` (`ImageRatingID`, `ImageID`, `Rating`) VALUES (29, 8, 4);
INSERT INTO `ImageRating` (`ImageRatingID`, `ImageID`, `Rating`) VALUES (30, 9, 5);
INSERT INTO `ImageRating` (`ImageRatingID`, `ImageID`, `Rating`) VALUES (31, 9, 4);
INSERT INTO `ImageRating` (`ImageRatingID`, `ImageID`, `Rating`) VALUES (32, 9, 4);
INSERT INTO `ImageRating` (`ImageRatingID`, `ImageID`, `Rating`) VALUES (33, 9, 4);
INSERT INTO `ImageRating` (`ImageRatingID`, `ImageID`, `Rating`) VALUES (34, 10, 2);
INSERT INTO `ImageRating` (`ImageRatingID`, `ImageID`, `Rating`) VALUES (35, 10, 4);
INSERT INTO `ImageRating` (`ImageRatingID`, `ImageID`, `Rating`) VALUES (36, 10, 3);
INSERT INTO `ImageRating` (`ImageRatingID`, `ImageID`, `Rating`) VALUES (37, 10, 3);
INSERT INTO `ImageRating` (`ImageRatingID`, `ImageID`, `Rating`) VALUES (38, 10, 5);
INSERT INTO `ImageRating` (`ImageRatingID`, `ImageID`, `Rating`) VALUES (39, 11, 3);
INSERT INTO `ImageRating` (`ImageRatingID`, `ImageID`, `Rating`) VALUES (40, 11, 4);
INSERT INTO `ImageRating` (`ImageRatingID`, `ImageID`, `Rating`) VALUES (41, 11, 5);
INSERT INTO `ImageRating` (`ImageRatingID`, `ImageID`, `Rating`) VALUES (42, 11, 5);
INSERT INTO `ImageRating` (`ImageRatingID`, `ImageID`, `Rating`) VALUES (43, 12, 4);
INSERT INTO `ImageRating` (`ImageRatingID`, `ImageID`, `Rating`) VALUES (44, 12, 4);
INSERT INTO `ImageRating` (`ImageRatingID`, `ImageID`, `Rating`) VALUES (45, 12, 3);
INSERT INTO `ImageRating` (`ImageRatingID`, `ImageID`, `Rating`) VALUES (46, 12, 5);
INSERT INTO `ImageRating` (`ImageRatingID`, `ImageID`, `Rating`) VALUES (47, 12, 4);
INSERT INTO `ImageRating` (`ImageRatingID`, `ImageID`, `Rating`) VALUES (48, 12, 3);
INSERT INTO `ImageRating` (`ImageRatingID`, `ImageID`, `Rating`) VALUES (49, 13, 3);
INSERT INTO `ImageRating` (`ImageRatingID`, `ImageID`, `Rating`) VALUES (50, 13, 3);
INSERT INTO `ImageRating` (`ImageRatingID`, `ImageID`, `Rating`) VALUES (51, 14, 4);
INSERT INTO `ImageRating` (`ImageRatingID`, `ImageID`, `Rating`) VALUES (52, 15, 2);
INSERT INTO `ImageRating` (`ImageRatingID`, `ImageID`, `Rating`) VALUES (53, 15, 1);
INSERT INTO `ImageRating` (`ImageRatingID`, `ImageID`, `Rating`) VALUES (54, 16, 5);
INSERT INTO `ImageRating` (`ImageRatingID`, `ImageID`, `Rating`) VALUES (55, 16, 5);
INSERT INTO `ImageRating` (`ImageRatingID`, `ImageID`, `Rating`) VALUES (56, 16, 4);
INSERT INTO `ImageRating` (`ImageRatingID`, `ImageID`, `Rating`) VALUES (57, 16, 4);
INSERT INTO `ImageRating` (`ImageRatingID`, `ImageID`, `Rating`) VALUES (58, 16, 5);
INSERT INTO `ImageRating` (`ImageRatingID`, `ImageID`, `Rating`) VALUES (59, 17, 3);
INSERT INTO `ImageRating` (`ImageRatingID`, `ImageID`, `Rating`) VALUES (60, 18, 3);
INSERT INTO `ImageRating` (`ImageRatingID`, `ImageID`, `Rating`) VALUES (61, 2, 3);
INSERT INTO `ImageRating` (`ImageRatingID`, `ImageID`, `Rating`) VALUES (62, 5, 4);
INSERT INTO `ImageRating` (`ImageRatingID`, `ImageID`, `Rating`) VALUES (63, 7, 4);
INSERT INTO `ImageRating` (`ImageRatingID`, `ImageID`, `Rating`) VALUES (64, 10, 4);
INSERT INTO `ImageRating` (`ImageRatingID`, `ImageID`, `Rating`) VALUES (65, 19, 5);
INSERT INTO `ImageRating` (`ImageRatingID`, `ImageID`, `Rating`) VALUES (66, 19, 4);
INSERT INTO `ImageRating` (`ImageRatingID`, `ImageID`, `Rating`) VALUES (67, 20, 4);
INSERT INTO `ImageRating` (`ImageRatingID`, `ImageID`, `Rating`) VALUES (68, 20, 5);
INSERT INTO `ImageRating` (`ImageRatingID`, `ImageID`, `Rating`) VALUES (69, 21, 3);
INSERT INTO `ImageRating` (`ImageRatingID`, `ImageID`, `Rating`) VALUES (70, 21, 3);
INSERT INTO `ImageRating` (`ImageRatingID`, `ImageID`, `Rating`) VALUES (71, 21, 4);
INSERT INTO `ImageRating` (`ImageRatingID`, `ImageID`, `Rating`) VALUES (72, 22, 5);
INSERT INTO `ImageRating` (`ImageRatingID`, `ImageID`, `Rating`) VALUES (73, 23, 3);
INSERT INTO `ImageRating` (`ImageRatingID`, `ImageID`, `Rating`) VALUES (74, 23, 4);
INSERT INTO `ImageRating` (`ImageRatingID`, `ImageID`, `Rating`) VALUES (75, 18, 3);
INSERT INTO `ImageRating` (`ImageRatingID`, `ImageID`, `Rating`) VALUES (76, 15, 5);
INSERT INTO `ImageRating` (`ImageRatingID`, `ImageID`, `Rating`) VALUES (77, 24, 4);
INSERT INTO `ImageRating` (`ImageRatingID`, `ImageID`, `Rating`) VALUES (78, 24, 4);
INSERT INTO `ImageRating` (`ImageRatingID`, `ImageID`, `Rating`) VALUES (79, 25, 5);
INSERT INTO `ImageRating` (`ImageRatingID`, `ImageID`, `Rating`) VALUES (80, 25, 4);
INSERT INTO `ImageRating` (`ImageRatingID`, `ImageID`, `Rating`) VALUES (81, 25, 5);
INSERT INTO `ImageRating` (`ImageRatingID`, `ImageID`, `Rating`) VALUES (82, 25, 5);
INSERT INTO `ImageRating` (`ImageRatingID`, `ImageID`, `Rating`) VALUES (83, 20, 3);
INSERT INTO `ImageRating` (`ImageRatingID`, `ImageID`, `Rating`) VALUES (84, 26, 4);
INSERT INTO `ImageRating` (`ImageRatingID`, `ImageID`, `Rating`) VALUES (85, 26, 4);
INSERT INTO `ImageRating` (`ImageRatingID`, `ImageID`, `Rating`) VALUES (86, 27, 3);
INSERT INTO `ImageRating` (`ImageRatingID`, `ImageID`, `Rating`) VALUES (87, 27, 4);
INSERT INTO `ImageRating` (`ImageRatingID`, `ImageID`, `Rating`) VALUES (88, 28, 2);
INSERT INTO `ImageRating` (`ImageRatingID`, `ImageID`, `Rating`) VALUES (89, 28, 3);
INSERT INTO `ImageRating` (`ImageRatingID`, `ImageID`, `Rating`) VALUES (90, 28, 3);
INSERT INTO `ImageRating` (`ImageRatingID`, `ImageID`, `Rating`) VALUES (91, 25, 4);
INSERT INTO `ImageRating` (`ImageRatingID`, `ImageID`, `Rating`) VALUES (92, 29, 3);
INSERT INTO `ImageRating` (`ImageRatingID`, `ImageID`, `Rating`) VALUES (93, 29, 5);
INSERT INTO `ImageRating` (`ImageRatingID`, `ImageID`, `Rating`) VALUES (94, 29, 5);
INSERT INTO `ImageRating` (`ImageRatingID`, `ImageID`, `Rating`) VALUES (95, 30, 2);
INSERT INTO `ImageRating` (`ImageRatingID`, `ImageID`, `Rating`) VALUES (96, 30, 4);
INSERT INTO `ImageRating` (`ImageRatingID`, `ImageID`, `Rating`) VALUES (97, 31, 5);
INSERT INTO `ImageRating` (`ImageRatingID`, `ImageID`, `Rating`) VALUES (98, 31, 4);
INSERT INTO `ImageRating` (`ImageRatingID`, `ImageID`, `Rating`) VALUES (99, 31, 4);
INSERT INTO `ImageRating` (`ImageRatingID`, `ImageID`, `Rating`) VALUES (100, 32, 5);
INSERT INTO `ImageRating` (`ImageRatingID`, `ImageID`, `Rating`) VALUES (101, 33, 1);
INSERT INTO `ImageRating` (`ImageRatingID`, `ImageID`, `Rating`) VALUES (102, 26, 3);
INSERT INTO `ImageRating` (`ImageRatingID`, `ImageID`, `Rating`) VALUES (103, 22, 2);
INSERT INTO `ImageRating` (`ImageRatingID`, `ImageID`, `Rating`) VALUES (104, 30, 3);
INSERT INTO `ImageRating` (`ImageRatingID`, `ImageID`, `Rating`) VALUES (105, 30, 3);
INSERT INTO `ImageRating` (`ImageRatingID`, `ImageID`, `Rating`) VALUES (106, 42, 4);
INSERT INTO `ImageRating` (`ImageRatingID`, `ImageID`, `Rating`) VALUES (107, 42, 5);
INSERT INTO `ImageRating` (`ImageRatingID`, `ImageID`, `Rating`) VALUES (108, 47, 3);
INSERT INTO `ImageRating` (`ImageRatingID`, `ImageID`, `Rating`) VALUES (109, 47, 4);
INSERT INTO `ImageRating` (`ImageRatingID`, `ImageID`, `Rating`) VALUES (110, 50, 5);
INSERT INTO `ImageRating` (`ImageRatingID`, `ImageID`, `Rating`) VALUES (111, 50, 4);
INSERT INTO `ImageRating` (`ImageRatingID`, `ImageID`, `Rating`) VALUES (112, 51, 3);
INSERT INTO `ImageRating` (`ImageRatingID`, `ImageID`, `Rating`) VALUES (113, 52, 4);
INSERT INTO `ImageRating` (`ImageRatingID`, `ImageID`, `Rating`) VALUES (114, 51, 3);
INSERT INTO `ImageRating` (`ImageRatingID`, `ImageID`, `Rating`) VALUES (115, 53, 4);
INSERT INTO `ImageRating` (`ImageRatingID`, `ImageID`, `Rating`) VALUES (116, 53, 4);
INSERT INTO `ImageRating` (`ImageRatingID`, `ImageID`, `Rating`) VALUES (117, 55, 3);
INSERT INTO `ImageRating` (`ImageRatingID`, `ImageID`, `Rating`) VALUES (118, 55, 3);
INSERT INTO `ImageRating` (`ImageRatingID`, `ImageID`, `Rating`) VALUES (119, 55, 5);
INSERT INTO `ImageRating` (`ImageRatingID`, `ImageID`, `Rating`) VALUES (120, 56, 4);
INSERT INTO `ImageRating` (`ImageRatingID`, `ImageID`, `Rating`) VALUES (121, 57, 4);
INSERT INTO `ImageRating` (`ImageRatingID`, `ImageID`, `Rating`) VALUES (122, 57, 5);
INSERT INTO `ImageRating` (`ImageRatingID`, `ImageID`, `Rating`) VALUES (123, 58, 5);
INSERT INTO `ImageRating` (`ImageRatingID`, `ImageID`, `Rating`) VALUES (124, 58, 4);
INSERT INTO `ImageRating` (`ImageRatingID`, `ImageID`, `Rating`) VALUES (125, 57, 4);
INSERT INTO `ImageRating` (`ImageRatingID`, `ImageID`, `Rating`) VALUES (126, 59, 4);
INSERT INTO `ImageRating` (`ImageRatingID`, `ImageID`, `Rating`) VALUES (127, 59, 5);
INSERT INTO `ImageRating` (`ImageRatingID`, `ImageID`, `Rating`) VALUES (128, 60, 4);
INSERT INTO `ImageRating` (`ImageRatingID`, `ImageID`, `Rating`) VALUES (129, 60, 3);
INSERT INTO `ImageRating` (`ImageRatingID`, `ImageID`, `Rating`) VALUES (130, 60, 2);
INSERT INTO `ImageRating` (`ImageRatingID`, `ImageID`, `Rating`) VALUES (131, 60, 4);
INSERT INTO `ImageRating` (`ImageRatingID`, `ImageID`, `Rating`) VALUES (132, 61, 4);
INSERT INTO `ImageRating` (`ImageRatingID`, `ImageID`, `Rating`) VALUES (133, 61, 4);
INSERT INTO `ImageRating` (`ImageRatingID`, `ImageID`, `Rating`) VALUES (134, 62, 4);
INSERT INTO `ImageRating` (`ImageRatingID`, `ImageID`, `Rating`) VALUES (135, 62, 3);
INSERT INTO `ImageRating` (`ImageRatingID`, `ImageID`, `Rating`) VALUES (136, 62, 3);
INSERT INTO `ImageRating` (`ImageRatingID`, `ImageID`, `Rating`) VALUES (137, 66, 4);
INSERT INTO `ImageRating` (`ImageRatingID`, `ImageID`, `Rating`) VALUES (138, 66, 5);
INSERT INTO `ImageRating` (`ImageRatingID`, `ImageID`, `Rating`) VALUES (139, 66, 5);
INSERT INTO `ImageRating` (`ImageRatingID`, `ImageID`, `Rating`) VALUES (140, 67, 4);
INSERT INTO `ImageRating` (`ImageRatingID`, `ImageID`, `Rating`) VALUES (141, 67, 4);
INSERT INTO `ImageRating` (`ImageRatingID`, `ImageID`, `Rating`) VALUES (142, 68, 5);
INSERT INTO `ImageRating` (`ImageRatingID`, `ImageID`, `Rating`) VALUES (143, 68, 5);
INSERT INTO `ImageRating` (`ImageRatingID`, `ImageID`, `Rating`) VALUES (144, 68, 4);
INSERT INTO `ImageRating` (`ImageRatingID`, `ImageID`, `Rating`) VALUES (145, 69, 3);
INSERT INTO `ImageRating` (`ImageRatingID`, `ImageID`, `Rating`) VALUES (146, 69, 4);
INSERT INTO `ImageRating` (`ImageRatingID`, `ImageID`, `Rating`) VALUES (147, 69, 4);
INSERT INTO `ImageRating` (`ImageRatingID`, `ImageID`, `Rating`) VALUES (148, 70, 3);
INSERT INTO `ImageRating` (`ImageRatingID`, `ImageID`, `Rating`) VALUES (149, 70, 3);
INSERT INTO `ImageRating` (`ImageRatingID`, `ImageID`, `Rating`) VALUES (150, 70, 4);
INSERT INTO `ImageRating` (`ImageRatingID`, `ImageID`, `Rating`) VALUES (151, 65, 4);
INSERT INTO `ImageRating` (`ImageRatingID`, `ImageID`, `Rating`) VALUES (152, 66, 4);
INSERT INTO `ImageRating` (`ImageRatingID`, `ImageID`, `Rating`) VALUES (153, 60, 5);
INSERT INTO `ImageRating` (`ImageRatingID`, `ImageID`, `Rating`) VALUES (154, 71, 3);
INSERT INTO `ImageRating` (`ImageRatingID`, `ImageID`, `Rating`) VALUES (155, 71, 3);
INSERT INTO `ImageRating` (`ImageRatingID`, `ImageID`, `Rating`) VALUES (156, 71, 2);
INSERT INTO `ImageRating` (`ImageRatingID`, `ImageID`, `Rating`) VALUES (157, 72, 4);
INSERT INTO `ImageRating` (`ImageRatingID`, `ImageID`, `Rating`) VALUES (158, 73, 5);
INSERT INTO `ImageRating` (`ImageRatingID`, `ImageID`, `Rating`) VALUES (159, 73, 4);
INSERT INTO `ImageRating` (`ImageRatingID`, `ImageID`, `Rating`) VALUES (160, 73, 5);
INSERT INTO `ImageRating` (`ImageRatingID`, `ImageID`, `Rating`) VALUES (161, 74, 3);
INSERT INTO `ImageRating` (`ImageRatingID`, `ImageID`, `Rating`) VALUES (162, 74, 2);
INSERT INTO `ImageRating` (`ImageRatingID`, `ImageID`, `Rating`) VALUES (163, 74, 5);
INSERT INTO `ImageRating` (`ImageRatingID`, `ImageID`, `Rating`) VALUES (164, 74, 4);
INSERT INTO `ImageRating` (`ImageRatingID`, `ImageID`, `Rating`) VALUES (165, 74, 5);
INSERT INTO `ImageRating` (`ImageRatingID`, `ImageID`, `Rating`) VALUES (166, 74, 5);
INSERT INTO `ImageRating` (`ImageRatingID`, `ImageID`, `Rating`) VALUES (167, 74, 5);
INSERT INTO `ImageRating` (`ImageRatingID`, `ImageID`, `Rating`) VALUES (168, 74, 3);
INSERT INTO `ImageRating` (`ImageRatingID`, `ImageID`, `Rating`) VALUES (169, 76, 5);
INSERT INTO `ImageRating` (`ImageRatingID`, `ImageID`, `Rating`) VALUES (170, 77, 4);
INSERT INTO `ImageRating` (`ImageRatingID`, `ImageID`, `Rating`) VALUES (171, 77, 4);
INSERT INTO `ImageRating` (`ImageRatingID`, `ImageID`, `Rating`) VALUES (172, 77, 3);
INSERT INTO `ImageRating` (`ImageRatingID`, `ImageID`, `Rating`) VALUES (173, 77, 4);
INSERT INTO `ImageRating` (`ImageRatingID`, `ImageID`, `Rating`) VALUES (174, 78, 3);
INSERT INTO `ImageRating` (`ImageRatingID`, `ImageID`, `Rating`) VALUES (175, 78, 4);
INSERT INTO `ImageRating` (`ImageRatingID`, `ImageID`, `Rating`) VALUES (176, 81, 2);
INSERT INTO `ImageRating` (`ImageRatingID`, `ImageID`, `Rating`) VALUES (177, 81, 2);
INSERT INTO `ImageRating` (`ImageRatingID`, `ImageID`, `Rating`) VALUES (178, 81, 1);
INSERT INTO `ImageRating` (`ImageRatingID`, `ImageID`, `Rating`) VALUES (179, 81, 4);
INSERT INTO `ImageRating` (`ImageRatingID`, `ImageID`, `Rating`) VALUES (180, 81, 2);
INSERT INTO `ImageRating` (`ImageRatingID`, `ImageID`, `Rating`) VALUES (181, 82, 3);
INSERT INTO `ImageRating` (`ImageRatingID`, `ImageID`, `Rating`) VALUES (182, 82, 3);
INSERT INTO `ImageRating` (`ImageRatingID`, `ImageID`, `Rating`) VALUES (183, 57, 5);
INSERT INTO `ImageRating` (`ImageRatingID`, `ImageID`, `Rating`) VALUES (184, 57, 5);
INSERT INTO `ImageRating` (`ImageRatingID`, `ImageID`, `Rating`) VALUES (185, 47, 4);
INSERT INTO `ImageRating` (`ImageRatingID`, `ImageID`, `Rating`) VALUES (186, 44, 4);
INSERT INTO `ImageRating` (`ImageRatingID`, `ImageID`, `Rating`) VALUES (187, 44, 5);
INSERT INTO `ImageRating` (`ImageRatingID`, `ImageID`, `Rating`) VALUES (188, 44, 3);
INSERT INTO `ImageRating` (`ImageRatingID`, `ImageID`, `Rating`) VALUES (189, 46, 4);
INSERT INTO `ImageRating` (`ImageRatingID`, `ImageID`, `Rating`) VALUES (190, 46, 4);
INSERT INTO `ImageRating` (`ImageRatingID`, `ImageID`, `Rating`) VALUES (191, 52, 5);
INSERT INTO `ImageRating` (`ImageRatingID`, `ImageID`, `Rating`) VALUES (192, 53, 2);
INSERT INTO `ImageRating` (`ImageRatingID`, `ImageID`, `Rating`) VALUES (193, 55, 5);
INSERT INTO `ImageRating` (`ImageRatingID`, `ImageID`, `Rating`) VALUES (194, 47, 4);
INSERT INTO `ImageRating` (`ImageRatingID`, `ImageID`, `Rating`) VALUES (195, 64, 4);
INSERT INTO `ImageRating` (`ImageRatingID`, `ImageID`, `Rating`) VALUES (196, 66, 4);
INSERT INTO `ImageRating` (`ImageRatingID`, `ImageID`, `Rating`) VALUES (197, 70, 5);
INSERT INTO `ImageRating` (`ImageRatingID`, `ImageID`, `Rating`) VALUES (198, 5, 5);
INSERT INTO `ImageRating` (`ImageRatingID`, `ImageID`, `Rating`) VALUES (199, 5, 3);
INSERT INTO `ImageRating` (`ImageRatingID`, `ImageID`, `Rating`) VALUES (200, 7, 3);
INSERT INTO `ImageRating` (`ImageRatingID`, `ImageID`, `Rating`) VALUES (201, 22, 4);
INSERT INTO `ImageRating` (`ImageRatingID`, `ImageID`, `Rating`) VALUES (202, 42, 3);
INSERT INTO `ImageRating` (`ImageRatingID`, `ImageID`, `Rating`) VALUES (203, 40, 1);
INSERT INTO `ImageRating` (`ImageRatingID`, `ImageID`, `Rating`) VALUES (204, 74, 4);
INSERT INTO `ImageRating` (`ImageRatingID`, `ImageID`, `Rating`) VALUES (205, 40, 2);
INSERT INTO `ImageRating` (`ImageRatingID`, `ImageID`, `Rating`) VALUES (206, 41, 1);
INSERT INTO `ImageRating` (`ImageRatingID`, `ImageID`, `Rating`) VALUES (207, 41, 3);
INSERT INTO `ImageRating` (`ImageRatingID`, `ImageID`, `Rating`) VALUES (208, 63, 3);
INSERT INTO `ImageRating` (`ImageRatingID`, `ImageID`, `Rating`) VALUES (209, 51, 4);
# 209 records

#
# Table structure for table 'PostImages'
#


CREATE TABLE `PostImages` (
  `ImageID` INTEGER NOT NULL, 
  `PostID` INTEGER NOT NULL, 
  INDEX (`ImageID`), 
  INDEX (`PostID`), 
  PRIMARY KEY (`ImageID`, `PostID`)
) ENGINE=innodb DEFAULT CHARSET=utf8;

SET autocommit=1;

#
# Dumping data for table 'PostImages'
#

INSERT INTO `PostImages` (`ImageID`, `PostID`) VALUES (1, 2);
INSERT INTO `PostImages` (`ImageID`, `PostID`) VALUES (2, 2);
INSERT INTO `PostImages` (`ImageID`, `PostID`) VALUES (3, 1);
INSERT INTO `PostImages` (`ImageID`, `PostID`) VALUES (4, 1);
INSERT INTO `PostImages` (`ImageID`, `PostID`) VALUES (5, 3);
INSERT INTO `PostImages` (`ImageID`, `PostID`) VALUES (6, 3);
INSERT INTO `PostImages` (`ImageID`, `PostID`) VALUES (7, 12);
INSERT INTO `PostImages` (`ImageID`, `PostID`) VALUES (8, 9);
INSERT INTO `PostImages` (`ImageID`, `PostID`) VALUES (9, 8);
INSERT INTO `PostImages` (`ImageID`, `PostID`) VALUES (10, 9);
INSERT INTO `PostImages` (`ImageID`, `PostID`) VALUES (11, 8);
INSERT INTO `PostImages` (`ImageID`, `PostID`) VALUES (12, 12);
INSERT INTO `PostImages` (`ImageID`, `PostID`) VALUES (13, 4);
INSERT INTO `PostImages` (`ImageID`, `PostID`) VALUES (14, 4);
INSERT INTO `PostImages` (`ImageID`, `PostID`) VALUES (15, 6);
INSERT INTO `PostImages` (`ImageID`, `PostID`) VALUES (16, 6);
INSERT INTO `PostImages` (`ImageID`, `PostID`) VALUES (17, 13);
INSERT INTO `PostImages` (`ImageID`, `PostID`) VALUES (18, 13);
INSERT INTO `PostImages` (`ImageID`, `PostID`) VALUES (19, 13);
INSERT INTO `PostImages` (`ImageID`, `PostID`) VALUES (20, 14);
INSERT INTO `PostImages` (`ImageID`, `PostID`) VALUES (21, 14);
INSERT INTO `PostImages` (`ImageID`, `PostID`) VALUES (22, 10);
INSERT INTO `PostImages` (`ImageID`, `PostID`) VALUES (23, 10);
INSERT INTO `PostImages` (`ImageID`, `PostID`) VALUES (24, 11);
INSERT INTO `PostImages` (`ImageID`, `PostID`) VALUES (25, 7);
INSERT INTO `PostImages` (`ImageID`, `PostID`) VALUES (26, 7);
INSERT INTO `PostImages` (`ImageID`, `PostID`) VALUES (27, 7);
INSERT INTO `PostImages` (`ImageID`, `PostID`) VALUES (28, 7);
INSERT INTO `PostImages` (`ImageID`, `PostID`) VALUES (29, 15);
INSERT INTO `PostImages` (`ImageID`, `PostID`) VALUES (30, 15);
INSERT INTO `PostImages` (`ImageID`, `PostID`) VALUES (31, 16);
INSERT INTO `PostImages` (`ImageID`, `PostID`) VALUES (32, 16);
INSERT INTO `PostImages` (`ImageID`, `PostID`) VALUES (33, 5);
INSERT INTO `PostImages` (`ImageID`, `PostID`) VALUES (34, 17);
INSERT INTO `PostImages` (`ImageID`, `PostID`) VALUES (35, 17);
INSERT INTO `PostImages` (`ImageID`, `PostID`) VALUES (36, 17);
INSERT INTO `PostImages` (`ImageID`, `PostID`) VALUES (37, 17);
INSERT INTO `PostImages` (`ImageID`, `PostID`) VALUES (38, 17);
INSERT INTO `PostImages` (`ImageID`, `PostID`) VALUES (39, 17);
INSERT INTO `PostImages` (`ImageID`, `PostID`) VALUES (40, 18);
INSERT INTO `PostImages` (`ImageID`, `PostID`) VALUES (41, 18);
INSERT INTO `PostImages` (`ImageID`, `PostID`) VALUES (42, 19);
INSERT INTO `PostImages` (`ImageID`, `PostID`) VALUES (43, 19);
INSERT INTO `PostImages` (`ImageID`, `PostID`) VALUES (44, 19);
INSERT INTO `PostImages` (`ImageID`, `PostID`) VALUES (45, 19);
INSERT INTO `PostImages` (`ImageID`, `PostID`) VALUES (46, 19);
INSERT INTO `PostImages` (`ImageID`, `PostID`) VALUES (47, 20);
INSERT INTO `PostImages` (`ImageID`, `PostID`) VALUES (48, 20);
INSERT INTO `PostImages` (`ImageID`, `PostID`) VALUES (49, 20);
INSERT INTO `PostImages` (`ImageID`, `PostID`) VALUES (50, 20);
INSERT INTO `PostImages` (`ImageID`, `PostID`) VALUES (51, 20);
INSERT INTO `PostImages` (`ImageID`, `PostID`) VALUES (52, 21);
INSERT INTO `PostImages` (`ImageID`, `PostID`) VALUES (53, 21);
INSERT INTO `PostImages` (`ImageID`, `PostID`) VALUES (54, 21);
INSERT INTO `PostImages` (`ImageID`, `PostID`) VALUES (55, 21);
INSERT INTO `PostImages` (`ImageID`, `PostID`) VALUES (56, 21);
INSERT INTO `PostImages` (`ImageID`, `PostID`) VALUES (57, 22);
INSERT INTO `PostImages` (`ImageID`, `PostID`) VALUES (58, 23);
INSERT INTO `PostImages` (`ImageID`, `PostID`) VALUES (59, 23);
INSERT INTO `PostImages` (`ImageID`, `PostID`) VALUES (60, 23);
INSERT INTO `PostImages` (`ImageID`, `PostID`) VALUES (61, 24);
INSERT INTO `PostImages` (`ImageID`, `PostID`) VALUES (62, 24);
INSERT INTO `PostImages` (`ImageID`, `PostID`) VALUES (63, 24);
INSERT INTO `PostImages` (`ImageID`, `PostID`) VALUES (64, 25);
INSERT INTO `PostImages` (`ImageID`, `PostID`) VALUES (65, 25);
INSERT INTO `PostImages` (`ImageID`, `PostID`) VALUES (66, 25);
INSERT INTO `PostImages` (`ImageID`, `PostID`) VALUES (67, 26);
INSERT INTO `PostImages` (`ImageID`, `PostID`) VALUES (68, 26);
INSERT INTO `PostImages` (`ImageID`, `PostID`) VALUES (69, 26);
INSERT INTO `PostImages` (`ImageID`, `PostID`) VALUES (70, 26);
INSERT INTO `PostImages` (`ImageID`, `PostID`) VALUES (71, 27);
INSERT INTO `PostImages` (`ImageID`, `PostID`) VALUES (72, 27);
INSERT INTO `PostImages` (`ImageID`, `PostID`) VALUES (73, 28);
INSERT INTO `PostImages` (`ImageID`, `PostID`) VALUES (74, 28);
INSERT INTO `PostImages` (`ImageID`, `PostID`) VALUES (75, 28);
INSERT INTO `PostImages` (`ImageID`, `PostID`) VALUES (76, 29);
INSERT INTO `PostImages` (`ImageID`, `PostID`) VALUES (77, 29);
INSERT INTO `PostImages` (`ImageID`, `PostID`) VALUES (78, 29);
INSERT INTO `PostImages` (`ImageID`, `PostID`) VALUES (80, 27);
INSERT INTO `PostImages` (`ImageID`, `PostID`) VALUES (81, 30);
INSERT INTO `PostImages` (`ImageID`, `PostID`) VALUES (82, 30);
# 81 records

#
# Table structure for table 'Posts'
#


CREATE TABLE `Posts` (
  `PostID` INTEGER NOT NULL AUTO_INCREMENT, 
  `UID` INTEGER, 
  `MainPostImage` INTEGER DEFAULT 0, 
  `Title` VARCHAR(255), 
  `Message` LONGTEXT, 
  `PostTime` DATETIME, 
  INDEX (`MainPostImage`), 
  PRIMARY KEY (`PostID`), 
  INDEX (`UID`)
) ENGINE=innodb DEFAULT CHARSET=utf8;

SET autocommit=1;

#
# Dumping data for table 'Posts'
#

INSERT INTO `Posts` (`PostID`, `UID`, `MainPostImage`, `Title`, `Message`, `PostTime`) VALUES (1, 2, 3, 'Calgary in the Snow', 'In December of 2011, I was lucky/unfortunate enough to have the opportunity to fly to chilly Calgary in Western Canada for a week-long conference. I was all prepared for winter and cold … it was to Canada after all that I was travelling! Imagine my surprise when I arrived at the airport on Saturday morning to find the temperature was over 10 degrees Celsius. Yet within just a few hours, the weather began to turn. On Sunday morning, I awoke at 6am local time to find that the city was dusted in about 10cm of snow. <p>It was truly magical! A hush had descended upon the city to go with the snow. And yet, again, to my surprise, there were joggers out at 7am running, snow or no snow. None the less, I spent almost two hours walking all across the center of the city, snapping photos, glad that I had packed mittens and a hat.', '2011-12-04 00:00:00');
INSERT INTO `Posts` (`PostID`, `UID`, `MainPostImage`, `Title`, `Message`, `PostTime`) VALUES (2, 1, 1, 'Fall Colors in Calgary', 'As part of John and I\'s journey across Canada, we found ourselves finally leaving the prairies and heading to Calgary, one of Canada\'s major cities, which lies less than an hour\'s drive from the mountains.<p>The weather was tremendous. Fall colors had blanketing the city, though there still was plenty of green. Perhaps my favorite photo location was Edworthy Park in Calgary. This park is on the western edge of the city right beside the Bow River. The park is also bordered by hills that contain what are amounts to old-growth forests.<p>Evidently the park used to be part of a ranch with cows and horses. While we didn\'t see any domestic animals, there were a variety of wonderful trails meandering through the hills, from which I snapped these photos.', '2011-10-08 00:00:00');
INSERT INTO `Posts` (`PostID`, `UID`, `MainPostImage`, `Title`, `Message`, `PostTime`) VALUES (3, 5, 5, 'Mountain Climbing', 'The highlight of our last trip to Canada was a climb up Sulpher Mountain just outside of Banff. I\'d like to say that it was so difficult that we required crampons, pitons, and screamers … but that would be stretching the truth for sure.<p>The ascent up Sulpher Mountain in fact can be made via a gondola. We decided to walk instead, which took us just about 90 minutes, if I remember correctly. There were lots of other people making the same ascent. Most of the climb is a series of eventually tedious switchbacks. Yet the view eventually becomes quite stunning, allowing one to view up and down the Bow River valley.', '2011-09-03 00:00:00');
INSERT INTO `Posts` (`PostID`, `UID`, `MainPostImage`, `Title`, `Message`, `PostTime`) VALUES (4, 5, 13, 'One Day in New York', 'After my last conference, I had time for a quick one day tour of New York. There is so much to see! Because of the time constraints, I decided to focus on a pretty small area, in my case, midtown New York around Central Park and the Rockefeller Center.<p>Lorem ipsum dolor sit amet, consectetuer adipiscing elit. Phasellus hendrerit. Pellentesque aliquet nibh nec urna. In nisi neque, aliquet vel, dapibus id, mattis vel, nisi. Sed pretium, ligula sollicitudin laoreet viverra, tortor libero sodales leo, eget blandit nunc tortor eu nibh. Nullam mollis. Ut justo. Suspendisse potenti.\r\n<p>\r\nSed egestas, ante et vulputate volutpat, eros pede semper est, vitae luctus metus libero eu augue. Morbi purus libero, faucibus adipiscing, commodo quis, gravida id, est. Sed lectus. Praesent elementum hendrerit tortor. Sed semper lorem at felis. Vestibulum volutpat, lacus a ultrices sagittis, mi neque euismod dui, eu pulvinar nunc sapien ornare nisl. Phasellus pede arcu, dapibus eu, fermentum et, dapibus sed, urna.', '2012-10-22 00:00:00');
INSERT INTO `Posts` (`PostID`, `UID`, `MainPostImage`, `Title`, `Message`, `PostTime`) VALUES (5, 6, 33, 'Visiting Orlando', 'Lorem ipsum dolor sit amet, consectetuer adipiscing elit. Donec odio. Quisque volutpat mattis eros. Nullam malesuada erat ut turpis. Suspendisse urna nibh, viverra non, semper suscipit, posuere a, pede.\r\n<p>\r\nDonec nec justo eget felis facilisis fermentum. Aliquam porttitor mauris sit amet orci. Aenean dignissim pellentesque felis.\r\n<p>\r\nMorbi in sem quis dui placerat ornare. Pellentesque odio nisi, euismod in, pharetra a, ultricies in, diam. Sed arcu. Cras consequat.\r\n<p>\r\nPraesent dapibus, neque id cursus faucibus, tortor neque egestas augue, eu vulputate magna eros eu erat. Aliquam erat volutpat. Nam dui mi, tincidunt quis, accumsan porttitor, facilisis luctus, metus.', '2012-07-18 00:00:00');
INSERT INTO `Posts` (`PostID`, `UID`, `MainPostImage`, `Title`, `Message`, `PostTime`) VALUES (6, 9, 15, 'Favorite Places', 'But I must explain to you how all this mistaken idea of denouncing pleasure and praising pain was born and I will give you a complete account of the system, and expound the actual teachings of the great explorer of the truth, the master-builder of human happiness. No one rejects, dislikes, or avoids pleasure itself, because it is pleasure, but because those who do not know how to pursue pleasure rationally encounter consequences that are extremely painful.\r\n<p>\r\nNor again is there anyone who loves or pursues or desires to obtain pain of itself, because it is pain, but because occasionally circumstances occur in which toil and pain can procure him some great pleasure. To take a trivial example, which of us ever undertakes laborious physical exercise, except to obtain some advantage from it? But who has any right to find fault with a man who chooses to enjoy a pleasure that has no annoying consequences, or one who avoids a pain that produces no resultant pleasure?\r\n<p>\r\nOn the other hand, we denounce with righteous indignation and dislike men who are so beguiled and demoralized by the charms of pleasure of the moment, so blinded by desire, that they cannot foresee the pain and trouble that are bound to ensue; and equal blame belongs to those who fail in their duty through weakness of will, which is the same as saying through shrinking from toil and pain. These cases are perfectly simple and easy to distinguish. In a free hour, when our power of choice is untrammelled and when nothing prevents our being able to do what we like best, every pleasure is to be welcomed and every pain avoided. But in certain circumstances and owing to the claims of duty or the obligations of business it will frequently occur that', '2012-06-08 00:00:00');
INSERT INTO `Posts` (`PostID`, `UID`, `MainPostImage`, `Title`, `Message`, `PostTime`) VALUES (7, 10, 25, 'Berlin Tour', 'A wonderful serenity has taken possession of my entire soul, like these sweet mornings of spring which I enjoy with my whole heart. I am alone, and feel the charm of existence in this spot, which was created for the bliss of souls like mine. I am so happy, my dear friend, so absorbed in the exquisite sense of mere tranquil existence, that I neglect my talents. I should be incapable of drawing a single stroke at the present moment; and yet I feel that I never was a greater artist than now.\r\n<p>\r\nWhen, while the lovely valley teems with vapour around me, and the meridian sun strikes the upper surface of the impenetrable foliage of my trees, and but a few stray gleams steal into the inner sanctuary, I throw myself down among the tall grass by the trickling stream; and, as I lie close to the earth, a thousand unknown plants are noticed by me: when I hear the buzz of the little world among the stalks, and grow familiar with the countless indescribable forms of the insects and flies, then I feel the presence of the Almighty, who formed us in his own image, and the breath of that universal love which bears and sustains us, as it floats around us in an eternity of bliss; and then, my friend, when darkness overspreads my eyes, and heaven and earth seem to dwell in my soul and absorb its power, like the form of a beloved mistress, then I often think with longing, Oh, would I could describe these conceptions, could impress upon paper all that is living so full and warm within me, that it might be the mirror of my soul, as my soul is the mirror of the infinite God!\r\n<p>\r\nO my friend -- but it is too much for my strength -- I sink under the weight of the splendour of these visions! A wonderful serenity has taken possession of my entire soul, like these sweet mornings of spring which I enjoy with my whole heart. I am alone, and feel the charm of existence in this spot, which was created for the bliss of souls like mine.\r\n<p>\r\nI am so happy, my dear friend, so absorbed in the exquisite sense of mere tranquil existence, that I neglect my talents. I should be incapable of drawing a single stroke at the present moment; and yet I feel that I never was a greater artist than now. When, while the lovely valley teems with vapour around me, and the meridian sun strikes the upper surface of the impenetrable foliage of my trees, and but a few stray gleams steal into the inner sanctuary, I throw myself down among the tall grass by the trickling stream; and, as I lie close to the earth, a thousand unknown plants are noticed by me: when I hear the buzz of the little world among the stalks, and grow familiar with the', '2012-11-11 00:00:00');
INSERT INTO `Posts` (`PostID`, `UID`, `MainPostImage`, `Title`, `Message`, `PostTime`) VALUES (8, 11, 9, 'Old World Charm in the New World', '<p>A wonderful serenity has taken possession of my entire soul, like these sweet mornings of spring which I enjoy with my whole heart. I am alone, and feel the charm of existence in this spot, which was created for the bliss of souls like mine. I am so happy, my dear friend, so absorbed in the exquisite sense of mere tranquil existence, that I neglect my talents.</p>\n\n<p>I should be incapable of drawing a single stroke at the present moment; and yet I feel that I never was a greater artist than now.</p>\n\n<p>When, while the lovely valley teems with vapour around me, and the meridian sun strikes the upper surface of the impenetrable foliage of my trees, and but a few stray gleams steal into the inner sanctuary, I throw myself down among the tall grass by the trickling stream; and, as I lie close to the earth, a thousand unknown plants are noticed by me: when I hear the buzz of the little world among the stalks, and grow familiar with the countless indescribable forms of the insects and flies, then I feel the presence of the Almighty, who formed us in his own image, and the breath of that universal love which bears and sustains us, as it floats around us in an eternity of bliss; and then, my friend, when darkness overspreads my eyes, and heaven and earth seem to dwell in my soul and absorb its power, like the form of a beloved mistress, then I often think with longing, Oh, would I could describe these conceptions, could impress upon paper all that is living so full and warm within me, that it might be the mirror of my soul, as my soul is the mirror of the infinite God!</p>\n\n<p>O my friend -- but it is too much for my strength -- I sink under the weight of the splendour of these visions! A wonderful serenity has taken possession of my entire soul, like these sweet mornings of spring which I enjoy with my whole heart.</p>\n\n<p>I am alone, and feel the charm of existence in this spot, which was created for the bliss of souls like mine. I am so happy, my dear friend, so absorbed in the exquisite sense of mere tranquil existence, that I neglect my talents. I should be incapable of drawing a single</p>', '2013-01-17 00:00:00');
INSERT INTO `Posts` (`PostID`, `UID`, `MainPostImage`, `Title`, `Message`, `PostTime`) VALUES (9, 13, 8, 'Nova Scotia', '<p>The steamer Mongolia, belonging to the Peninsular and Oriental Company, built of iron, of two thousand eight hundred tons burden, and five hundred horse-power, was due at eleven o\'clock a.m. on Wednesday, the 9th of October, at Suez.  The Mongolia plied regularly between Brindisi and Bombay via the Suez Canal, and was one of the fastest steamers belonging to the company, always making more than ten knots an hour between Brindisi and Suez, and nine and a half between Suez and Bombay.</p>\n\n<p>Two men were promenading up and down the wharves, among the crowd of natives and strangers who were sojourning at this once straggling village&mdash;now, thanks to the enterprise of M. Lesseps, a fast-growing town.  One was the British consul at Suez, who, despite the prophecies of the English Government, and the unfavourable predictions of Stephenson, was in the habit of seeing, from his office window, English ships daily passing to and fro on the great canal, by which the old roundabout route from England to India by the Cape of Good Hope was abridged by at least a half.  The other was a small, slight-built personage, with a nervous, intelligent face, and bright eyes peering out from under eyebrows which he was incessantly twitching.  He was just now manifesting unmistakable signs of impatience, nervously pacing up and down, and unable to stand still for a moment.  This was Fix, one of the detectives who had been dispatched from England in search of the bank robber; it was his task to narrowly watch every passenger who arrived at Suez, and to follow up all who seemed to be suspicious characters, or bore a resemblance to the description of the criminal, which he had received two days before from the police headquarters at London.  The detective was evidently inspired by the hope of obtaining the splendid reward which would be the prize of success, and awaited with a feverish impatience, easy to understand, the arrival of the steamer Mongolia.</p>\n\n<p>\"So you say, consul,\" asked he for the twentieth time, \"that this steamer is never behind time?\"</p>\n\n<p>\"No, Mr. Fix,\" replied the consul.  \"She was bespoken yesterday at Port Said, and the rest of the way is of no account to such a craft.  I repeat that the Mongolia has been in advance of the time required by the company\'s regulations, and gained the prize awarded for excess of speed.\"</p>\n\n<p>\"Does she come directly from Brindisi?\"</p>', '2012-03-19 00:00:00');
INSERT INTO `Posts` (`PostID`, `UID`, `MainPostImage`, `Title`, `Message`, `PostTime`) VALUES (10, 18, 22, 'Rio Reno Voyage', '<p>Li Europan lingues es membres del sam familie. Lor separat existentie es un myth. Por scientie, musica, sport etc, litot Europa usa li sam vocabular. Li lingues differe solmen in li grammatica, li pronunciation e li plu commun vocabules.</p>\n\n<p>Omnicos directe al desirabilite de un nov lingua franca: On refusa continuar payar custosi traductores. At solmen va esser necessi far uniform grammatica, pronunciation e plu sommun paroles.</p>\n\n<p>Ma quande lingues coalesce, li grammatica del resultant lingue es plu simplic e regulari quam ti del coalescent lingues. Li nov lingua franca va esser plu simplic e regulari quam li existent Europan lingues. It va esser tam simplic quam Occidental in fact, it va esser Occidental.</p>\n\n<p>A un Angleso it va semblar un simplificat Angles, quam un skeptic Cambridge amico dit me que Occidental es. Li Europan lingues es membres del sam familie. Lor separat existentie es un myth. Por scientie, musica, sport etc, litot Europa usa li sam vocabular. Li lingues differe solmen in li grammatica, li pronunciation e li plu commun vocabules. Omnicos directe al desirabilite de un nov lingua franca: On refusa continuar payar custosi traductores. At solmen va esser necessi far uniform grammatica, pronunciation e plu sommun paroles.</p>', '2012-11-23 00:00:00');
INSERT INTO `Posts` (`PostID`, `UID`, `MainPostImage`, `Title`, `Message`, `PostTime`) VALUES (11, 20, 24, 'European Business', '<p>At last we gained such an offing, that the two pilots were needed no longer. The stout sail-boat that had accompanied us began ranging alongside.</p>\n\n<p>It was curious and not unpleasing, how Peleg and Bildad were affected at this juncture, especially Captain Bildad. For loath to depart, yet; very loath to leave, for good, a ship bound on so long and perilous a voyage&mdash;beyond both stormy Capes; a ship in which some thousands of his hard earned dollars were invested; a ship, in which an old shipmate sailed as captain; a man almost as old as he, once more starting to encounter all the terrors of the pitiless jaw; loath to say good-bye to a thing so every way brimful of every interest to him,&mdash;poor old Bildad lingered long; paced the deck with anxious strides; ran down into the cabin to speak another farewell word there; again came on deck, and looked to windward; looked towards the wide and endless waters, only bounded by the far-off unseen Eastern Continents; looked towards the land; looked aloft; looked right and left; looked everywhere and nowhere; and at last, mechanically coiling a rope upon its pin, convulsively grasped stout Peleg by the hand, and holding up a lantern, for a moment stood gazing heroically in his face, as much as to say, \"Nevertheless, friend Peleg, I can stand it; yes, I can.\"</p>\n\n<p>As for Peleg himself, he took it more like a philosopher; but for all his philosophy, there was a tear twinkling in his eye, when the lantern came too near. And he, too, did not a little run from cabin to deck&mdash;now a word below, and now a word with Starbuck, the chief mate.</p>\n\n<p>But, at last, he turned to his comrade, with a final sort of look about him,&mdash;\"Captain Bildad&mdash;come, old shipmate, we must go. Back the main-yard there! Boat ahoy! Stand by to come close alongside, now! Careful, careful!&mdash;come, Bildad, boy&mdash;say your last. Luck to ye, Starbuck&mdash;luck to ye, Mr. Stubb&mdash;luck to ye, Mr. Flask&mdash;good-bye and good luck to ye all&mdash;and this day three years I\'ll have a hot supper smoking for ye in old Nantucket. Hurrah and away!\"</p>', '2012-08-20 00:00:00');
INSERT INTO `Posts` (`PostID`, `UID`, `MainPostImage`, `Title`, `Message`, `PostTime`) VALUES (12, 27, 7, 'Honeymoon Journey', '<p>Far far away, behind the word mountains, far from the countries Vokalia and Consonantia, there live the blind texts. Separated they live in Bookmarksgrove right at the coast of the Semantics, a large language ocean.</p>\n\n<p>A small river named Duden flows by their place and supplies it with the necessary regelialia. It is a paradisematic country, in which roasted parts of sentences fly into your mouth.</p>\n\n<p>Even the all-powerful Pointing has no control about the blind texts it is an almost unorthographic life One day however a small line of blind text by the name of Lorem Ipsum decided to leave for the far World of Grammar.</p>\n\n<p>The Big Oxmox advised her not to do so, because there were thousands of bad Commas, wild Question Marks and devious Semikoli, but the Little Blind Text didn’t listen. She packed her seven versalia, put her initial into the belt and made herself on the way. When she reached the first hills of the Italic Mountains, she had a last view back on the skyline of her hometown Bookmarksgrove, the headline of Alphabet Village and the subline of her own road, the Line Lane. Pityful a rethoric question ran over her cheek, then</p>', '2011-08-22 00:00:00');
INSERT INTO `Posts` (`PostID`, `UID`, `MainPostImage`, `Title`, `Message`, `PostTime`) VALUES (13, 27, 17, 'British Adventure', '<p>But I must explain to you how all this mistaken idea of denouncing pleasure and praising pain was born and I will give you a complete account of the system, and expound the actual teachings of the great explorer of the truth, the master-builder of human happiness.</p>\n\n<p>No one rejects, dislikes, or avoids pleasure itself, because it is pleasure, but because those who do not know how to pursue pleasure rationally encounter consequences that are extremely painful. Nor again is there anyone who loves or pursues or desires to obtain pain of itself, because it is pain, but because occasionally circumstances occur in which toil and pain can procure him some great pleasure.</p>\n\n<p>To take a trivial example, which of us ever undertakes laborious physical exercise, except to obtain some advantage from it? But who has any right to find fault with a man who chooses to enjoy a pleasure that has no annoying consequences, or one who avoids a pain that produces no resultant pleasure? On the other hand, we denounce with righteous indignation and dislike men who are so beguiled and demoralized by the charms of pleasure of the moment, so blinded by desire, that they cannot foresee</p>', '2013-02-03 00:00:00');
INSERT INTO `Posts` (`PostID`, `UID`, `MainPostImage`, `Title`, `Message`, `PostTime`) VALUES (14, 28, 20, 'Sussex Zombie Castles', 'Zombie ipsum reversus ab viral inferno, nam rick grimes malum cerebro. De carne lumbering animata corpora quaeritis. Summus brains sit??, morbo vel maleficia? De apocalypsi gorger omero undead survivor dictum mauris. Hi mindless mortuis soulless creaturas, imo evil stalking monstra adventus resi dentevil vultus comedat cerebella viventium. Qui animated corpse, cricket bat max brucks terribilem incessu zomby. The voodoo sacerdos flesh eater, suscitat mortuos comedere carnem virus. Zonbi tattered for solum oculi eorum defunctis go lum cerebro. Nescio brains an Undead zombies. Sicut malus putrid voodoo horror. Nigh tofth eliv ingdead.\r\n<p>\r\nCim horribilem walking dead resurgere de crazed sepulcris creaturis, zombie sicut de grave feeding iride et serpens. Pestilentia, shaun ofthe dead scythe animated corpses ipsa screams. Pestilentia est plague haec decaying ambulabat mortuos. Sicut zeder apathetic malus voodoo. Aenean a dolor plan et terror soulless vulnerum contagium accedunt, mortui iam vivam unlife. Qui tardius moveri, brid eof reanimator sed in magna copia sint terribiles undeath legionis. Alii missing oculis aliorum sicut serpere crabs nostram. Putridi braindead odores kill and infect, aere implent left four dead.\r\n<p>\r\nLucio fulci tremor est dark vivos magna. Expansis creepy arm yof darkness ulnis witchcraft missing carnem armis Kirkman Moore and Adlard caeruleum in locis. Romero morbo Congress amarus in auras. Nihil horum sagittis tincidunt, zombie slack-jawed gelida survival portenta. The unleashed virus est, et iam zombie mortui ambulabunt super terram. Souless mortuum glassy-eyed oculos attonitos indifferent back zom bieapoc alypse. An hoc dead snow braaaiiiins sociopathic incipere Clairvius Narcisse, an ante? Is bello mundi z?', '2011-05-16 00:00:00');
INSERT INTO `Posts` (`PostID`, `UID`, `MainPostImage`, `Title`, `Message`, `PostTime`) VALUES (15, 29, 29, 'Beautiful Madrid', 'Direct trade readymade vice, PBR stumptown blog gentrify fixie pickled gluten-free forage cardigan. Single-origin coffee raw denim readymade brooklyn 8-bit polaroid. Pour-over squid godard, semiotics vinyl american apparel mixtape polaroid scenester wolf four loko thundercats. Viral american apparel scenester, master cleanse swag typewriter kogi wes anderson forage gastropub 3 wolf moon pitchfork bicycle rights. Lo-fi fanny pack bushwick fingerstache art party, cray before they sold out seitan. Freegan food truck hella, chillwave lo-fi lomo small batch pour-over photo booth yr banh mi. Yr butcher keytar, retro williamsburg helvetica blog stumptown narwhal gluten-free american apparel fap.\r\n<p>\r\nWilliamsburg you probably haven\'t heard of them organic, banksy echo park post-ironic fingerstache craft beer cred ennui godard VHS squid. Beard jean shorts DIY, craft beer street art kale chips dreamcatcher forage scenester. Photo booth cliche bushwick, pinterest ethnic pop-up ennui leggings bicycle rights. Banh mi keytar four loko, ethical beard etsy food truck mixtape. Mustache squid narwhal trust fund. Umami authentic vinyl whatever food truck. 3 wolf moon mustache thundercats whatever, vinyl kogi cliche.\r\n<p>\r\nScenester cliche readymade, mlkshk squid vice Austin locavore quinoa selvage master cleanse lo-fi seitan. Wayfarers ethical squid forage, cliche gastropub mixtape marfa. Next level leggings pop-up cardigan kogi, shoreditch synth portland chambray mixtape. Vegan pork belly hella typewriter, ethnic swag before they sold out brunch sartorial synth bicycle rights stumptown seitan echo park. Sustainable pinterest stumptown iphone hella. Small batch viral cred, freegan banh mi banksy biodiesel letterpress post-ironic vice four loko mustache. Street art irony high life semiotics mustache odd future, wes anderson terry richardson stumptown forage put a bird on it pour-over readymade.\r\n<p>\r\nChambray PBR cliche, single-origin coffee vinyl wes anderson truffaut Austin DIY. Salvia whatever wes anderson street art pinterest high life. Master cleanse pour-over jean shorts four loko. Street art artisan biodiesel chillwave, next level synth lomo art party four loko put a bird on it umami pitchfork portland salvia. Art party butcher farm-to-table gastropub aesthetic. Terry richardson swag food truck chambray cardigan art party. Four loko irony polaroid, seitan keffiyeh typewriter +1 fanny pack DIY pour-over aesthetic.', '2012-09-02 00:00:00');
INSERT INTO `Posts` (`PostID`, `UID`, `MainPostImage`, `Title`, `Message`, `PostTime`) VALUES (16, 30, 31, 'Our Bahamas Getaway', 'Bacon ipsum dolor sit amet kielbasa officia ribeye tri-tip sausage, swine salami occaecat biltong. Strip steak shoulder rump swine sunt commodo turducken sint eu ut kielbasa meatball duis. Do chicken laboris officia ut. Hamburger aute labore jerky, laborum cillum ullamco ham cupidatat est esse voluptate non. Pig kielbasa chuck occaecat dolore tempor sint laborum beef ribs anim nisi cupidatat. Shank tail sint, excepteur short ribs bacon beef. Chicken frankfurter nostrud, pork dolore in meatloaf.\r\n<p>\r\nT-bone rump ham velit salami, ullamco laborum consectetur tenderloin jowl turducken. Meatball ham hock filet mignon, ad nisi esse commodo sint culpa labore magna. Nostrud aute officia shank non duis jerky venison t-bone spare ribs ut ribeye. T-bone est rump dolore ribeye kielbasa fugiat pancetta velit. Salami in proident adipisicing. Ball tip fugiat ex in jowl.', '2012-02-07 00:00:00');
INSERT INTO `Posts` (`PostID`, `UID`, `MainPostImage`, `Title`, `Message`, `PostTime`) VALUES (17, 3, 34, 'Summer in Ghana', 'A wonderful serenity has taken possession of my entire soul, like these sweet mornings of spring which I enjoy with my whole heart. I am alone, and feel the charm of existence in this spot, which was created for the bliss of souls like mine. I am so happy, my dear friend, so absorbed in the exquisite sense of mere tranquil existence, that I neglect my talents. I should be incapable of drawing a single stroke at the present moment; and yet I feel that I never was a greater artist than now.\r\n<p>\r\nWhen, while the lovely valley teems with vapour around me, and the meridian sun strikes the upper surface of the impenetrable foliage of my trees, and but a few stray gleams steal into the inner sanctuary, I throw myself down among the tall grass by the trickling stream; and, as I lie close to the earth, a thousand unknown plants are noticed by me: when I hear the buzz of the little world among the stalks, and grow familiar with the countless indescribable forms of the insects and flies, then I feel the presence of the Almighty, who formed us in his own image, and the breath of that universal love which bears and sustains us, as it floats around us in an eternity of bliss; and then, my friend, when darkness overspreads my eyes, and heaven and earth seem to dwell in my soul and absorb its power, like the form of a beloved mistress, then I often think with longing, Oh, would I could describe these conceptions, could impress upon paper all that is living so full and warm within me, that it might be the mirror of my soul, as my soul is the mirror of the infinite God!\r\n<p>\r\nO my friend -- but it is too much for my strength -- I sink under the weight of the splendour of these visions! A wonderful serenity has taken possession of my entire soul, like these sweet mornings of spring which I enjoy with my whole heart. I am alone, and feel the charm of existence in this spot, which was created for the bliss of souls like mine.\r\n<p>\r\nI am so happy, my dear friend, so absorbed in the exquisite sense of mere tranquil existence, that I neglect my talents. I should be incapable of drawing a single stroke at the present moment; and yet I feel that I never was a greater artist than now. When, while the lovely valley teems with vapour around me, and the meridian sun strikes the upper surface of the impenetrable foliage of my trees, and but a few stray gleams steal into the inner sanctuary, I throw myself down among the tall grass by the trickling stream; and, as I lie close to the earth, a thousand unknown plants are noticed by me: when I hear the buzz of the little world among the stalks, and grow familiar with the', '2012-11-03 00:00:00');
INSERT INTO `Posts` (`PostID`, `UID`, `MainPostImage`, `Title`, `Message`, `PostTime`) VALUES (18, 27, 40, 'Northern Italy', '<p>But I must explain to you how all this mistaken idea of denouncing pleasure and praising pain was born and I will give you a complete account of the system, and expound the actual teachings of the great explorer of the truth, the master-builder of human happiness.</p>\n\n<p>No one rejects, dislikes, or avoids pleasure itself, because it is pleasure, but because those who do not know how to pursue pleasure rationally encounter consequences that are extremely painful. Nor again is there anyone who loves or pursues or desires to obtain pain of itself, because it is pain, but because occasionally circumstances occur in which toil and pain can procure him some great pleasure.</p>\n\n<p>To take a trivial example, which of us ever undertakes laborious physical exercise, except to obtain some advantage from it? But who has any right to find fault with a man who chooses to enjoy a pleasure that has no annoying consequences, or one who avoids a pain that produces no resultant pleasure? On the other hand, we denounce with righteous indignation and dislike men who are so beguiled and demoralized by the charms of pleasure of the moment, so blinded by desire, that they cannot foresee</p>', '2012-11-12 00:00:00');
INSERT INTO `Posts` (`PostID`, `UID`, `MainPostImage`, `Title`, `Message`, `PostTime`) VALUES (19, 17, 42, 'Love in Venezia', '<p>The Lakeman now patrolled the barricade, all the while keeping his eye on the Captain, and jerking out such sentences as these:&mdash;\'It\'s not our fault; we didn\'t want it; I told him to take his hammer away; it was boy\'s business; he might have known me before this; I told him not to prick the buffalo; I believe I have broken a finger here against his cursed jaw; ain\'t those mincing knives down in the forecastle there, men? Look to those handspikes, my hearties. Captain, by God, look to yourself; say the word; don\'t be a fool; forget it all; we are ready to turn to; treat us decently, and we\'re your men; but we won\'t be flogged.</p>', '2013-06-12 00:00:00');
INSERT INTO `Posts` (`PostID`, `UID`, `MainPostImage`, `Title`, `Message`, `PostTime`) VALUES (20, 8, 47, 'Best Sabbatical Ever', '<p>Of the grand order of folio leviathans, the Sperm Whale and the Right Whale are by far the most noteworthy. They are the only whales regularly hunted by man. To the Nantucketer, they present the two extremes of all the known varieties of the whale. As the external difference between them is mainly observable in their heads; and as a head of each is this moment hanging from the Pequod\'s side; and as we may freely go from one to the other, by merely stepping across the deck:&mdash;where, I should like to know, will you obtain a better chance to study practical cetology than here?</p>\r\n\r\n<p>In the first place, you are struck by the general contrast between these heads. Both are massive enough in all conscience; but there is a certain mathematical symmetry in the Sperm Whale\'s which the Right Whale\'s sadly lacks. There is more character in the Sperm Whale\'s head. As you behold it, you involuntarily yield the immense superiority to him, in point of pervading dignity. In the present instance, too, this dignity is heightened by the pepper and salt colour of his head at the summit, giving token of advanced age and large experience. In short, he is what the fishermen technically call a \"grey-headed whale.\"</p>\r\n\r\n<p>Let us now note what is least dissimilar in these heads&mdash;namely, the two most important organs, the eye and the ear. Far back on the side of the head, and low down, near the angle of either whale\'s jaw, if you narrowly search, you will at last see a lashless eye, which you would fancy to be a young colt\'s eye; so out of all proportion is it to the magnitude of the head.</p>', '2013-07-09 00:00:00');
INSERT INTO `Posts` (`PostID`, `UID`, `MainPostImage`, `Title`, `Message`, `PostTime`) VALUES (21, 17, 52, 'When in Rome', '<p>The Narwhale has a very picturesque, leopard-like look, being of a milk-white ground colour, dotted with round and oblong spots of black. His oil is very superior, clear and fine; but there is little of it, and he is seldom hunted. He is mostly found in the circumpolar seas.</p>\r\n\r\n<p>Of this whale little is precisely known to the Nantucketer, and nothing at all to the professed naturalist. From what I have seen of him at a distance, I should say that he was about the bigness of a grampus. He is very savage&mdash;a sort of Feegee fish. He sometimes takes the great Folio whales by the lip, and hangs there like a leech, till the mighty brute is worried to death. The Killer is never hunted. I never heard what sort of oil he has. Exception might be taken to the name bestowed upon this whale, on the ground of its indistinctness. For we are all killers, on land and on sea; Bonapartes and Sharks included.</p>', '2013-08-06 00:00:00');
INSERT INTO `Posts` (`PostID`, `UID`, `MainPostImage`, `Title`, `Message`, `PostTime`) VALUES (22, 4, 57, 'The Park', '<p>A word or two more concerning this matter of the skin or blubber of the whale. It has already been said, that it is stript from him in long pieces, called blanket-pieces. Like most sea-terms, this one is very happy and significant. For the whale is indeed wrapt up in his blubber as in a real blanket or counterpane; or, still better, an Indian poncho slipt over his head, and skirting his extremity. It is by reason of this cosy blanketing of his body, that the whale is enabled to keep himself comfortable in all weathers, in all seas, times, and tides. What would become of a Greenland whale, say, in those shuddering, icy seas of the North, if unsupplied with his cosy surtout? True, other fish are found exceedingly brisk in those Hyperborean waters; but these, be it observed, are your cold-blooded, lungless fish, whose very bellies are refrigerators; creatures, that warm themselves under the lee of an iceberg, as a traveller in winter would bask before an inn fire; whereas, like man, the whale has lungs and warm blood. Freeze his blood, and he dies. How wonderful is it then&mdash;except after explanation&mdash;that this great monster, to whom corporeal warmth is as indispensable as it is to man; how wonderful that he should be found at home, immersed to his lips for life in those Arctic waters! where, when seamen fall overboard, they are sometimes found, months afterwards, perpendicularly frozen into the hearts of fields of ice, as a fly is found glued in amber. But more surprising is it to know, as has been proved by experiment, that the blood of a Polar whale is warmer than that of a Borneo negro in summer.</p>', '2013-03-10 00:00:00');
INSERT INTO `Posts` (`PostID`, `UID`, `MainPostImage`, `Title`, `Message`, `PostTime`) VALUES (23, 22, 58, 'Florence Tour', '<p>I know it, old man; these stubbs will weld together like glue from the melted bones of murderers. Quick! forge me the harpoon. And forge me first, twelve rods for its shank; then wind, and twist, and hammer these twelve together like the yarns and strands of a tow-line. Quick! I\'ll blow the fire.</p>\r\n\r\n<p>When at last the twelve rods were made, Ahab tried them, one by one, by spiralling them, with his own hand, round a long, heavy iron bolt. \"A flaw!\" rejecting the last one. \"Work that over again, Perth.\"</p>\r\n\r\n<p>This done, Perth was about to begin welding the twelve into one, when Ahab stayed his hand, and said he would weld his own iron. As, then, with regular, gasping hems, he hammered on the anvil, Perth passing to him the glowing rods, one after the other, and the hard pressed forge shooting up its intense straight flame, the Parsee passed silently, and bowing over his head towards the fire, seemed invoking some curse or some blessing on the toil. But, as Ahab looked up, he slid aside.</p>', '2013-04-18 00:00:00');
INSERT INTO `Posts` (`PostID`, `UID`, `MainPostImage`, `Title`, `Message`, `PostTime`) VALUES (24, 12, 61, 'Architecture of Florence', '<p>Champollion deciphered the wrinkled granite hieroglyphics. But there is no Champollion to decipher the Egypt of every man\'s and every being\'s face. Physiognomy, like every other human science, is but a passing fable. If then, Sir William Jones, who read in thirty languages, could not read the simplest peasant\'s face in its profounder and more subtle meanings, how may unlettered Ishmael hope to read the awful Chaldee of the Sperm Whale\'s brow? I but put that brow before you. Read it if you can.</p>\n\n<p>If the Sperm Whale be physiognomically a Sphinx, to the phrenologist his brain seems that geometrical circle which it is impossible to square.</p>', '2013-02-12 00:00:00');
INSERT INTO `Posts` (`PostID`, `UID`, `MainPostImage`, `Title`, `Message`, `PostTime`) VALUES (25, 15, 64, 'Tilting in Pisa', '<p>But I must explain to you how all this mistaken idea of denouncing pleasure and praising pain was born and I will give you a complete account of the system, and expound the actual teachings of the great explorer of the truth, the master-builder of human happiness.</p>\n\n<p>No one rejects, dislikes, or avoids pleasure itself, because it is pleasure, but because those who do not know how to pursue pleasure rationally encounter consequences that are extremely painful. Nor again is there anyone who loves or pursues or desires to obtain pain of itself, because it is pain, but because occasionally circumstances occur in which toil and pain can procure him some great pleasure.</p>\n\n<p>To take a trivial example, which of us ever undertakes laborious physical exercise, except to obtain some advantage from it? But who has any right to find fault with a man who chooses to enjoy a pleasure that has no annoying consequences, or one who avoids a pain that produces no resultant pleasure? On the other hand, we denounce with righteous indignation and dislike men who are so beguiled and demoralized by the charms of pleasure of the moment, so blinded by desire, that they cannot foresee</p>', '2013-09-19 00:00:00');
INSERT INTO `Posts` (`PostID`, `UID`, `MainPostImage`, `Title`, `Message`, `PostTime`) VALUES (26, 23, 67, 'Lovin\' Tuscany', '<p>At last we gained such an offing, that the two pilots were needed no longer. The stout sail-boat that had accompanied us began ranging alongside.</p>\n\n<p>It was curious and not unpleasing, how Peleg and Bildad were affected at this juncture, especially Captain Bildad. For loath to depart, yet; very loath to leave, for good, a ship bound on so long and perilous a voyage&mdash;beyond both stormy Capes; a ship in which some thousands of his hard earned dollars were invested; a ship, in which an old shipmate sailed as captain; a man almost as old as he, once more starting to encounter all the terrors of the pitiless jaw; loath to say good-bye to a thing so every way brimful of every interest to him,&mdash;poor old Bildad lingered long; paced the deck with anxious strides; ran down into the cabin to speak another farewell word there; again came on deck, and looked to windward; looked towards the wide and endless waters, only bounded by the far-off unseen Eastern Continents; looked towards the land; looked aloft; looked right and left; looked everywhere and nowhere; and at last, mechanically coiling a rope upon its pin, convulsively grasped stout Peleg by the hand, and holding up a lantern, for a moment stood gazing heroically in his face, as much as to say, \"Nevertheless, friend Peleg, I can stand it; yes, I can.\"</p>\n\n<p>As for Peleg himself, he took it more like a philosopher; but for all his philosophy, there was a tear twinkling in his eye, when the lantern came too near. And he, too, did not a little run from cabin to deck&mdash;now a word below, and now a word with Starbuck, the chief mate.</p>\n\n<p>But, at last, he turned to his comrade, with a final sort of look about him,&mdash;\"Captain Bildad&mdash;come, old shipmate, we must go. Back the main-yard there! Boat ahoy! Stand by to come close alongside, now! Careful, careful!&mdash;come, Bildad, boy&mdash;say your last. Luck to ye, Starbuck&mdash;luck to ye, Mr. Stubb&mdash;luck to ye, Mr. Flask&mdash;good-bye and good luck to ye all&mdash;and this day three years I\'ll have a hot supper smoking for ye in old Nantucket. Hurrah and away!\"</p>', '2013-09-13 00:00:00');
INSERT INTO `Posts` (`PostID`, `UID`, `MainPostImage`, `Title`, `Message`, `PostTime`) VALUES (27, 7, 71, 'Spicy Budapest', 'Bacon ipsum dolor sit amet kielbasa officia ribeye tri-tip sausage, swine salami occaecat biltong. Strip steak shoulder rump swine sunt commodo turducken sint eu ut kielbasa meatball duis. Do chicken laboris officia ut. Hamburger aute labore jerky, laborum cillum ullamco ham cupidatat est esse voluptate non. Pig kielbasa chuck occaecat dolore tempor sint laborum beef ribs anim nisi cupidatat. Shank tail sint, excepteur short ribs bacon beef. Chicken frankfurter nostrud, pork dolore in meatloaf.\r\n<p>\r\nT-bone rump ham velit salami, ullamco laborum consectetur tenderloin jowl turducken. Meatball ham hock filet mignon, ad nisi esse commodo sint culpa labore magna. Nostrud aute officia shank non duis jerky venison t-bone spare ribs ut ribeye. T-bone est rump dolore ribeye kielbasa fugiat pancetta velit. Salami in proident adipisicing. Ball tip fugiat ex in jowl.', '2013-03-20 00:00:00');
INSERT INTO `Posts` (`PostID`, `UID`, `MainPostImage`, `Title`, `Message`, `PostTime`) VALUES (28, 14, 73, 'Athen in the Sunshine', '<p>The Lakeman now patrolled the barricade, all the while keeping his eye on the Captain, and jerking out such sentences as these:&mdash;\'It\'s not our fault; we didn\'t want it; I told him to take his hammer away; it was boy\'s business; he might have known me before this; I told him not to prick the buffalo; I believe I have broken a finger here against his cursed jaw; ain\'t those mincing knives down in the forecastle there, men? Look to those handspikes, my hearties. Captain, by God, look to yourself; say the word; don\'t be a fool; forget it all; we are ready to turn to; treat us decently, and we\'re your men; but we won\'t be flogged.</p>', '2013-06-10 00:00:00');
INSERT INTO `Posts` (`PostID`, `UID`, `MainPostImage`, `Title`, `Message`, `PostTime`) VALUES (29, 12, 76, 'Greek Dreaming', '<p>Soon we were running through a suffusing wide veil of mist; neither ship nor boat to be seen.</p>\n\n<p>\"Give way, men,\" whispered Starbuck, drawing still further aft the sheet of his sail; \"there is time to kill a fish yet before the squall comes. There\'s white water again!&mdash;close to! Spring!\"</p>\n\n<p>Soon after, two cries in quick succession on each side of us denoted that the other boats had got fast; but hardly were they overheard, when with a lightning-like hurtling whisper Starbuck said: \"Stand up!\" and Queequeg, harpoon in hand, sprang to his feet.</p>', '2013-04-30 00:00:00');
INSERT INTO `Posts` (`PostID`, `UID`, `MainPostImage`, `Title`, `Message`, `PostTime`) VALUES (30, 21, 81, 'Oxford Day Trip', '<p>Li Europan lingues es membres del sam familie. Lor separat existentie es un myth. Por scientie, musica, sport etc, litot Europa usa li sam vocabular. Li lingues differe solmen in li grammatica, li pronunciation e li plu commun vocabules.</p>\n\n<p>Omnicos directe al desirabilite de un nov lingua franca: On refusa continuar payar custosi traductores. At solmen va esser necessi far uniform grammatica, pronunciation e plu sommun paroles.</p>\n\n<p>Ma quande lingues coalesce, li grammatica del resultant lingue es plu simplic e regulari quam ti del coalescent lingues. Li nov lingua franca va esser plu simplic e regulari quam li existent Europan lingues. It va esser tam simplic quam Occidental in fact, it va esser Occidental.</p>\n\n<p>A un Angleso it va semblar un simplificat Angles, quam un skeptic Cambridge amico dit me que Occidental es. Li Europan lingues es membres del sam familie. Lor separat existentie es un myth. Por scientie, musica, sport etc, litot Europa usa li sam vocabular. Li lingues differe solmen in li grammatica, li pronunciation e li plu commun vocabules. Omnicos directe al desirabilite de un nov lingua franca: On refusa continuar payar custosi traductores. At solmen va esser necessi far uniform grammatica, pronunciation e plu sommun paroles.</p>', '2013-03-22 00:00:00');
# 30 records

#
# Table structure for table 'UserDetails'
#


CREATE TABLE `UserDetails` (
  `UID` INTEGER NOT NULL, 
  `FirstName` VARCHAR(255), 
  `LastName` VARCHAR(255), 
  `Address` VARCHAR(255), 
  `City` VARCHAR(255), 
  `Region` VARCHAR(255), 
  `Country` VARCHAR(255), 
  `Postal` VARCHAR(255), 
  `Phone` VARCHAR(255), 
  `Email` VARCHAR(255), 
  `Privacy` VARCHAR(255), 
  PRIMARY KEY (`UID`)
) ENGINE=innodb DEFAULT CHARSET=utf8;

SET autocommit=1;

#
# Dumping data for table 'UserDetails'
#

INSERT INTO `UserDetails` (`UID`, `FirstName`, `LastName`, `Address`, `City`, `Region`, `Country`, `Postal`, `Phone`, `Email`, `Privacy`) VALUES (1, 'Luís', 'Gonçalves', 'Av. Brigadeiro Faria Lima, 2170', 'São José dos Campos', 'SP', 'Brazil', '12227-000', '+55 (12) 3923-5555', 'luisg@embraer.com.br', '1');
INSERT INTO `UserDetails` (`UID`, `FirstName`, `LastName`, `Address`, `City`, `Region`, `Country`, `Postal`, `Phone`, `Email`, `Privacy`) VALUES (2, 'Leonie', 'Köhler', 'Theodor-Heuss-Straße 34', 'Stuttgart', NULL, 'Germany', '70174', '+49 0711 2842222', 'leonekohler@surfeu.de', '1');
INSERT INTO `UserDetails` (`UID`, `FirstName`, `LastName`, `Address`, `City`, `Region`, `Country`, `Postal`, `Phone`, `Email`, `Privacy`) VALUES (3, 'Bjørn', 'Hansen', 'Ullevålsveien 14', 'Oslo', NULL, 'Norway', '0171', '+47 22 44 22 22', 'bjorn.hansen@yahoo.no', '1');
INSERT INTO `UserDetails` (`UID`, `FirstName`, `LastName`, `Address`, `City`, `Region`, `Country`, `Postal`, `Phone`, `Email`, `Privacy`) VALUES (4, 'François', 'Tremblay', '1498 rue Bélanger', 'Montréal', 'QC', 'Canada', 'H2G 1A7', '+1 (514) 721-4711', 'ftremblay@gmail.com', '1');
INSERT INTO `UserDetails` (`UID`, `FirstName`, `LastName`, `Address`, `City`, `Region`, `Country`, `Postal`, `Phone`, `Email`, `Privacy`) VALUES (5, 'František', 'Wichterlová', 'Klanova 9/506', 'Prague', NULL, 'Czech Republic', '14700', '+420 2 4172 5555', 'frantisekw@jetbrains.com', '2');
INSERT INTO `UserDetails` (`UID`, `FirstName`, `LastName`, `Address`, `City`, `Region`, `Country`, `Postal`, `Phone`, `Email`, `Privacy`) VALUES (6, 'Astrid', 'Gruber', 'Rotenturmstraße 4, 1010 Innere Stadt', 'Vienna', NULL, 'Austria', '1010', '+43 01 5134505', 'astrid.gruber@apple.at', '1');
INSERT INTO `UserDetails` (`UID`, `FirstName`, `LastName`, `Address`, `City`, `Region`, `Country`, `Postal`, `Phone`, `Email`, `Privacy`) VALUES (7, 'Helena', 'Holý', 'Rilská 3174/6', 'Prague', NULL, 'Czech Republic', '14300', '+420 2 4177 0449', 'hholy@gmail.com', '2');
INSERT INTO `UserDetails` (`UID`, `FirstName`, `LastName`, `Address`, `City`, `Region`, `Country`, `Postal`, `Phone`, `Email`, `Privacy`) VALUES (8, 'Frank', 'Harris', '1600 Amphitheatre Parkway', 'Mountain View', 'CA', 'USA', '94043-1351', '+1 (425) 882-8080', 'fharris@google.com', '1');
INSERT INTO `UserDetails` (`UID`, `FirstName`, `LastName`, `Address`, `City`, `Region`, `Country`, `Postal`, `Phone`, `Email`, `Privacy`) VALUES (9, 'Jack', 'Smith', '1 Microsoft Way', 'Redmond', 'WA', 'USA', '98052-8300', '+1 (425) 882-8080', 'jacksmith@microsoft.com', '2');
INSERT INTO `UserDetails` (`UID`, `FirstName`, `LastName`, `Address`, `City`, `Region`, `Country`, `Postal`, `Phone`, `Email`, `Privacy`) VALUES (10, 'Michelle', 'Brooks', '627 Broadway', 'New York', 'NY', 'USA', '10012-2612', '+1 (212) 221-3546', 'michelleb@aol.com', '1');
INSERT INTO `UserDetails` (`UID`, `FirstName`, `LastName`, `Address`, `City`, `Region`, `Country`, `Postal`, `Phone`, `Email`, `Privacy`) VALUES (11, 'Tim', 'Goyer', '1 Infinite Loop', 'Cupertino', 'CA', 'USA', '95014', '+1 (408) 996-1010', 'tgoyer@apple.com', '1');
INSERT INTO `UserDetails` (`UID`, `FirstName`, `LastName`, `Address`, `City`, `Region`, `Country`, `Postal`, `Phone`, `Email`, `Privacy`) VALUES (12, 'Robert', 'Brown', '796 Dundas Street West', 'Toronto', 'ON', 'Canada', 'M6J 1V1', '+1 (416) 363-8888', 'robbrown@shaw.ca', '2');
INSERT INTO `UserDetails` (`UID`, `FirstName`, `LastName`, `Address`, `City`, `Region`, `Country`, `Postal`, `Phone`, `Email`, `Privacy`) VALUES (13, 'Edward', 'Francis', '230 Elgin Street', 'Ottawa', 'ON', 'Canada', 'K2P 1L7', '+1 (613) 234-3322', 'edfrancis@yachoo.ca', '2');
INSERT INTO `UserDetails` (`UID`, `FirstName`, `LastName`, `Address`, `City`, `Region`, `Country`, `Postal`, `Phone`, `Email`, `Privacy`) VALUES (14, 'Mark', 'Philips', '8210 111 ST NW', 'Edmonto', 'AB', 'Canada', 'T6G 2C7', '+1 (780) 434-4554', 'mphilips12@shaw.ca', '1');
INSERT INTO `UserDetails` (`UID`, `FirstName`, `LastName`, `Address`, `City`, `Region`, `Country`, `Postal`, `Phone`, `Email`, `Privacy`) VALUES (15, 'Martha', 'Silk', '194A Chain Lake Drive', 'Halifax', 'NS', 'Canada', 'B3S 1C5', '+1 (902) 450-0450', 'marthasilk@gmail.com', '1');
INSERT INTO `UserDetails` (`UID`, `FirstName`, `LastName`, `Address`, `City`, `Region`, `Country`, `Postal`, `Phone`, `Email`, `Privacy`) VALUES (16, 'Aaron', 'Mitchell', '696 Osborne Street', 'Winnipeg', 'MB', 'Canada', 'R3L 2B9', '+1 (204) 452-6452', 'aaronmitchell@yahoo.ca', '2');
INSERT INTO `UserDetails` (`UID`, `FirstName`, `LastName`, `Address`, `City`, `Region`, `Country`, `Postal`, `Phone`, `Email`, `Privacy`) VALUES (17, 'Ellie', 'Sullivan', '5112 48 Street', 'Yellowknife', 'NT', 'Canada', 'X1A 1N6', '+1 (867) 920-2233', 'ellie.sullivan@shaw.ca', '2');
INSERT INTO `UserDetails` (`UID`, `FirstName`, `LastName`, `Address`, `City`, `Region`, `Country`, `Postal`, `Phone`, `Email`, `Privacy`) VALUES (18, 'João', 'Fernandes', 'Rua da Assunção 53', 'Lisbon', NULL, 'Portugal', NULL, '+351 (213) 466-111', 'jfernandes@yahoo.pt', '2');
INSERT INTO `UserDetails` (`UID`, `FirstName`, `LastName`, `Address`, `City`, `Region`, `Country`, `Postal`, `Phone`, `Email`, `Privacy`) VALUES (19, 'Madalena', 'Sampaio', 'Rua dos Campeões Europeus de Viena, 4350', 'Porto', NULL, 'Portugal', NULL, '+351 (225) 022-448', 'masampaio@sapo.pt', '2');
INSERT INTO `UserDetails` (`UID`, `FirstName`, `LastName`, `Address`, `City`, `Region`, `Country`, `Postal`, `Phone`, `Email`, `Privacy`) VALUES (20, 'Hannah', 'Schneider', 'Tauentzienstraße 8', 'Berlin', NULL, 'Germany', '10789', '+49 030 26550280', 'hannah.schneider@yahoo.de', '1');
INSERT INTO `UserDetails` (`UID`, `FirstName`, `LastName`, `Address`, `City`, `Region`, `Country`, `Postal`, `Phone`, `Email`, `Privacy`) VALUES (21, 'Camille', 'Bernard', '4, Rue Milton', 'Paris', NULL, 'France', '75009', '+33 01 49 70 65 65', 'camille.bernard@yahoo.fr', '1');
INSERT INTO `UserDetails` (`UID`, `FirstName`, `LastName`, `Address`, `City`, `Region`, `Country`, `Postal`, `Phone`, `Email`, `Privacy`) VALUES (22, 'Isabelle', 'Mercier', '68, Rue Jouvence', 'Dijon', NULL, 'France', '21000', '+33 03 80 73 66 99', 'isabelle_mercier@apple.fr', '1');
INSERT INTO `UserDetails` (`UID`, `FirstName`, `LastName`, `Address`, `City`, `Region`, `Country`, `Postal`, `Phone`, `Email`, `Privacy`) VALUES (23, 'Emma', 'Jones', '202 Hoxton Street', 'London', NULL, 'United Kingdom', 'N1 5LH', '+44 020 7707 0707', 'emma_jones@hotmail.com', '1');
INSERT INTO `UserDetails` (`UID`, `FirstName`, `LastName`, `Address`, `City`, `Region`, `Country`, `Postal`, `Phone`, `Email`, `Privacy`) VALUES (24, 'Phil', 'Hughes', '113 Lupus St', 'London', NULL, 'United Kingdom', 'SW1V 3EN', '+44 020 7976 5722', 'phil.hughes@gmail.com', '1');
INSERT INTO `UserDetails` (`UID`, `FirstName`, `LastName`, `Address`, `City`, `Region`, `Country`, `Postal`, `Phone`, `Email`, `Privacy`) VALUES (25, 'Manoj', 'Pareek', '12,Community Centre', 'Delhi', NULL, 'India', '110017', '+91 0124 39883988', 'manoj.pareek@rediff.com', '1');
INSERT INTO `UserDetails` (`UID`, `FirstName`, `LastName`, `Address`, `City`, `Region`, `Country`, `Postal`, `Phone`, `Email`, `Privacy`) VALUES (26, 'Puja', 'Srivastava', '3,Raj Bhavan Road', 'Bangalore', NULL, 'India', '560001', '+91 080 22289999', 'puja_srivastava@yahoo.in', '2');
INSERT INTO `UserDetails` (`UID`, `FirstName`, `LastName`, `Address`, `City`, `Region`, `Country`, `Postal`, `Phone`, `Email`, `Privacy`) VALUES (27, 'Mark', 'Taylor', '421 Bourke Street', 'Sidney', 'NSW', 'Australia', '2010', '+61 (02) 9332 3633', 'mark.taylor@yahoo.au', '1');
INSERT INTO `UserDetails` (`UID`, `FirstName`, `LastName`, `Address`, `City`, `Region`, `Country`, `Postal`, `Phone`, `Email`, `Privacy`) VALUES (28, 'Richard', 'Cunningham', '2211 W Berry Street', 'Fort Worth', 'TX', 'USA', '76110', '+1 (817) 924-7272', 'ricunningham@hotmail.com', '1');
INSERT INTO `UserDetails` (`UID`, `FirstName`, `LastName`, `Address`, `City`, `Region`, `Country`, `Postal`, `Phone`, `Email`, `Privacy`) VALUES (29, 'Patrick', 'Gray', '1033 N Park Ave', 'Tucson', 'AZ', 'USA', '85719', '+1 (520) 622-4200', 'patrick.gray@aol.com', '2');
INSERT INTO `UserDetails` (`UID`, `FirstName`, `LastName`, `Address`, `City`, `Region`, `Country`, `Postal`, `Phone`, `Email`, `Privacy`) VALUES (30, 'Terhi', 'Hämäläinen', 'Porthaninkatu 9', 'Helsinki', NULL, 'Finland', '00530', '+358 09 870 2000', 'terhi.hamalainen@apple.fi', '2');
INSERT INTO `UserDetails` (`UID`, `FirstName`, `LastName`, `Address`, `City`, `Region`, `Country`, `Postal`, `Phone`, `Email`, `Privacy`) VALUES (31, 'Stanisław', 'Wójcik', 'Ordynacka 10', 'Warsaw', NULL, 'Poland', '00-358', '+48 22 828 37 39', 'stanisław.wójcik@wp.pl', '1');

SET autocommit=1;
# 31 records

