# Dump File
#
# Database is ported from MS Access
#--------------------------------------------------------
# Program Version 5.1.232

DROP DATABASE IF EXISTS `art`;
CREATE DATABASE IF NOT EXISTS `art`;
USE `art`;

#
# Table structure for table 'Artists'
#


CREATE TABLE `Artists` (
  `ArtistID` INTEGER NOT NULL AUTO_INCREMENT, 
  `FirstName` VARCHAR(50), 
  `LastName` VARCHAR(50) NOT NULL, 
  `Nationality` VARCHAR(50), 
  `Gender` VARCHAR(1) DEFAULT 'M', 
  `YearOfBirth` INTEGER DEFAULT 0, 
  `YearOfDeath` INTEGER DEFAULT 0, 
  `Details` LONGTEXT, 
  `ArtistLink` VARCHAR(255), 
  INDEX (`ArtistID`), 
  INDEX (`LastName`), 
  PRIMARY KEY (`ArtistID`)
) ENGINE=innodb DEFAULT CHARSET=utf8;

SET autocommit=1;

#
# Dumping data for table 'Artists'
#

INSERT INTO `Artists` (`ArtistID`, `FirstName`, `LastName`, `Nationality`, `Gender`, `YearOfBirth`, `YearOfDeath`, `Details`, `ArtistLink`) VALUES (1, 'Pablo', 'Picasso', 'Spain', 'M', 1881, 1973, 'Pablo Diego José Francisco de Paula Juan Nepomuceno María de los Remedios Cipriano de la Santísima Trinidad Ruiz y Picasso known as Pablo Ruiz Picasso was a Spanish painter, draughtsman, and sculptor who lived most of his life in France. He is widely known for co-founding the Cubist movement and for the wide variety of styles that he helped develop and explore. Among his most famous works are the proto-Cubist Les Demoiselles d\'Avignon (1907) and Guernica (1937), a portrayal of the German bombing of Guernica during the Spanish Civil War.', 'http://en.wikipedia.org/wiki/Picasso');
INSERT INTO `Artists` (`ArtistID`, `FirstName`, `LastName`, `Nationality`, `Gender`, `YearOfBirth`, `YearOfDeath`, `Details`, `ArtistLink`) VALUES (2, 'Henri', 'Matisse', 'France', 'M', 1869, 1954, 'Henri Matisse was a French artist, known for his use of colour and his fluid and original draughtsmanship. He was a draughtsman, printmaker, and sculptor, but is known primarily as a painter. Matisse is commonly regarded, along with Picasso and Marcel Duchamp, as one of the three artists who helped to define the revolutionary developments in the plastic arts in the opening decades of the 20th century, responsible for significant developments in painting and sculpture. Although he was initially labelled a Fauve (wild beast), by the 1920s he was increasingly hailed as an upholder of the classical tradition in French painting. His mastery of the expressive language of colour and drawing, displayed in a body of work spanning over a half-century, won him recognition as a leading figure in modern art', 'http://en.wikipedia.org/wiki/Matisse');
INSERT INTO `Artists` (`ArtistID`, `FirstName`, `LastName`, `Nationality`, `Gender`, `YearOfBirth`, `YearOfDeath`, `Details`, `ArtistLink`) VALUES (5, 'Jacques-Louis', 'David', 'France', 'M', 1748, 1825, 'Jacques-Louis David was a French painter in the Neoclassical style, considered to be the preeminent painter of the era. In the 1780s his cerebral brand of history painting marked a change in taste away from Rococo frivolity toward a classical austerity and severity, heightened feeling chiming with the moral climate of the final years of the Ancien Régime.\r\nDavid later became an active supporter of the French Revolution and friend of Maximilien Robespierre (1758–1794), and was effectively a dictator of the arts under the French Republic. Imprisoned after Robespierre\'s fall from power, he aligned himself with yet another political regime upon his release, that of Napoleon I. It was at this time that he developed his Empire style, notable for its use of warm Venetian colours. David had a huge number of pupils, making him the strongest influence in French art of the early 19th century, especially academic Salon painting.', 'http://en.wikipedia.org/wiki/Jacques-Louis_David');
INSERT INTO `Artists` (`ArtistID`, `FirstName`, `LastName`, `Nationality`, `Gender`, `YearOfBirth`, `YearOfDeath`, `Details`, `ArtistLink`) VALUES (6, 'Jean-Auguste-Dominique', 'Ingres', 'France', 'M', 1780, 1867, 'Jean-Auguste-Dominique Ingres was a French Neoclassical painter. Although he considered himself to be a painter of history in the tradition of Nicolas Poussin and Jacques-Louis David, by the end of his life it was Ingres\'s portraits, both painted and drawn, that were recognized as his greatest legacy.', 'http://en.wikipedia.org/wiki/Ingres');
INSERT INTO `Artists` (`ArtistID`, `FirstName`, `LastName`, `Nationality`, `Gender`, `YearOfBirth`, `YearOfDeath`, `Details`, `ArtistLink`) VALUES (7, 'Eugene', 'Delacroix', 'France', 'M', 1798, 1863, 'Eugène Delacroix was a French Romantic artist regarded from the outset of his career as the leader of the French Romantic school. Delacroix\'s use of expressive brushstrokes and his study of the optical effects of colour profoundly shaped the work of the Impressionists, while his passion for the exotic inspired the artists of the Symbolist movement. A fine lithographer, Delacroix illustrated various works of William Shakespeare, the Scottish writer Walter Scott and the German writer Johann Wolfgang von Goethe.', 'http://en.wikipedia.org/wiki/Eug%C3%A8ne_Delacroix');
INSERT INTO `Artists` (`ArtistID`, `FirstName`, `LastName`, `Nationality`, `Gender`, `YearOfBirth`, `YearOfDeath`, `Details`, `ArtistLink`) VALUES (8, 'Francisco', 'Goya', 'Spain', 'M', 1746, 1828, 'Francisco José de Goya y Lucientes was a Spanish romantic painter and printmaker regarded both as the last of the Old Masters and the first of the moderns. Goya was a court painter to the Spanish Crown, and through his works was both a commentator on and chronicler of his era. The subversive and imaginative element in his art, as well as his bold handling of paint, provided a model for the work of later generations of artists, notably Manet, Picasso and Francis Bacon.', 'http://en.wikipedia.org/wiki/Goya');
INSERT INTO `Artists` (`ArtistID`, `FirstName`, `LastName`, `Nationality`, `Gender`, `YearOfBirth`, `YearOfDeath`, `Details`, `ArtistLink`) VALUES (10, 'Gustave', 'Courbet', 'France', 'M', 1818, 1877, 'Jean Désiré Gustave Courbet was a French painter who led the Realist movement in 19th-century French painting. The Realist movement bridged the Romantic movement (characterized by the paintings of Théodore Géricault and Eugène Delacroix), with the Barbizon School and the Impressionists. Courbet occupies an important place in 19th century French painting as an innovator and as an artist willing to make bold social commentary in his work.', 'http://en.wikipedia.org/wiki/Courbet');
INSERT INTO `Artists` (`ArtistID`, `FirstName`, `LastName`, `Nationality`, `Gender`, `YearOfBirth`, `YearOfDeath`, `Details`, `ArtistLink`) VALUES (12, 'Edouard', 'Manet', 'France', 'M', 1832, 1883, 'Édouard Manet was a French painter. One of the first 19th-century artists to approach modern-life subjects, he was a pivotal figure in the transition from Realism to Impressionism.', 'http://en.wikipedia.org/wiki/Manet');
INSERT INTO `Artists` (`ArtistID`, `FirstName`, `LastName`, `Nationality`, `Gender`, `YearOfBirth`, `YearOfDeath`, `Details`, `ArtistLink`) VALUES (13, 'James Abbott', 'Whistler', 'USA', 'M', 1834, 1903, 'James Abbott McNeill Whistler was an American-born, British-based artist. Averse to sentimentality and moral allusion in painting, he was a leading proponent of the credo \"art for art\'s sake\". His famous signature for his paintings was in the shape of a stylized butterfly possessing a long stinger for a tail. The symbol was apt, for it combined both aspects of his personality—his art was characterized by a subtle delicacy, while his public persona was combative. Finding a parallel between painting and music, Whistler titled many of his paintings \"arrangements\", \"harmonies\", and \"nocturnes\", emphasizing the primacy of tonal harmony. His most famous painting is Whistler\'s Mother (1871), the revered and oft parodied portrait of motherhood. Whistler influenced the art world and the broader culture of his time with his artistic theories and his friendships with leading artists and writers.', 'http://en.wikipedia.org/wiki/James_Abbott_McNeill_Whistler');
INSERT INTO `Artists` (`ArtistID`, `FirstName`, `LastName`, `Nationality`, `Gender`, `YearOfBirth`, `YearOfDeath`, `Details`, `ArtistLink`) VALUES (14, 'Pierre Auguste', 'Renoir', 'France', 'M', 1841, 1919, 'Pierre-Auguste Renoir was a French artist who was a leading painter in the development of the Impressionist style. As a celebrator of beauty, and especially feminine sensuality, it has been said that \"Renoir is the final representative of a tradition which runs directly from Rubens to Watteau.\"', 'http://en.wikipedia.org/wiki/Renoir');
INSERT INTO `Artists` (`ArtistID`, `FirstName`, `LastName`, `Nationality`, `Gender`, `YearOfBirth`, `YearOfDeath`, `Details`, `ArtistLink`) VALUES (15, 'Edgar', 'Degas', 'France', 'M', 1834, 1917, 'Edgar Degas, born Hilaire-Germain-Edgar De Gas, was a French artist famous for his work in painting, sculpture, printmaking and drawing. He is regarded as one of the founders of Impressionism although he rejected the term, and preferred to be called a realist. A superb draughtsman, he is especially identified with the subject of the dance, and over half of his works depict dancers. These display his mastery in the depiction of movement, as do his racecourse subjects and female nudes. His portraits are notable for their psychological complexity and depiction of human isolation.', 'http://en.wikipedia.org/wiki/Degas');
INSERT INTO `Artists` (`ArtistID`, `FirstName`, `LastName`, `Nationality`, `Gender`, `YearOfBirth`, `YearOfDeath`, `Details`, `ArtistLink`) VALUES (16, 'Mary', 'Cassatt', 'USA', 'F', 1845, 1926, 'Mary Stevenson Cassatt was an American painter and printmaker. She lived much of her adult life in France, where she first befriended Edgar Degas and later exhibited among the Impressionists. Cassatt often created images of the social and private lives of women, with particular emphasis on the intimate bonds between mothers and children.', 'http://en.wikipedia.org/wiki/Mary_Cassatt');
INSERT INTO `Artists` (`ArtistID`, `FirstName`, `LastName`, `Nationality`, `Gender`, `YearOfBirth`, `YearOfDeath`, `Details`, `ArtistLink`) VALUES (17, 'Claude', 'Monet', 'France', 'M', 1840, 1926, 'Claude Monet was a founder of French impressionist painting, and the most consistent and prolific practitioner of the movement\'s philosophy of expressing one\'s perceptions before nature, especially as applied to plein-air landscape painting. The term Impressionism is derived from the title of his painting Impression, Sunrise (Impression, soleil levant).', 'http://en.wikipedia.org/wiki/Claude_Monet');
INSERT INTO `Artists` (`ArtistID`, `FirstName`, `LastName`, `Nationality`, `Gender`, `YearOfBirth`, `YearOfDeath`, `Details`, `ArtistLink`) VALUES (18, 'Paul', 'Gauguin', 'France', 'M', 1848, 1903, 'Eugène Henri Paul Gauguin was a leading French Post-Impressionist artist. He was an important figure in the Symbolist movement as a painter, sculptor, print-maker, ceramist, and writer. His bold experimentation with coloring led directly to the Synthetist style of modern art while his expression of the inherent meaning of the subjects in his paintings, under the influence of the cloisonnist style, paved the way to Primitivism and the return to the pastoral. He was also an influential proponent of wood engraving and woodcuts as art forms.', 'http://en.wikipedia.org/wiki/Gauguin');
INSERT INTO `Artists` (`ArtistID`, `FirstName`, `LastName`, `Nationality`, `Gender`, `YearOfBirth`, `YearOfDeath`, `Details`, `ArtistLink`) VALUES (19, 'Vincent', 'Van Gogh', 'Netherlands', 'M', 1853, 1890, 'Vincent Willem van Gogh was a Dutch post-Impressionist painter whose work, notable for its rough beauty, emotional honesty, and bold color, had a far-reaching influence on 20th-century art. After years of painful anxiety and frequent bouts of mental illness, he died at the age of 37 from a self-inflicted gunshot wound. His work was then known to only a handful of people and appreciated by fewer still.', 'http://en.wikipedia.org/wiki/Van_Gogh');
INSERT INTO `Artists` (`ArtistID`, `FirstName`, `LastName`, `Nationality`, `Gender`, `YearOfBirth`, `YearOfDeath`, `Details`, `ArtistLink`) VALUES (20, 'Georges', 'Seurat', 'France', 'M', 1859, 1891, 'Georges-Pierre Seurat was a French Post-Impressionist painter and draftsman. He is noted for his innovative use of drawing media and for devising a technique of painting known as pointillism. His large-scale work A Sunday Afternoon on the Island of La Grande Jatte (1884–1886), Seurat\'s most famous painting, altered the direction of modern art by initiating Neo-impressionism, and is one of the icons of 19th century painting.', 'http://en.wikipedia.org/wiki/Seurat');
INSERT INTO `Artists` (`ArtistID`, `FirstName`, `LastName`, `Nationality`, `Gender`, `YearOfBirth`, `YearOfDeath`, `Details`, `ArtistLink`) VALUES (21, 'Paul', 'Cezanne', 'France', 'M', 1839, 1906, 'Paul Cézanne was a French artist and Post-Impressionist painter whose work laid the foundations of the transition from the 19th century conception of artistic endeavour to a new and radically different world of art in the 20th century. Cézanne can be said to form the bridge between late 19th century Impressionism and the early 20th century\'s new line of artistic enquiry, Cubism. The line attributed to both Matisse and Picasso that Cézanne \"is the father of us all\" cannot be easily dismissed.', 'http://en.wikipedia.org/wiki/C%C3%A9zanne');
INSERT INTO `Artists` (`ArtistID`, `FirstName`, `LastName`, `Nationality`, `Gender`, `YearOfBirth`, `YearOfDeath`, `Details`, `ArtistLink`) VALUES (24, 'Edvard', 'Munch', 'Norway', 'M', 1863, 1944, 'Edvard Munch was a Norwegian Symbolist painter, printmaker and an important forerunner of expressionist art. His best-known composition, The Scream, is part of a series The Frieze of Life, in which Munch explored the themes of love, fear, death, melancholia, and anxiety.', 'http://en.wikipedia.org/wiki/Edvard_Munch');
INSERT INTO `Artists` (`ArtistID`, `FirstName`, `LastName`, `Nationality`, `Gender`, `YearOfBirth`, `YearOfDeath`, `Details`, `ArtistLink`) VALUES (28, 'Henri', 'Toulouse-Lautrec', 'France', 'M', 1864, 1901, 'Henri Marie Raymond de Toulouse-Lautrec-Monfa or simply Henri de Toulouse-Lautrec was a French painter, printmaker, draughtsman, and illustrator, whose immersion in the colourful and theatrical life of fin de siècle Paris yielded an œuvre of exciting, elegant and provocative images of the modern and sometimes decadent life of those times. Toulouse-Lautrec is known along with Cézanne, Van Gogh, and Gauguin as one of the greatest painters of the Post-Impressionist period. In a 2005 auction at Christie\'s auction house a new record was set when \"La blanchisseuse\", an early painting of a young laundress, sold for $22.4 million U.S.', 'http://en.wikipedia.org/wiki/Toulouse-Lautrec');
INSERT INTO `Artists` (`ArtistID`, `FirstName`, `LastName`, `Nationality`, `Gender`, `YearOfBirth`, `YearOfDeath`, `Details`, `ArtistLink`) VALUES (29, 'Gustav', 'Klimt', 'Austria', 'M', 1862, 1918, 'Gustav Klimt was an Austrian Symbolist painter and one of the most prominent members of the Vienna Secession movement. His major works include paintings, murals, sketches, and other art objects. Klimt\'s primary subject was the female body, and his works are marked by a frank eroticism—nowhere is this more apparent than in his numerous drawings in pencil', 'http://en.wikipedia.org/wiki/Klimt');
INSERT INTO `Artists` (`ArtistID`, `FirstName`, `LastName`, `Nationality`, `Gender`, `YearOfBirth`, `YearOfDeath`, `Details`, `ArtistLink`) VALUES (32, 'Andre', 'Derain', 'France', 'M', 1880, 1919, 'André Derain  was a French artist, painter, sculptor and co-founder of Fauvism with Henri Matisse', 'http://en.wikipedia.org/wiki/Andr%C3%A9_Derain');
INSERT INTO `Artists` (`ArtistID`, `FirstName`, `LastName`, `Nationality`, `Gender`, `YearOfBirth`, `YearOfDeath`, `Details`, `ArtistLink`) VALUES (40, 'Vasily', 'Kandinsky', 'Russia', 'M', 1866, 1944, 'Wassily Wassilyevich Kandinsky was a Russian painter and art theorist. He is credited with painting the first purely-abstract works. Born in Moscow, Kandinsky spent his childhood in Odessa. He enrolled at the University of Moscow, studying law and economics. Successful in his profession—he was offered a professorship (chair of Roman Law) at the University of Dorpat—he began painting studies (life-drawing, sketching and anatomy) at the age of 30.', 'http://en.wikipedia.org/wiki/Kandinsky');
INSERT INTO `Artists` (`ArtistID`, `FirstName`, `LastName`, `Nationality`, `Gender`, `YearOfBirth`, `YearOfDeath`, `Details`, `ArtistLink`) VALUES (41, 'Giacomo', 'Balla', 'Italy', 'M', 1871, 1958, 'Giacomo Balla was an Italian painter.', 'http://en.wikipedia.org/wiki/Giacomo_Balla');
INSERT INTO `Artists` (`ArtistID`, `FirstName`, `LastName`, `Nationality`, `Gender`, `YearOfBirth`, `YearOfDeath`, `Details`, `ArtistLink`) VALUES (45, 'Salvidor', 'Dali', 'Spain', 'M', 1904, 1989, 'Salvador Domènec Felip Jacint Dalí i Domènech, Marquis de Púbol, commonly known as Salvador Dalí was a prominent Spanish Catalan surrealist painter born in Figueres.', 'http://en.wikipedia.org/wiki/Salvador_Dal%C3%AD');
INSERT INTO `Artists` (`ArtistID`, `FirstName`, `LastName`, `Nationality`, `Gender`, `YearOfBirth`, `YearOfDeath`, `Details`, `ArtistLink`) VALUES (49, 'Georgia', 'O\'Keefe', 'USA', 'F', 1887, 1986, 'Georgia Totto O\'Keeffe was an American artist. Born near Sun Prairie, Wisconsin, O\'Keeffe first came to the attention of the New York art community in 1916, several decades after women had gained access to art training in America’s colleges and universities, and before any of its women artists were well known or highly celebrated. Within a decade, she had distinguished herself as one of America\'s most important modern artists, a position she maintained throughout her life. As a result, O’Keeffe not only carved out a significant place for women painters in an area of the American art community that had been exclusive to and is still dominated by men, but also she had become one of America’s most celebrated cultural icons well before her death at age 98 in 1986.', 'http://en.wikipedia.org/wiki/Georgia_O%27Keefe');
INSERT INTO `Artists` (`ArtistID`, `FirstName`, `LastName`, `Nationality`, `Gender`, `YearOfBirth`, `YearOfDeath`, `Details`, `ArtistLink`) VALUES (60, 'Paul', 'Klee', 'Switzerland', 'M', 1879, 1940, 'Paul Klee was born in Münchenbuchsee, Switzerland, and is considered both a German and a Swiss painter. His highly individual style was influenced by movements in art that included expressionism, cubism, and surrealism. He was, as well, a student of orientalism. Klee was a natural draftsman who experimented with and eventually mastered color theory, and wrote extensively about it; his lectures Writings on Form and Design Theory (Schriften zur Form und Gestaltungslehre), published in English as the Paul Klee Notebooks, are considered so important for modern art that they are compared to the importance that Leonardo da Vinci\'s A Treatise on Painting had for Renaissance. He and his colleague, the Russian painter Wassily Kandinsky, both taught at the German Bauhaus school of art, design and architecture. His works reflect his dry humour and his sometimes childlike perspective, his personal moods and beliefs, and his musicality.', 'http://en.wikipedia.org/wiki/Paul_Klee');
INSERT INTO `Artists` (`ArtistID`, `FirstName`, `LastName`, `Nationality`, `Gender`, `YearOfBirth`, `YearOfDeath`, `Details`, `ArtistLink`) VALUES (63, 'Henri', 'Rousseau', 'France', 'M', 1844, 1910, 'Henri Julien Félix Rousseau was a French Post-Impressionist painter in the Naive or Primitive manner. He was also known as Le Douanier (the customs officer), a humorous description of his occupation as a tax collector. Ridiculed during his life, he came to be recognized as a self-taught genius whose works are of high artistic quality.', 'http://en.wikipedia.org/wiki/Henri_Rousseau');
INSERT INTO `Artists` (`ArtistID`, `FirstName`, `LastName`, `Nationality`, `Gender`, `YearOfBirth`, `YearOfDeath`, `Details`, `ArtistLink`) VALUES (64, 'Marc', 'Chagall', 'Russia', 'M', 1887, 1985, 'Marc Chagall was a Belorussian-French artist associated with several major artistic styles and one of the most successful artists of the 20th century. He was an early modernist, and created works in virtually every artistic medium, including painting, book illustrations, stained glass, stage sets, ceramic, tapestries and fine art prints.', 'http://en.wikipedia.org/wiki/Chagall');
INSERT INTO `Artists` (`ArtistID`, `FirstName`, `LastName`, `Nationality`, `Gender`, `YearOfBirth`, `YearOfDeath`, `Details`, `ArtistLink`) VALUES (73, 'Piet', 'Mondrian', 'Netherlands', 'M', 1872, 1944, 'Pieter Cornelis \"Piet\" Mondriaan, after 1912 Mondrian, was a Dutch painter. He was an important contributor to the De Stijl art movement and group, which was founded by Theo van Doesburg. He evolved a non-representational form which he termed Neo-Plasticism. This consisted of white ground, upon which was painted a grid of vertical and horizontal black lines and the three primary colors.', 'http://en.wikipedia.org/wiki/Piet_Mondrian');
INSERT INTO `Artists` (`ArtistID`, `FirstName`, `LastName`, `Nationality`, `Gender`, `YearOfBirth`, `YearOfDeath`, `Details`, `ArtistLink`) VALUES (85, 'Jackson', 'Pollock', 'USA', 'M', 1912, 1959, 'Paul Jackson Pollock , known as Jackson Pollock, was an influential American painter and a major figure in the abstract expressionist movement. During his lifetime, Pollock enjoyed considerable fame and notoriety. He was regarded as a mostly reclusive artist. He had a volatile personality, and struggled with alcoholism for most of his life. In 1945, he married the artist Lee Krasner, who became an important influence on his career and on his legacy.', 'http://en.wikipedia.org/wiki/Jackson_pollock');
INSERT INTO `Artists` (`ArtistID`, `FirstName`, `LastName`, `Nationality`, `Gender`, `YearOfBirth`, `YearOfDeath`, `Details`, `ArtistLink`) VALUES (92, 'Filippo', 'Lippi', 'Italy', 'M', 1406, 1469, 'Filippo Lippi, also called Lippo Lippi, was an Italian painter of the Italian Quattrocento (15th century).', 'http://en.wikipedia.org/wiki/Filippo_Lippi');
INSERT INTO `Artists` (`ArtistID`, `FirstName`, `LastName`, `Nationality`, `Gender`, `YearOfBirth`, `YearOfDeath`, `Details`, `ArtistLink`) VALUES (93, 'Piero della', 'Francesca', 'Italy', 'M', 1412, 1492, '<strong>Piero della Francesca</strong> was a painter of the Early Renaissance. As testified by Giorgio Vasari in his <em>Lives of the Artists</em>, to contemporaries he was also known as a mathematician and geometer. Nowadays Piero della Francesca is chiefly appreciated for his art. His painting was characterized by its serene humanism, its use of geometric forms and perspective. His most famous work is the cycle of frescoes \"The Legend of the True Cross\" in the church of San Francesco in the Tuscan town of Arezzo.', 'http://en.wikipedia.org/wiki/Piero_della_Francesca');
INSERT INTO `Artists` (`ArtistID`, `FirstName`, `LastName`, `Nationality`, `Gender`, `YearOfBirth`, `YearOfDeath`, `Details`, `ArtistLink`) VALUES (94, 'Andrea', 'Mantegna', 'Italy', 'M', 1431, 1506, '<strong>Andrea Mantegna</strong> was an Italian painter, a student of Roman archeology, and son in law of Jacopo Bellini. Like other artists of the time, Mantegna experimented with perspective, e.g., by lowering the horizon in order to create a sense of greater monumentality. His flinty, metallic landscapes and somewhat stony figures give evidence of a fundamentally sculptural approach to painting. He also led a workshop that was the leading producer of prints in Venice before 1500.', 'http://en.wikipedia.org/wiki/Andrea_Mantegna');
INSERT INTO `Artists` (`ArtistID`, `FirstName`, `LastName`, `Nationality`, `Gender`, `YearOfBirth`, `YearOfDeath`, `Details`, `ArtistLink`) VALUES (95, 'Sandro', 'Botticelli', 'Italy', 'M', 1445, 1510, 'Alessandro di Mariano di Vanni Filipepi, better known as <strong>Sandro Botticelli</strong> was an Italian painter of the Early Renaissance. He belonged to the Florentine school under the patronage of Lorenzo de\' Medici, a movement that Giorgio Vasari would characterize less than a hundred years later as a \"golden age\", a thought, suitably enough, he expressed at the head of his Vita of Botticelli. Botticelli\'s posthumous reputation suffered until the late 19th century; since then his work has been seen to represent the linear grace of Early Renaissance painting. Among his best known works are The Birth of Venus and Primavera.', 'http://en.wikipedia.org/wiki/Sandro_Botticelli');
INSERT INTO `Artists` (`ArtistID`, `FirstName`, `LastName`, `Nationality`, `Gender`, `YearOfBirth`, `YearOfDeath`, `Details`, `ArtistLink`) VALUES (96, 'Pietro', 'Perugino', 'Italy', 'M', 1446, 1524, '<strong>Pietro Perugino</strong>, born Pietro Vannucci, was an Italian Renaissance painter of the Umbrian school, who developed some of the qualities that found classic expression in the High Renaissance. Raphael was his most famous pupil.', 'http://en.wikipedia.org/wiki/Pietro_Perugino');
INSERT INTO `Artists` (`ArtistID`, `FirstName`, `LastName`, `Nationality`, `Gender`, `YearOfBirth`, `YearOfDeath`, `Details`, `ArtistLink`) VALUES (97, 'Leonardo', 'da Vinci', 'Italy', 'M', 1452, 1519, '<strong>Leonardo di ser Piero da Vinci</strong> was an Italian Renaissance polymath: painter, sculptor, architect, musician, mathematician, engineer, inventor, anatomist, geologist, cartographer, botanist, and writer. His genius, perhaps more than that of any other figure, epitomized the Renaissance humanist ideal. Leonardo has often been described as the archetype of the Renaissance Man, a man of \"unquenchable curiosity\" and \"feverishly inventive imagination\". He is widely considered to be one of the greatest painters of all time and perhaps the most diversely talented person ever to have lived. According to art historian Helen Gardner, the scope and depth of his interests were without precedent and \"his mind and personality seem to us superhuman, the man himself mysterious and remote\". Marco Rosci states that while there is much speculation about Leonardo, his vision of the world is essentially logical rather than mysterious, and that the empirical methods he employed were unusual for his time.', 'http://en.wikipedia.org/wiki/Leonardo_da_Vinci');
INSERT INTO `Artists` (`ArtistID`, `FirstName`, `LastName`, `Nationality`, `Gender`, `YearOfBirth`, `YearOfDeath`, `Details`, `ArtistLink`) VALUES (98, NULL, 'Michelangelo', 'Italy', 'M', 1475, 1564, '<strong>Michelangelo di Lodovico Buonarroti Simoni</strong> commonly known as Michelangelo, was an Italian sculptor, painter, architect, poet, and engineer of the High Renaissance who exerted an unparalleled influence on the development of Western art. Despite making few forays beyond the arts, his versatility in the disciplines he took up was of such a high order that he is often considered a contender for the title of the archetypal Renaissance man, along with his fellow Italian Leonardo da Vinci. Michelangelo was considered the greatest living artist in his lifetime, and ever since then he has been held to be one of the greatest artists of all time. A number of his works in painting, sculpture, and architecture rank among the most famous in existence. His output in every field during his long life was prodigious; when the sheer volume of correspondence, sketches, and reminiscences that survive is also taken into account, he is the best-documented artist of the 16th century.', 'http://en.wikipedia.org/wiki/Michelangelo');
INSERT INTO `Artists` (`ArtistID`, `FirstName`, `LastName`, `Nationality`, `Gender`, `YearOfBirth`, `YearOfDeath`, `Details`, `ArtistLink`) VALUES (99, NULL, 'Raphael', 'Italy', 'M', 1483, 1520, 'Raffaello Sanzio da Urbino, better known simply as <strong>Raphael</strong>, was an Italian painter and architect of the High Renaissance. His work is admired for its clarity of form and ease of composition and for its visual achievement of the Neoplatonic ideal of human grandeur. Together with Michelangelo and Leonardo da Vinci, he forms the traditional trinity of great masters of that period.', 'http://en.wikipedia.org/wiki/Raphael');
INSERT INTO `Artists` (`ArtistID`, `FirstName`, `LastName`, `Nationality`, `Gender`, `YearOfBirth`, `YearOfDeath`, `Details`, `ArtistLink`) VALUES (100, NULL, 'Titian', 'Italy', 'M', 1488, 1576, '<strong>Tiziano Vecelli</strong> known in English as <strong>Titian</strong> was an Italian painter, the most important member of the 16th-century Venetian school. He was born in Pieve di Cadore, near Belluno (in Veneto), in the Republic of Venice. During his lifetime he was often called da Cadore, taken from the place of his birth. During the course of his long life, Titian\'s artistic manner changed drastically[4] but he retained a lifelong interest in color. Although his mature works may not contain the vivid, luminous tints of his early pieces, their loose brushwork and subtlety of polychromatic modulations are without precedent in the history of Western art.', 'http://en.wikipedia.org/wiki/Titian');
INSERT INTO `Artists` (`ArtistID`, `FirstName`, `LastName`, `Nationality`, `Gender`, `YearOfBirth`, `YearOfDeath`, `Details`, `ArtistLink`) VALUES (101, NULL, 'Caravaggio', 'Italy', 'M', 1571, 1610, '<strong>Michelangelo Merisi da Caravaggio</strong> was an Italian artist active in Rome, Naples, Malta, and Sicily between 1593 and 1610. His paintings, which combine a realistic observation of the human state, both physical and emotional, with a dramatic use of lighting, had a formative influence on the Baroque school of painting.', 'http://en.wikipedia.org/wiki/Caravaggio');
INSERT INTO `Artists` (`ArtistID`, `FirstName`, `LastName`, `Nationality`, `Gender`, `YearOfBirth`, `YearOfDeath`, `Details`, `ArtistLink`) VALUES (102, 'Peter Paul', 'Rubens', 'Belgium', 'M', 1577, 1640, 'Sir Peter Paul Rubens was a German-born Flemish Baroque painter, and a proponent of an extravagant Baroque style that emphasised movement, colour, and sensuality. He is well known for his Counter-Reformation altarpieces, portraits, landscapes, and history paintings of mythological and allegorical subjects.', 'http://en.wikipedia.org/wiki/Peter_Paul_Rubens');
INSERT INTO `Artists` (`ArtistID`, `FirstName`, `LastName`, `Nationality`, `Gender`, `YearOfBirth`, `YearOfDeath`, `Details`, `ArtistLink`) VALUES (103, 'Anthony van', 'Dyck', 'Belgium', 'M', 1599, 1641, '<strong>Sir Anthony van Dyck</strong> was a Flemish Baroque artist who became the leading court painter in England. He is most famous for his portraits of Charles I of England and his family and court, painted with a relaxed elegance that was to be the dominant influence on English portrait-painting for the next 150 years. He also painted biblical and mythological subjects, displayed outstanding facility as a draftsman, and was an important innovator in watercolour and etching.', 'http://en.wikipedia.org/wiki/Anthony_van_Dyck');
INSERT INTO `Artists` (`ArtistID`, `FirstName`, `LastName`, `Nationality`, `Gender`, `YearOfBirth`, `YearOfDeath`, `Details`, `ArtistLink`) VALUES (104, 'Diego', 'Velázquez', 'Spain', 'M', 1599, 1660, '<strong>Diego Rodríguez de Silva y Velázquez</strong> was a Spanish painter who was the leading artist in the court of King Philip IV. He was an individualistic artist of the contemporary Baroque period, important as a portrait artist. In addition to numerous renditions of scenes of historical and cultural significance, he painted scores of portraits of the Spanish royal family, other notable European figures, and commoners.', 'http://en.wikipedia.org/wiki/Diego_Vel%C3%A1zquez');
INSERT INTO `Artists` (`ArtistID`, `FirstName`, `LastName`, `Nationality`, `Gender`, `YearOfBirth`, `YearOfDeath`, `Details`, `ArtistLink`) VALUES (105, NULL, 'Rembrandt', 'Netherlands', 'M', 1606, 1669, '<strong>Rembrandt Harmenszoon van Rijn</strong> was a Dutch painter and etcher. He is generally considered one of the greatest painters and printmakers in European art history and the most important in Dutch history. His contributions to art came in a period of great wealth and cultural achievement that historians call the Dutch Golden Age when Dutch Golden Age painting, although in many ways antithetical to the Baroque style that dominated Europe, was extremely prolific and innovative.', 'http://en.wikipedia.org/wiki/Rembrandt');
INSERT INTO `Artists` (`ArtistID`, `FirstName`, `LastName`, `Nationality`, `Gender`, `YearOfBirth`, `YearOfDeath`, `Details`, `ArtistLink`) VALUES (106, 'Jan', 'Vermeer', 'Netherlands', 'M', 1632, 1675, '<strong>Jan Vermeer</strong> was a Dutch painter who specialized in domestic interior scenes of middle-class life. Vermeer was a moderately successful provincial genre painter in his lifetime. He seems never to have been particularly wealthy, leaving his wife and children in debt at his death, perhaps because he produced relatively few paintings. Vermeer worked slowly and with great care, using bright colours and sometimes expensive pigments, with a preference for cornflower blue and yellow. He is particularly renowned for his masterly treatment and use of light in his work.', 'http://en.wikipedia.org/wiki/Johannes_Vermeer');
INSERT INTO `Artists` (`ArtistID`, `FirstName`, `LastName`, `Nationality`, `Gender`, `YearOfBirth`, `YearOfDeath`, `Details`, `ArtistLink`) VALUES (107, 'Francois', 'Boucher', 'France', 'M', 1703, 1770, 'Possibly the most popular 18th century artist, <strong>Francois Boucher</strong> was a French painter in the Rococo style. When he was 17 years old, Boucher was apprenticed for a short time to the French painter Francois Lemoyne, and then to the engraver Jean-Francois Cars. After three years of work and artistic study, Boucher won the Grand Prix de Rome, a scholarship for artistic study, allowing him to travel to Italy and further his study in art. Upon his return to France, he was accepted into the Royal Academy of Painting and Sculpture, and three years later became a faculty member.', 'http://en.wikipedia.org/wiki/Fran%C3%A7ois_Boucher');
INSERT INTO `Artists` (`ArtistID`, `FirstName`, `LastName`, `Nationality`, `Gender`, `YearOfBirth`, `YearOfDeath`, `Details`, `ArtistLink`) VALUES (108, 'Jean-Baptiste-Simeon', 'Chardin', 'France', 'M', 1699, 1779, '<strong>Jean-Baptiste-Siméon Chardin</strong> was an 18th-century French painter. He is considered a master of still life, and is also noted for his genre paintings which depict kitchen maids, children, and domestic activities. Carefully balanced composition, soft diffusion of light, and granular impasto characterize his work.', 'http://en.wikipedia.org/wiki/Jean-Baptiste-Sim%C3%A9on_Chardin');
INSERT INTO `Artists` (`ArtistID`, `FirstName`, `LastName`, `Nationality`, `Gender`, `YearOfBirth`, `YearOfDeath`, `Details`, `ArtistLink`) VALUES (109, 'Joshua', 'Reynolds', 'England', 'M', 1740, 1790, '<strong>Sir Joshua Reynolds</strong> was an influential eighteenth-century English painter, specialising in portraits and promoting the \"Grand Style\" in painting which depended on idealization of the imperfect. He was one of the founders and first president of the Royal Academy, and was knighted by George III in 1769.', 'http://en.wikipedia.org/wiki/Joshua_Reynolds');
INSERT INTO `Artists` (`ArtistID`, `FirstName`, `LastName`, `Nationality`, `Gender`, `YearOfBirth`, `YearOfDeath`, `Details`, `ArtistLink`) VALUES (110, 'Thomas', 'Gainsborough', 'England', 'M', 1737, 1788, '<strong>Thomas Gainsborough</strong> was an English portrait and landscape painter. He is credited as the originator of the 18th century British landscape school.', 'http://en.wikipedia.org/wiki/Thomas_Gainsborough');
INSERT INTO `Artists` (`ArtistID`, `FirstName`, `LastName`, `Nationality`, `Gender`, `YearOfBirth`, `YearOfDeath`, `Details`, `ArtistLink`) VALUES (111, 'Artemisia', 'Gentileschi', 'Italy', 'F', 1593, 1656, '<strong>Artemisia Gentileschi</strong> was an Italian Baroque painter, today considered one of the most accomplished painters in the generation after Caravaggio. In an era when female painters were not easily accepted by the artistic community or patrons, she was the first female painter to become a member of the Accademia di Arte del Disegno in Florence. She painted many pictures of strong and suffering women from myth and the Bible – victims, suicides, warriors – and made a speciality of the Judith story.  That she was a woman painting in the 17th century and that she was raped herself and participated in prosecuting the rapist long overshadowed her achievements as an artist. For many years she was regarded as a curiosity. Today she is regarded as one of the most progressive and expressionist painters of her generation.', 'http://en.wikipedia.org/wiki/Artemisia_Gentileschi');
INSERT INTO `Artists` (`ArtistID`, `FirstName`, `LastName`, `Nationality`, `Gender`, `YearOfBirth`, `YearOfDeath`, `Details`, `ArtistLink`) VALUES (112, 'Judith', 'Leyster', 'Netherlands', 'F', 1609, 1660, '<strong>Judith Jans Leyster (also Leijster)</strong> was a Dutch Golden Age painter. She was one of three significant women artists in Dutch Golden Age painting; the other two, Rachel Ruysch and Maria van Oosterwijk, were specialized painters of flower still-lifes, while Leyster painted genre works, a few portraits, and a single still life. The number of surviving works attributed to her varies between fewer than 20 and about 35. She largely gave up painting after her marriage, which produced five children.', 'http://en.wikipedia.org/wiki/Judith_Leyster');
INSERT INTO `Artists` (`ArtistID`, `FirstName`, `LastName`, `Nationality`, `Gender`, `YearOfBirth`, `YearOfDeath`, `Details`, `ArtistLink`) VALUES (113, 'Louise Élisabeth', 'Lebrun', 'France', 'F', 1755, 1842, '<strong>Louise Élisabeth Vigée Le Brun</strong> also known as Madame Lebrun, was a French painter, and is recognized as the most important female painter of the 18th century. Her style is generally considered Rococo and shows interest in the subject of neoclassical painting. Vigée Le Brun cannot be considered a pure Neoclassist, however, in that she creates mostly portraits in Neoclassical dress.', 'http://en.wikipedia.org/wiki/Elisabeth_Vigee-Lebrun');
INSERT INTO `Artists` (`ArtistID`, `FirstName`, `LastName`, `Nationality`, `Gender`, `YearOfBirth`, `YearOfDeath`, `Details`, `ArtistLink`) VALUES (114, NULL, 'Giotto', 'Italy', 'M', 1266, 1337, '<strong>Giotto di Bondone</strong> better known simply as Giotto, was an Italian painter and architect from Florence in the late Middle Ages. He is generally considered the first in a line of great artists who contributed to the Italian Renaissance.', 'https://en.wikipedia.org/wiki/Giotto');
INSERT INTO `Artists` (`ArtistID`, `FirstName`, `LastName`, `Nationality`, `Gender`, `YearOfBirth`, `YearOfDeath`, `Details`, `ArtistLink`) VALUES (115, 'Jan', 'van Eyck', 'Belgium', 'M', 1390, 1441, '<strong>Jan van Eyck</strong> was a Flemish painter active in Bruges and is generally considered one of the most significant Northern European painters of the 15th century. The few surviving records indicate that he was born around 1390, most likely in Maaseik. Outside of works completed with his brother Hubert van Eyck and those ascribed to Hand G —believed to be Jan— of the Turin-Milan Hours illuminated manuscript, only about 23 surviving works are confidently attributed to him, of which ten, including the Ghent altarpiece, are signed and dated.', 'http://en.wikipedia.org/wiki/Jan_van_Eyck');
INSERT INTO `Artists` (`ArtistID`, `FirstName`, `LastName`, `Nationality`, `Gender`, `YearOfBirth`, `YearOfDeath`, `Details`, `ArtistLink`) VALUES (116, 'Albrecht', 'Dürer', 'Germany', 'M', 1471, 1528, '<strong>Albrecht Dürer </strong> was a German painter, engraver, printmaker, mathematician, and theorist from Nuremberg. His high-quality woodcuts established his reputation and influence across Europe when he was still in his twenties, and he has been conventionally regarded as the greatest artist of the Northern Renaissance ever since. His vast body of work includes altarpieces and religious works, numerous portraits and self-portraits, and copper engravings. The woodcuts, such as the Apocalypse series (1498), retain a more Gothic flavour than the rest of his work. His well-known prints include the Knight, Death, and the Devil (1513), Saint Jerome in his Study (1514) and Melencolia I (1514), which has been the subject of extensive analysis and interpretation. His watercolours also mark him as one of the first European landscape artists, while his ambitious woodcuts revolutionized the potential of that medium. Dürer\'s introduction of classical motifs into Northern art, through his knowledge of Italian artists and German humanists, has secured his reputation as one of the most important figures of the Northern Renaissance. This is reinforced by his theoretical treatises, which involve principles of mathematics, perspective and ideal proportions.', 'http://en.wikipedia.org/wiki/Albrecht_D%C3%Bcrer');
INSERT INTO `Artists` (`ArtistID`, `FirstName`, `LastName`, `Nationality`, `Gender`, `YearOfBirth`, `YearOfDeath`, `Details`, `ArtistLink`) VALUES (117, 'Hieronymus', 'Bosch', 'Netherlands', 'M', 1450, 1516, '<strong>Hieronymus Bosch</strong>was an Early Netherlandish painter. His work is known for its use of fantastic imagery to illustrate moral and religious concepts and narratives.', 'http://en.wikipedia.org/wiki/Hieronymus_Bosch');
INSERT INTO `Artists` (`ArtistID`, `FirstName`, `LastName`, `Nationality`, `Gender`, `YearOfBirth`, `YearOfDeath`, `Details`, `ArtistLink`) VALUES (118, 'Pieter', 'Bruegel the Elder', 'Netherlands', 'M', 1525, 1569, '<strong>Pieter Bruegel (Brueghel) the Elder</strong> was a Flemish Renaissance painter and printmaker known for his landscapes and peasant scenes (so called genre painting). He is sometimes referred to as the \"Peasant Bruegel.\" From 1559 he dropped the \'h\' from his name and signed his paintings as Bruegel.', 'http://en.wikipedia.org/wiki/Pieter_Bruegel_the_Elder');
INSERT INTO `Artists` (`ArtistID`, `FirstName`, `LastName`, `Nationality`, `Gender`, `YearOfBirth`, `YearOfDeath`, `Details`, `ArtistLink`) VALUES (120, 'Agnolo', 'Bronzino', 'Italy', 'M', 1503, 1572, 'One of the greatest painters of the sixteenth century, Agnolo di Cosimo Tori, known as <strong>Bronzino</strong>, embodied the Mannerist style in the years of the government of Cosimo I de’ Medici.', 'http://en.wikipedia.org/wiki/Bronzino');
INSERT INTO `Artists` (`ArtistID`, `FirstName`, `LastName`, `Nationality`, `Gender`, `YearOfBirth`, `YearOfDeath`, `Details`, `ArtistLink`) VALUES (121, 'El', 'Greco', 'Greece', 'M', 1514, 1614, '<strong>El Greco</strong>, born Doménikos Theotokópoulos,  was a painter, sculptor and architect of the Spanish Renaissance. \"El Greco\" (The Greek) was a nickname,a reference to his national Greek origin. El Greco\'s dramatic and expressionistic style was met with puzzlement by his contemporaries but found appreciation in the 20th century. El Greco is regarded as a precursor of both Expressionism and Cubism.', 'http://en.wikipedia.org/wiki/El_Greco');
INSERT INTO `Artists` (`ArtistID`, `FirstName`, `LastName`, `Nationality`, `Gender`, `YearOfBirth`, `YearOfDeath`, `Details`, `ArtistLink`) VALUES (123, 'Frans', 'Hals', 'Netherlands', 'M', 1582, 1666, '<strong>Frans Hals the Elder</strong> was a Dutch Golden Age portrait painter who lived and worked in Haarlem. He is notable for his loose painterly brushwork, and he helped introduce this lively style of painting into Dutch art. Hals played an important role in the evolution of 17th-century group portraiture.', 'https://en.wikipedia.org/wiki/Frans_Hals');
INSERT INTO `Artists` (`ArtistID`, `FirstName`, `LastName`, `Nationality`, `Gender`, `YearOfBirth`, `YearOfDeath`, `Details`, `ArtistLink`) VALUES (124, 'Jan', 'Steen', 'Netherlands', 'M', 1626, 1679, 'Jan Havickszoon Steen was a Dutch genre painter of the 17th century (also known as the Dutch Golden Age). His works are known for their psychological insight, sense of humour and abundance of colour', 'https://en.wikipedia.org/wiki/Jan_Steen');
INSERT INTO `Artists` (`ArtistID`, `FirstName`, `LastName`, `Nationality`, `Gender`, `YearOfBirth`, `YearOfDeath`, `Details`, `ArtistLink`) VALUES (125, 'Jan', 'Kruseman', 'Netherlands', 'M', 1804, 1862, 'Jan Adam Kruseman (1804-1862) of Haarlem was apprenticed to his uncle Cornelis Kruseman. He later studied at Brussels and Paris. In 1834-1836, he made a series of journeys to Germany, England and Scotland. For a while, he lived in Driebergen, before returning to Haarlem in 1858. Kruseman painted historical, biblical and genre scenes, although mainly portraits. In all he received around five hundred commissions from aristocrats and wealthy commoners for portraits.', 'https://en.wikipedia.org/wiki/Jan_Adam_Kruseman');
INSERT INTO `Artists` (`ArtistID`, `FirstName`, `LastName`, `Nationality`, `Gender`, `YearOfBirth`, `YearOfDeath`, `Details`, `ArtistLink`) VALUES (126, 'Pieter de', 'Hooch', 'Netherlands', 'M', 1629, 1684, 'Pieter de Hooch was a Dutch Golden Age painter famous for his genre works of quiet domestic scenes with an open doorway. He was a contemporary of Jan Vermeer in the Delft Guild of St. Luke, with whom his work shares themes and style.', 'https://en.wikipedia.org/wiki/Pieter_de_Hooch');
INSERT INTO `Artists` (`ArtistID`, `FirstName`, `LastName`, `Nationality`, `Gender`, `YearOfBirth`, `YearOfDeath`, `Details`, `ArtistLink`) VALUES (127, 'Jacob van', 'Ruisdael', 'Netherlands', 'M', 1628, 1682, 'The Haarlem-born painter Jacob van Ruisdael (ca. 1628-1682) began to paint at an early age. His first work dates from 1646. Ruisdael probably had lessons from his father, but his uncle, the artist Salomon van Ruysdael, must also have been a great influence on the young painter. As well as being a painter, Ruisdael was also a doctor. He painted not only woodland landscapes with strong, central motifs such as ruins, watermills and oaks, but also cityscapes and seascapes. Ruisdael\'s compositions are often more imposing than reality. His \'Bentheim Castle\' and \'Windmill at Wijk bij Duurstede\' are good examples of this.', 'https://en.wikipedia.org/wiki/Jacob_van_Ruisdael');
INSERT INTO `Artists` (`ArtistID`, `FirstName`, `LastName`, `Nationality`, `Gender`, `YearOfBirth`, `YearOfDeath`, `Details`, `ArtistLink`) VALUES (128, 'Anton', 'Mauve', 'Netherlands', 'M', 1838, 1888, 'Anthonij (Anton) Rudolf Mauve was a Dutch realist painter who was a leading member of the Hague School. He signed his paintings \'A. Mauve\' or with a monogrammed \'A.M.\'. A master colorist, he was a very significant early influence on his cousin-in-law Vincent van Gogh. Most of Mauve\'s work depicts people and animals in outdoor settings. In his Morning Ride in the Rijksmuseum, for example, fashionable equestrians at the seacoast are seen riding away from the viewer. An unconventional detail, horse droppings in the foreground, attests his commitment to realism.', 'https://en.wikipedia.org/wiki/Anton_Mauve');
INSERT INTO `Artists` (`ArtistID`, `FirstName`, `LastName`, `Nationality`, `Gender`, `YearOfBirth`, `YearOfDeath`, `Details`, `ArtistLink`) VALUES (129, 'Lawrence', 'Alma-Tadema', 'Netherlands', 'M', 1836, 1912, 'Sir Lawrence Alma-Tadema (born Lourens Alma Tadema) was a Dutch painter of special British denizenship. Born in Dronrijp, the Netherlands, and trained at the Royal Academy of Antwerp, Belgium, he settled in England in 1870 and spent the rest of his life there. A classical-subject painter, he became famous for his depictions of the luxury and decadence of the Roman Empire, with languorous figures set in fabulous marbled interiors or against a backdrop of dazzling blue Mediterranean Sea and sky. Though admired during his lifetime for his draftsmanship and depictions of Classical antiquity, his work fell into disrepute after his death, and only since the 1960s has it been re-evaluated for its importance within nineteenth-century English art.', 'https://en.wikipedia.org/wiki/Lawrence_Alma-Tadema');
INSERT INTO `Artists` (`ArtistID`, `FirstName`, `LastName`, `Nationality`, `Gender`, `YearOfBirth`, `YearOfDeath`, `Details`, `ArtistLink`) VALUES (130, 'Thérèse', 'Schwartze', 'Netherlands', 'F', 1851, 1918, 'Thérèse Schwartze was born on 20 December 1851 in Amsterdam in the Netherlands. She was the daughter of the painter Johan Georg Schwartze, who grew up in Philadelphia and trained in Düsseldorf. Schwartze received her first training from her father, before studying for a year at the Rijksacademie van Beeldende Kunsten. She then travelled to Munich and studied under Gabriel Max and Franz von Lenbach. In 1879 she went to Paris to continue her studies under Jean-Jacques Henner. When she returned to Amsterdam she became a member of Arti et Amicitiae.', 'https://en.wikipedia.org/wiki/Th%C3%A9r%C3%A8se_Schwartze');
INSERT INTO `Artists` (`ArtistID`, `FirstName`, `LastName`, `Nationality`, `Gender`, `YearOfBirth`, `YearOfDeath`, `Details`, `ArtistLink`) VALUES (131, NULL, 'Canaletto', 'Italy', 'M', 1697, 1768, 'Giovanni Antonio Canal, better known as Canaletto, was an Italian painter of landscapes of Venice. He was also an important printmaker in etching. He was the son of the painter Bernardo Canal, he visited England between 1746–56 and he is famous for his urban landscapes of Venice. He is very famous for his scenes, usually associated with \"evocative views of the city\".', 'https://en.wikipedia.org/wiki/Canaletto');
INSERT INTO `Artists` (`ArtistID`, `FirstName`, `LastName`, `Nationality`, `Gender`, `YearOfBirth`, `YearOfDeath`, `Details`, `ArtistLink`) VALUES (132, 'Nicolas', 'Poussin', 'France', 'M', 1594, 1665, 'Nicolas Poussin was the leading painter of the classical French Baroque style, although he spent most of his working life in Rome. His work is characterized by clarity, logic, and order, and favors line over color. Until the 20th century he remained a major inspiration for such classically oriented artists as Jacques-Louis David, Jean-Auguste-Dominique Ingres and Paul Cézanne. He worked in Rome for a circle of leading collectors from there and elsewhere, except for a short period when Cardinal Richelieu ordered him back to France to serve as First Painter to the King. Most of his works are history paintings of religious or mythological subjects that very often have a large landscape element.', 'https://en.wikipedia.org/wiki/Nicolas_Poussin');
INSERT INTO `Artists` (`ArtistID`, `FirstName`, `LastName`, `Nationality`, `Gender`, `YearOfBirth`, `YearOfDeath`, `Details`, `ArtistLink`) VALUES (133, 'Ferdinand Georg', 'Waldmüller', 'Austria', 'M', 1793, 1865, 'Ferdinand Georg Waldmüller (1793–1865) is considered the most important Austrian artist of the 19th century. On the one hand, he produced outstanding works in the artistic disciplines prevalent at the time – portraiture, landscape, still life, and genre painting – and, on the other hand, he was always, throughout his life, in search of accomplishment, striding new paths that led the way into the future.', 'https://en.wikipedia.org/wiki/Ferdinand_Georg_Waldm%C3%Bcller');
INSERT INTO `Artists` (`ArtistID`, `FirstName`, `LastName`, `Nationality`, `Gender`, `YearOfBirth`, `YearOfDeath`, `Details`, `ArtistLink`) VALUES (134, 'Rogier van der', 'Weyden', 'Netherlands', 'M', 1399, 1464, 'Rogier van der Weyden or Roger de la Pasture was an Early Netherlandish painter. His surviving works consist mainly of religious triptychs, altarpieces and commissioned single and diptych portraits. Although his life was generally uneventful, he was highly successful and internationally famous in his lifetime. His paintings were exported – or taken – to Italy and Spain, and he received commissions from, amongst others, Philip the Good, Netherlandish nobility and foreign princes. By the latter half of the 15th century, he had eclipsed Jan van Eyck in popularity. However his fame lasted only until the 17th century, and largely due to changing taste, he was almost totally forgotten by the mid-18th century. His reputation was slowly rebuilt during the following 200 years; today he is known, with Robert Campin and van Eyck, as the third of the three great Early Flemish artists, and widely as the most influential Northern painter of the 15th century.', 'https://en.wikipedia.org/wiki/Rogier_van_der_Weyden');
INSERT INTO `Artists` (`ArtistID`, `FirstName`, `LastName`, `Nationality`, `Gender`, `YearOfBirth`, `YearOfDeath`, `Details`, `ArtistLink`) VALUES (135, 'Giovanni', 'Bellini', 'Italy', 'M', 1430, 1516, 'Giovanni Bellini was an Italian Renaissance painter, probably the best known of the Bellini family of Venetian painters. His father was Jacopo Bellini, his brother was Gentile Bellini, and his brother-in-law was Andrea Mantegna. He is considered to have revolutionized Venetian painting, moving it towards a more sensuous and colouristic style. Through the use of clear, slow-drying oil paints, Giovanni created deep, rich tints and detailed shadings. His sumptuous coloring and fluent, atmospheric landscapes had a great effect on the Venetian painting school, especially on his pupils Giorgione and Titian.', 'https://en.wikipedia.org/wiki/Giovanni_Bellini');
INSERT INTO `Artists` (`ArtistID`, `FirstName`, `LastName`, `Nationality`, `Gender`, `YearOfBirth`, `YearOfDeath`, `Details`, `ArtistLink`) VALUES (136, 'Francesco', 'Hayez', 'Italy', 'M', 1791, 1882, 'Francesco Hayez was an Italian painter, the leading artist of Romanticism in mid-19th-century Milan, renowned for his grand historical paintings, political allegories and exceptionally fine portraits.', 'https://en.wikipedia.org/wiki/Francesco_Hayez');
INSERT INTO `Artists` (`ArtistID`, `FirstName`, `LastName`, `Nationality`, `Gender`, `YearOfBirth`, `YearOfDeath`, `Details`, `ArtistLink`) VALUES (137, 'Caspar David', 'Friedrich', 'Germany', 'M', 1774, 1840, 'Caspar David Friedrich was a 19th-century German Romantic landscape painter, generally considered the most important German artist of his generation. He is best known for his mid-period allegorical landscapes which typically feature contemplative figures silhouetted against night skies, morning mists, barren trees or Gothic ruins.', 'https://en.wikipedia.org/wiki/Caspar_David_Friedrich');
INSERT INTO `Artists` (`ArtistID`, `FirstName`, `LastName`, `Nationality`, `Gender`, `YearOfBirth`, `YearOfDeath`, `Details`, `ArtistLink`) VALUES (138, 'Arnold', 'Böcklin', 'Switzerland', 'M', 1827, 1901, 'Arnold Böcklin was a Swiss symbolist painter.', 'https://en.wikipedia.org/wiki/Arnold_B%C3%B6cklin');
INSERT INTO `Artists` (`ArtistID`, `FirstName`, `LastName`, `Nationality`, `Gender`, `YearOfBirth`, `YearOfDeath`, `Details`, `ArtistLink`) VALUES (139, 'John William', 'Waterhouse', 'England', 'M', 1849, 1917, 'John William Waterhouse was an English painter known for working in the Pre-Raphaelite style. He worked several decades after the breakup of the Pre-Raphaelite Brotherhood, which had seen its heyday in the mid-nineteenth century, leading to his sobriquet \"the modern Pre-Raphaelite\". Borrowing stylistic influences not only from the earlier Pre-Raphaelites but also from his contemporaries, the Impressionists, his artworks were known for their depictions of women from both ancient Greek mythology and Arthurian legend.', 'https://en.wikipedia.org/wiki/John_William_Waterhouse');
INSERT INTO `Artists` (`ArtistID`, `FirstName`, `LastName`, `Nationality`, `Gender`, `YearOfBirth`, `YearOfDeath`, `Details`, `ArtistLink`) VALUES (140, 'William', 'Bouguereau', 'France', 'M', 1825, 1905, 'William-Adolphe Bouguereau was a French academic painter and traditionalist. In his realistic genre paintings he used mythological themes, making modern interpretations of classical subjects, with an emphasis on the female human body. During his life he enjoyed significant popularity in France and the United States, was given numerous official honors, and received top prices for his work. As the quintessential salon painter of his generation, he was reviled by the Impressionist avant-garde. By the early twentieth century, Bouguereau and his art fell out of favor with the public, due in part to changing tastes. In the 1980s, a revival of interest in figure painting led to a rediscovery of Bouguereau and his work. Throughout the course of his life, Bouguereau executed 822 known finished paintings, although the whereabouts of many are still unknown.', 'https://en.wikipedia.org/wiki/William-Adolphe_Bouguereau');
INSERT INTO `Artists` (`ArtistID`, `FirstName`, `LastName`, `Nationality`, `Gender`, `YearOfBirth`, `YearOfDeath`, `Details`, `ArtistLink`) VALUES (141, 'Agnolo', 'Gaddi', 'Italy', 'M', 1350, 1396, 'Taddeo Gaddi was himself the major pupil of the Florentine master Giotto. Agnolo was an influential and prolific artist who was the last major Florentine painter stylistically descended from Giotto.', 'https://en.wikipedia.org/wiki/Agnolo_Gaddi');
# 78 records

#
# Table structure for table 'CustomerLogon'
#


CREATE TABLE `CustomerLogon` (
  `CustomerID` INTEGER NOT NULL AUTO_INCREMENT, 
  `UserName` VARCHAR(255), 
  `Pass` VARCHAR(255), 
  `Salt` VARCHAR(255), 
  `State` INTEGER, 
  `DateJoined` DATETIME, 
  `DateLastModified` DATETIME, 
  PRIMARY KEY (`CustomerID`), 
  UNIQUE (`UserName`)
) ENGINE=innodb DEFAULT CHARSET=utf8;

SET autocommit=1;

#
# Dumping data for table 'CustomerLogon'
#

INSERT INTO `CustomerLogon` (`CustomerID`, `UserName`, `Pass`, `Salt`, `State`, `DateJoined`, `DateLastModified`) VALUES (1, 'luisg@embraer.com.br', '81c71e87e09e4310e3b974c79a8f817b', 'HoGiVlunac11vDbbFHpoB0OdDOEkA6Uk', 1, '2012-10-08 00:00:00', '2012-11-15 00:00:00');
INSERT INTO `CustomerLogon` (`CustomerID`, `UserName`, `Pass`, `Salt`, `State`, `DateJoined`, `DateLastModified`) VALUES (2, 'leonekohler@surfeu.de', '5a2b2e0fcff2d5d36bd0f988b1acfe41', 'VubVwUzwUC29gpVff7iZm3Aoe6LWba57', 1, '2012-08-22 00:00:00', '2012-10-15 00:00:00');
INSERT INTO `CustomerLogon` (`CustomerID`, `UserName`, `Pass`, `Salt`, `State`, `DateJoined`, `DateLastModified`) VALUES (3, 'ftremblay@gmail.com', 'cdcabbb42c07586007f367353c2bd241', 'YP6aWNCsANhgpmQ8vrrmZBb6L54sOxkp', 1, '2012-10-28 00:00:00', '2012-11-16 00:00:00');
INSERT INTO `CustomerLogon` (`CustomerID`, `UserName`, `Pass`, `Salt`, `State`, `DateJoined`, `DateLastModified`) VALUES (4, 'bjorn.hansen@yahoo.no', '9cad8e966c8b47a27e2703e51a75d23e', 'vFDJ8jISdVfCIMkTpbze5ECLMeritDe8', 1, '2012-07-31 00:00:00', '2012-08-14 00:00:00');
INSERT INTO `CustomerLogon` (`CustomerID`, `UserName`, `Pass`, `Salt`, `State`, `DateJoined`, `DateLastModified`) VALUES (5, 'frantisekw@jetbrains.com', '6d465b9782c5a1ffd5e64b8be43a25f1', 't5llWFtASh1LwDjbSuAcA7gZ7d8MBz2J', 1, '2012-08-06 00:00:00', '2012-09-25 00:00:00');
INSERT INTO `CustomerLogon` (`CustomerID`, `UserName`, `Pass`, `Salt`, `State`, `DateJoined`, `DateLastModified`) VALUES (6, 'hholy@gmail.com', '7eb81f3fdd0c1c96951b85905da420f2', 'VoTVT17OHoGxaZwmit3g07uwwdx0FoFE', 1, '2012-11-01 00:00:00', '2012-12-14 00:00:00');
INSERT INTO `CustomerLogon` (`CustomerID`, `UserName`, `Pass`, `Salt`, `State`, `DateJoined`, `DateLastModified`) VALUES (7, 'astrid.gruber@apple.at', '6f8c4eed1a70ab63cc010e49157871fb', 'eWGrN16jTtprvlNS3ynaUUIZwYZSaYv3', 1, '2012-06-05 00:00:00', '2013-01-10 00:00:00');
INSERT INTO `CustomerLogon` (`CustomerID`, `UserName`, `Pass`, `Salt`, `State`, `DateJoined`, `DateLastModified`) VALUES (8, 'fharris@google.com', 'e62798b951bab59d58bcbd6b49159bed', '8kLYNpRXd57yHh2NG8xeMedFLb9q3v4V', 1, '2012-09-25 00:00:00', '2012-11-18 00:00:00');
INSERT INTO `CustomerLogon` (`CustomerID`, `UserName`, `Pass`, `Salt`, `State`, `DateJoined`, `DateLastModified`) VALUES (9, 'jacksmith@microsoft.com', '3ce9cf0d08e544eaace1f5280b7e79ad', 'WLwDFTyhbHpBFySCJ8a6pqgpXkHM1oAV', 1, '2012-11-16 00:00:00', '2013-01-18 00:00:00');
INSERT INTO `CustomerLogon` (`CustomerID`, `UserName`, `Pass`, `Salt`, `State`, `DateJoined`, `DateLastModified`) VALUES (10, 'michelleb@aol.com', 'badc7aadfb35a97f503d2d0643fc48aa', 'LYRv2m2DkHT0er5GqAtnX4DiZ7pAKtA4', 1, '2012-12-07 00:00:00', '2013-03-07 00:00:00');
INSERT INTO `CustomerLogon` (`CustomerID`, `UserName`, `Pass`, `Salt`, `State`, `DateJoined`, `DateLastModified`) VALUES (11, 'tgoyer@apple.com', '9ebc2309a19d8b6cc30a78b627d2a8d0', 'PgJBPfjDqmY30b6w38H0QBqolgyAQPpE', 1, '2013-01-14 00:00:00', '2013-04-19 00:00:00');
INSERT INTO `CustomerLogon` (`CustomerID`, `UserName`, `Pass`, `Salt`, `State`, `DateJoined`, `DateLastModified`) VALUES (12, 'robbrown@shaw.ca', 'acb354fef1df68cea98f75bfb4e11efe', 'NeNAmefofIuB18TsKSlySz8hTLw4NJXv', 1, '2013-02-07 00:00:00', '2013-06-11 00:00:00');
INSERT INTO `CustomerLogon` (`CustomerID`, `UserName`, `Pass`, `Salt`, `State`, `DateJoined`, `DateLastModified`) VALUES (13, 'edfrancis@yachoo.ca', 'd1b76d1c9e9a0af1b243348d6aa208db', 'CdQkKYIAH7784lUQ7CbJtXDwcgCuVnql', 1, '2012-12-20 00:00:00', '2013-01-11 00:00:00');
INSERT INTO `CustomerLogon` (`CustomerID`, `UserName`, `Pass`, `Salt`, `State`, `DateJoined`, `DateLastModified`) VALUES (14, 'mphilips12@shaw.ca', '4d5df99ea28d85bee1943057c0fa5af1', '5JD3H7F7FCgA3XySfVUqn7IvZRRvkyLD', 1, '2012-05-21 00:00:00', '2012-10-28 00:00:00');
INSERT INTO `CustomerLogon` (`CustomerID`, `UserName`, `Pass`, `Salt`, `State`, `DateJoined`, `DateLastModified`) VALUES (15, 'marthasilk@gmail.com', '701a6c379457427da2109b6a5cc4db4e', 'rh5PWxACiKkaWhL8XjRoEiTB4vOjjnRH', 1, '2012-11-17 00:00:00', '2012-12-01 00:00:00');
INSERT INTO `CustomerLogon` (`CustomerID`, `UserName`, `Pass`, `Salt`, `State`, `DateJoined`, `DateLastModified`) VALUES (16, 'aaronmitchell@yahoo.ca', 'cad0020cfe7be03ec30799f3a555614a', 'G2tZArYb7JR25d02apafzwZ0GFFb6tIP', 1, '2013-02-12 00:00:00', '2013-03-21 00:00:00');
INSERT INTO `CustomerLogon` (`CustomerID`, `UserName`, `Pass`, `Salt`, `State`, `DateJoined`, `DateLastModified`) VALUES (17, 'ellie.sullivan@shaw.ca', '6edddf2a896de8586087175dfff26b25', 're1Hjavg48wRI7Kt0GOA8HquU2fczMY1', 1, '2012-09-10 00:00:00', '2012-11-05 00:00:00');
INSERT INTO `CustomerLogon` (`CustomerID`, `UserName`, `Pass`, `Salt`, `State`, `DateJoined`, `DateLastModified`) VALUES (18, 'jfernandes@yahoo.pt', '44494012fa8815059890b206d78b15e4', '1pUQJIlNVYAAPv0HYmkt8hWrErMfJKAg', 1, '2012-08-27 00:00:00', '2012-09-03 00:00:00');
INSERT INTO `CustomerLogon` (`CustomerID`, `UserName`, `Pass`, `Salt`, `State`, `DateJoined`, `DateLastModified`) VALUES (19, 'masampaio@sapo.pt', '3d708043f9b48cbf0b6906609864659f', 'KxWAVWa3dtIEFg9smi8v0vX0lii8vHBI', 1, '2012-07-29 00:00:00', '2012-12-10 00:00:00');
INSERT INTO `CustomerLogon` (`CustomerID`, `UserName`, `Pass`, `Salt`, `State`, `DateJoined`, `DateLastModified`) VALUES (20, 'hannah.schneider@yahoo.de', '5b07a28fc054211e3ca3b1ea79fdd5e4', 'TMBUkDfMyv6hRez3KVDnCfjLht3yLvJX', 1, '2012-08-01 00:00:00', '2012-11-02 00:00:00');
INSERT INTO `CustomerLogon` (`CustomerID`, `UserName`, `Pass`, `Salt`, `State`, `DateJoined`, `DateLastModified`) VALUES (21, 'camille.bernard@yahoo.fr', '417ea2d71b3d61dd12c7bf126fc8e83d', 'p3L5I7yj8OSnR43VFi8jKGHSeNY7MpsI', 1, '2012-10-29 00:00:00', '2012-12-07 00:00:00');
INSERT INTO `CustomerLogon` (`CustomerID`, `UserName`, `Pass`, `Salt`, `State`, `DateJoined`, `DateLastModified`) VALUES (22, 'isabelle_mercier@apple.fr', '0ccc0904c901d7bf847c42a70f7fb187', 'aIP5DI349uWKfng6V084FTAauGKCKhnI', 1, '2012-11-12 00:00:00', '2013-01-21 00:00:00');
INSERT INTO `CustomerLogon` (`CustomerID`, `UserName`, `Pass`, `Salt`, `State`, `DateJoined`, `DateLastModified`) VALUES (23, 'emma_jones@hotmail.com', '02982989b8ceb5e2276e85633ff7fe02', 'tCr41u0Ap5wwyjki778lGcV9hYVHHOwg', 1, '2013-05-14 00:00:00', '2013-05-14 00:00:00');
INSERT INTO `CustomerLogon` (`CustomerID`, `UserName`, `Pass`, `Salt`, `State`, `DateJoined`, `DateLastModified`) VALUES (24, 'phil.hughes@gmail.com', '4f3a9fa4ab53fd6d486e1825d0923e13', '9A9GY16GX7LY02Y3M9vWV0ruYZHToRQT', 1, '2013-05-24 00:00:00', '2013-05-24 00:00:00');
INSERT INTO `CustomerLogon` (`CustomerID`, `UserName`, `Pass`, `Salt`, `State`, `DateJoined`, `DateLastModified`) VALUES (25, 'manoj.pareek@rediff.com', '57a618989f36d9a360b28a3137d21ea7', 'VIlh0rsTTk16V9zcxqLvh2gclZyQOUqS', 1, '2013-05-07 00:00:00', '2013-05-07 00:00:00');
INSERT INTO `CustomerLogon` (`CustomerID`, `UserName`, `Pass`, `Salt`, `State`, `DateJoined`, `DateLastModified`) VALUES (26, 'puja_srivastava@yahoo.in', '40df37ea86d9eca113d9792920ea8f5f', 'yRh5Y1wmaitivmZquChMWdmsw7Qp7Zlm', 1, '2013-06-01 00:00:00', '2013-06-01 00:00:00');
INSERT INTO `CustomerLogon` (`CustomerID`, `UserName`, `Pass`, `Salt`, `State`, `DateJoined`, `DateLastModified`) VALUES (27, 'mark.taylor@yahoo.au', '01a5da61e8b9cfa23fc60d755ae9dd41', 'MPNdWXkMvW2lUfD4B1GCjjc897xQGodV', 1, '2013-05-17 00:00:00', '2013-05-17 00:00:00');
INSERT INTO `CustomerLogon` (`CustomerID`, `UserName`, `Pass`, `Salt`, `State`, `DateJoined`, `DateLastModified`) VALUES (28, 'ricunningham@hotmail.com', 'f67ea90a2e7d22c2a1f1efb5db58cbb9', 'gfFw77kT6E2cujRF4k40Eekp0374PqXk', 1, '2013-05-21 00:00:00', '2013-05-21 00:00:00');
INSERT INTO `CustomerLogon` (`CustomerID`, `UserName`, `Pass`, `Salt`, `State`, `DateJoined`, `DateLastModified`) VALUES (29, 'patrick.gray@aol.com', '7824ba805eb58f0d8b5e4607f3d70b09', 'RwdSqVGvp4hfSSsVLGhpbKoJwUmv7vG1', 1, '2013-05-27 00:00:00', '2013-05-27 00:00:00');
INSERT INTO `CustomerLogon` (`CustomerID`, `UserName`, `Pass`, `Salt`, `State`, `DateJoined`, `DateLastModified`) VALUES (30, 'terhi.hamalainen@apple.fi', 'be8ecb3abe6abd9a83235cd731d3b3f3', 'LnirideCAMlz2LoILM2fb7nPE8yiqnRT', 1, '2013-05-24 00:00:00', '2013-05-26 00:00:00');
INSERT INTO `CustomerLogon` (`CustomerID`, `UserName`, `Pass`, `Salt`, `State`, `DateJoined`, `DateLastModified`) VALUES (31, 'stanisław.wójcik@wp.pl', '50096c8cc2ee2915e26989554bf7b190', 'cDw2VtsHAFhyQlOoc7nYCHyivicq1mzG', 1, '2013-05-25 00:00:00', '2013-06-25 00:00:00');
INSERT INTO `CustomerLogon` (`CustomerID`, `UserName`, `Pass`, `Salt`, `State`, `DateJoined`, `DateLastModified`) VALUES (32, 'nschroder@surfeu.de', '81c71e87e09e4310e3b974c79a8f817b', 'HoGiVlunac11vDbbFHpoB0OdDOEkA6Uk', 1, '2013-07-01 00:00:00', '2013-07-01 00:00:00');
INSERT INTO `CustomerLogon` (`CustomerID`, `UserName`, `Pass`, `Salt`, `State`, `DateJoined`, `DateLastModified`) VALUES (33, 'dominiquelefebvre@gmail.com', '5a2b2e0fcff2d5d36bd0f988b1acfe41', 'VubVwUzwUC29gpVff7iZm3Aoe6LWba57', 1, '2013-07-01 00:00:00', '2013-07-01 00:00:00');
INSERT INTO `CustomerLogon` (`CustomerID`, `UserName`, `Pass`, `Salt`, `State`, `DateJoined`, `DateLastModified`) VALUES (34, 'diego.gutierrez@yahoo.ar', 'cdcabbb42c07586007f367353c2bd241', 'YP6aWNCsANhgpmQ8vrrmZBb6L54sOxkp', 1, '2013-07-05 00:00:00', '2013-07-05 00:00:00');
INSERT INTO `CustomerLogon` (`CustomerID`, `UserName`, `Pass`, `Salt`, `State`, `DateJoined`, `DateLastModified`) VALUES (35, 'ladislav_kovacs@apple.hu', '9cad8e966c8b47a27e2703e51a75d23e', 'vFDJ8jISdVfCIMkTpbze5ECLMeritDe8', 1, '2013-07-06 00:00:00', '2013-07-08 00:00:00');
INSERT INTO `CustomerLogon` (`CustomerID`, `UserName`, `Pass`, `Salt`, `State`, `DateJoined`, `DateLastModified`) VALUES (36, 'lucas.mancini@yahoo.it', '6d465b9782c5a1ffd5e64b8be43a25f1', 't5llWFtASh1LwDjbSuAcA7gZ7d8MBz2J', 1, '2013-07-11 00:00:00', '2013-07-11 00:00:00');
INSERT INTO `CustomerLogon` (`CustomerID`, `UserName`, `Pass`, `Salt`, `State`, `DateJoined`, `DateLastModified`) VALUES (37, 'johavanderberg@yahoo.nl', '7eb81f3fdd0c1c96951b85905da420f2', 'VoTVT17OHoGxaZwmit3g07uwwdx0FoFE', 1, '2013-07-13 00:00:00', '2013-07-13 00:00:00');
INSERT INTO `CustomerLogon` (`CustomerID`, `UserName`, `Pass`, `Salt`, `State`, `DateJoined`, `DateLastModified`) VALUES (38, 'enrique_munoz@yahoo.es', '6f8c4eed1a70ab63cc010e49157871fb', 'eWGrN16jTtprvlNS3ynaUUIZwYZSaYv3', 1, '2013-07-13 00:00:00', '2013-07-13 00:00:00');
INSERT INTO `CustomerLogon` (`CustomerID`, `UserName`, `Pass`, `Salt`, `State`, `DateJoined`, `DateLastModified`) VALUES (39, 'joakim.johansson@yahoo.se', 'e62798b951bab59d58bcbd6b49159bed', '8kLYNpRXd57yHh2NG8xeMedFLb9q3v4V', 1, '2013-07-15 00:00:00', '2013-07-15 00:00:00');
INSERT INTO `CustomerLogon` (`CustomerID`, `UserName`, `Pass`, `Salt`, `State`, `DateJoined`, `DateLastModified`) VALUES (40, 'jubarnett@gmail.com', '3ce9cf0d08e544eaace1f5280b7e79ad', 'WLwDFTyhbHpBFySCJ8a6pqgpXkHM1oAV', 1, '2013-07-16 00:00:00', '2013-07-16 00:00:00');
INSERT INTO `CustomerLogon` (`CustomerID`, `UserName`, `Pass`, `Salt`, `State`, `DateJoined`, `DateLastModified`) VALUES (41, 'fralston@gmail.com', 'badc7aadfb35a97f503d2d0643fc48aa', 'LYRv2m2DkHT0er5GqAtnX4DiZ7pAKtA4', 1, '2013-07-17 00:00:00', '2013-07-17 00:00:00');
INSERT INTO `CustomerLogon` (`CustomerID`, `UserName`, `Pass`, `Salt`, `State`, `DateJoined`, `DateLastModified`) VALUES (42, 'johngordon22@yahoo.com', '9ebc2309a19d8b6cc30a78b627d2a8d0', 'PgJBPfjDqmY30b6w38H0QBqolgyAQPpE', 1, '2013-07-17 00:00:00', '2013-07-17 00:00:00');
INSERT INTO `CustomerLogon` (`CustomerID`, `UserName`, `Pass`, `Salt`, `State`, `DateJoined`, `DateLastModified`) VALUES (43, 'hleacock@gmail.com', 'acb354fef1df68cea98f75bfb4e11efe', 'NeNAmefofIuB18TsKSlySz8hTLw4NJXv', 1, '2013-07-17 00:00:00', '2013-07-17 00:00:00');
INSERT INTO `CustomerLogon` (`CustomerID`, `UserName`, `Pass`, `Salt`, `State`, `DateJoined`, `DateLastModified`) VALUES (48, 'jenniferp@rogers.ca', 'd1b76d1c9e9a0af1b243348d6aa208db', 'CdQkKYIAH7784lUQ7CbJtXDwcgCuVnql', 1, '2013-07-18 00:00:00', '2013-07-18 00:00:00');
INSERT INTO `CustomerLogon` (`CustomerID`, `UserName`, `Pass`, `Salt`, `State`, `DateJoined`, `DateLastModified`) VALUES (49, 'michael@chinookcorp.com', '4d5df99ea28d85bee1943057c0fa5af1', '5JD3H7F7FCgA3XySfVUqn7IvZRRvkyLD', 1, '2013-07-18 00:00:00', '2013-07-18 00:00:00');
INSERT INTO `CustomerLogon` (`CustomerID`, `UserName`, `Pass`, `Salt`, `State`, `DateJoined`, `DateLastModified`) VALUES (50, 'steve@chinookcorp.com', '701a6c379457427da2109b6a5cc4db4e', 'rh5PWxACiKkaWhL8XjRoEiTB4vOjjnRH', 1, '2013-07-19 00:00:00', '2013-07-20 00:00:00');
INSERT INTO `CustomerLogon` (`CustomerID`, `UserName`, `Pass`, `Salt`, `State`, `DateJoined`, `DateLastModified`) VALUES (51, 'kara.nielsen@jubii.dk', 'cad0020cfe7be03ec30799f3a555614a', 'G2tZArYb7JR25d02apafzwZ0GFFb6tIP', 1, '2013-08-22 00:00:00', '2013-08-22 00:00:00');
INSERT INTO `CustomerLogon` (`CustomerID`, `UserName`, `Pass`, `Salt`, `State`, `DateJoined`, `DateLastModified`) VALUES (52, 'kachase@hotmail.com', '6edddf2a896de8586087175dfff26b25', 're1Hjavg48wRI7Kt0GOA8HquU2fczMY1', 1, '2013-08-23 00:00:00', '2013-08-23 00:00:00');
INSERT INTO `CustomerLogon` (`CustomerID`, `UserName`, `Pass`, `Salt`, `State`, `DateJoined`, `DateLastModified`) VALUES (53, 'hughoreilly@apple.ie', '44494012fa8815059890b206d78b15e4', '1pUQJIlNVYAAPv0HYmkt8hWrErMfJKAg', 1, '2013-08-26 00:00:00', '2013-08-26 00:00:00');
INSERT INTO `CustomerLogon` (`CustomerID`, `UserName`, `Pass`, `Salt`, `State`, `DateJoined`, `DateLastModified`) VALUES (54, 'luisrojas@yahoo.cl', '3d708043f9b48cbf0b6906609864659f', 'KxWAVWa3dtIEFg9smi8v0vX0lii8vHBI', 1, '2013-08-27 00:00:00', '2013-08-27 00:00:00');
# 50 records

#
# Table structure for table 'Customers'
#


CREATE TABLE `Customers` (
  `CustomerID` INTEGER NOT NULL, 
  `FirstName` VARCHAR(255), 
  `LastName` VARCHAR(255), 
  `Address` VARCHAR(255), 
  `City` VARCHAR(255), 
  `Region` VARCHAR(255), 
  `Country` VARCHAR(255), 
  `Postal` VARCHAR(255), 
  `Phone` VARCHAR(255), 
  `Email` VARCHAR(255), 
  `Privacy` VARCHAR(255), 
  PRIMARY KEY (`CustomerID`)
) ENGINE=innodb DEFAULT CHARSET=utf8;

SET autocommit=1;

#
# Dumping data for table 'Customers'
#

INSERT INTO `Customers` (`CustomerID`, `FirstName`, `LastName`, `Address`, `City`, `Region`, `Country`, `Postal`, `Phone`, `Email`, `Privacy`) VALUES (1, 'Luís', 'Gonçalves', 'Av. Brigadeiro Faria Lima, 2170', 'São José dos Campos', 'SP', 'Brazil', '12227-000', '+55 (12) 3923-5555', 'luisg@embraer.com.br', '1');
INSERT INTO `Customers` (`CustomerID`, `FirstName`, `LastName`, `Address`, `City`, `Region`, `Country`, `Postal`, `Phone`, `Email`, `Privacy`) VALUES (2, 'Leonie', 'Köhler', 'Theodor-Heuss-Straße 34', 'Stuttgart', NULL, 'Germany', '70174', '+49 0711 2842222', 'leonekohler@surfeu.de', '1');
INSERT INTO `Customers` (`CustomerID`, `FirstName`, `LastName`, `Address`, `City`, `Region`, `Country`, `Postal`, `Phone`, `Email`, `Privacy`) VALUES (3, 'Bjørn', 'Hansen', 'Ullevålsveien 14', 'Oslo', NULL, 'Norway', '0171', '+47 22 44 22 22', 'bjorn.hansen@yahoo.no', '1');
INSERT INTO `Customers` (`CustomerID`, `FirstName`, `LastName`, `Address`, `City`, `Region`, `Country`, `Postal`, `Phone`, `Email`, `Privacy`) VALUES (4, 'François', 'Tremblay', '1498 rue Bélanger', 'Montréal', 'QC', 'Canada', 'H2G 1A7', '+1 (514) 721-4711', 'ftremblay@gmail.com', '1');
INSERT INTO `Customers` (`CustomerID`, `FirstName`, `LastName`, `Address`, `City`, `Region`, `Country`, `Postal`, `Phone`, `Email`, `Privacy`) VALUES (5, 'František', 'Wichterlová', 'Klanova 9/506', 'Prague', NULL, 'Czech Republic', '14700', '+420 2 4172 5555', 'frantisekw@jetbrains.com', '2');
INSERT INTO `Customers` (`CustomerID`, `FirstName`, `LastName`, `Address`, `City`, `Region`, `Country`, `Postal`, `Phone`, `Email`, `Privacy`) VALUES (6, 'Astrid', 'Gruber', 'Rotenturmstraße 4, 1010 Innere Stadt', 'Vienna', NULL, 'Austria', '1010', '+43 01 5134505', 'astrid.gruber@apple.at', '1');
INSERT INTO `Customers` (`CustomerID`, `FirstName`, `LastName`, `Address`, `City`, `Region`, `Country`, `Postal`, `Phone`, `Email`, `Privacy`) VALUES (7, 'Helena', 'Holý', 'Rilská 3174/6', 'Prague', NULL, 'Czech Republic', '14300', '+420 2 4177 0449', 'hholy@gmail.com', '2');
INSERT INTO `Customers` (`CustomerID`, `FirstName`, `LastName`, `Address`, `City`, `Region`, `Country`, `Postal`, `Phone`, `Email`, `Privacy`) VALUES (8, 'Frank', 'Harris', '1600 Amphitheatre Parkway', 'Mountain View', 'CA', 'USA', '94043-1351', '+1 (425) 882-8080', 'fharris@google.com', '1');
INSERT INTO `Customers` (`CustomerID`, `FirstName`, `LastName`, `Address`, `City`, `Region`, `Country`, `Postal`, `Phone`, `Email`, `Privacy`) VALUES (9, 'Jack', 'Smith', '1 Microsoft Way', 'Redmond', 'WA', 'USA', '98052-8300', '+1 (425) 882-8080', 'jacksmith@microsoft.com', '2');
INSERT INTO `Customers` (`CustomerID`, `FirstName`, `LastName`, `Address`, `City`, `Region`, `Country`, `Postal`, `Phone`, `Email`, `Privacy`) VALUES (10, 'Michelle', 'Brooks', '627 Broadway', 'New York', 'NY', 'USA', '10012-2612', '+1 (212) 221-3546', 'michelleb@aol.com', '1');
INSERT INTO `Customers` (`CustomerID`, `FirstName`, `LastName`, `Address`, `City`, `Region`, `Country`, `Postal`, `Phone`, `Email`, `Privacy`) VALUES (11, 'Tim', 'Goyer', '1 Infinite Loop', 'Cupertino', 'CA', 'USA', '95014', '+1 (408) 996-1010', 'tgoyer@apple.com', '1');
INSERT INTO `Customers` (`CustomerID`, `FirstName`, `LastName`, `Address`, `City`, `Region`, `Country`, `Postal`, `Phone`, `Email`, `Privacy`) VALUES (12, 'Robert', 'Brown', '796 Dundas Street West', 'Toronto', 'ON', 'Canada', 'M6J 1V1', '+1 (416) 363-8888', 'robbrown@shaw.ca', '2');
INSERT INTO `Customers` (`CustomerID`, `FirstName`, `LastName`, `Address`, `City`, `Region`, `Country`, `Postal`, `Phone`, `Email`, `Privacy`) VALUES (13, 'Edward', 'Francis', '230 Elgin Street', 'Ottawa', 'ON', 'Canada', 'K2P 1L7', '+1 (613) 234-3322', 'edfrancis@yachoo.ca', '2');
INSERT INTO `Customers` (`CustomerID`, `FirstName`, `LastName`, `Address`, `City`, `Region`, `Country`, `Postal`, `Phone`, `Email`, `Privacy`) VALUES (14, 'Mark', 'Philips', '8210 111 ST NW', 'Edmonto', 'AB', 'Canada', 'T6G 2C7', '+1 (780) 434-4554', 'mphilips12@shaw.ca', '1');
INSERT INTO `Customers` (`CustomerID`, `FirstName`, `LastName`, `Address`, `City`, `Region`, `Country`, `Postal`, `Phone`, `Email`, `Privacy`) VALUES (15, 'Martha', 'Silk', '194A Chain Lake Drive', 'Halifax', 'NS', 'Canada', 'B3S 1C5', '+1 (902) 450-0450', 'marthasilk@gmail.com', '1');
INSERT INTO `Customers` (`CustomerID`, `FirstName`, `LastName`, `Address`, `City`, `Region`, `Country`, `Postal`, `Phone`, `Email`, `Privacy`) VALUES (16, 'Aaron', 'Mitchell', '696 Osborne Street', 'Winnipeg', 'MB', 'Canada', 'R3L 2B9', '+1 (204) 452-6452', 'aaronmitchell@yahoo.ca', '2');
INSERT INTO `Customers` (`CustomerID`, `FirstName`, `LastName`, `Address`, `City`, `Region`, `Country`, `Postal`, `Phone`, `Email`, `Privacy`) VALUES (17, 'Ellie', 'Sullivan', '5112 48 Street', 'Yellowknife', 'NT', 'Canada', 'X1A 1N6', '+1 (867) 920-2233', 'ellie.sullivan@shaw.ca', '2');
INSERT INTO `Customers` (`CustomerID`, `FirstName`, `LastName`, `Address`, `City`, `Region`, `Country`, `Postal`, `Phone`, `Email`, `Privacy`) VALUES (18, 'João', 'Fernandes', 'Rua da Assunção 53', 'Lisbon', NULL, 'Portugal', NULL, '+351 (213) 466-111', 'jfernandes@yahoo.pt', '2');
INSERT INTO `Customers` (`CustomerID`, `FirstName`, `LastName`, `Address`, `City`, `Region`, `Country`, `Postal`, `Phone`, `Email`, `Privacy`) VALUES (19, 'Madalena', 'Sampaio', 'Rua dos Campeões Europeus de Viena, 4350', 'Porto', NULL, 'Portugal', NULL, '+351 (225) 022-448', 'masampaio@sapo.pt', '2');
INSERT INTO `Customers` (`CustomerID`, `FirstName`, `LastName`, `Address`, `City`, `Region`, `Country`, `Postal`, `Phone`, `Email`, `Privacy`) VALUES (20, 'Hannah', 'Schneider', 'Tauentzienstraße 8', 'Berlin', NULL, 'Germany', '10789', '+49 030 26550280', 'hannah.schneider@yahoo.de', '1');
INSERT INTO `Customers` (`CustomerID`, `FirstName`, `LastName`, `Address`, `City`, `Region`, `Country`, `Postal`, `Phone`, `Email`, `Privacy`) VALUES (21, 'Camille', 'Bernard', '4, Rue Milton', 'Paris', NULL, 'France', '75009', '+33 01 49 70 65 65', 'camille.bernard@yahoo.fr', '1');
INSERT INTO `Customers` (`CustomerID`, `FirstName`, `LastName`, `Address`, `City`, `Region`, `Country`, `Postal`, `Phone`, `Email`, `Privacy`) VALUES (22, 'Isabelle', 'Mercier', '68, Rue Jouvence', 'Dijon', NULL, 'France', '21000', '+33 03 80 73 66 99', 'isabelle_mercier@apple.fr', '1');
INSERT INTO `Customers` (`CustomerID`, `FirstName`, `LastName`, `Address`, `City`, `Region`, `Country`, `Postal`, `Phone`, `Email`, `Privacy`) VALUES (23, 'Emma', 'Jones', '202 Hoxton Street', 'London', NULL, 'United Kingdom', 'N1 5LH', '+44 020 7707 0707', 'emma_jones@hotmail.com', '1');
INSERT INTO `Customers` (`CustomerID`, `FirstName`, `LastName`, `Address`, `City`, `Region`, `Country`, `Postal`, `Phone`, `Email`, `Privacy`) VALUES (24, 'Phil', 'Hughes', '113 Lupus St', 'London', NULL, 'United Kingdom', 'SW1V 3EN', '+44 020 7976 5722', 'phil.hughes@gmail.com', '1');
INSERT INTO `Customers` (`CustomerID`, `FirstName`, `LastName`, `Address`, `City`, `Region`, `Country`, `Postal`, `Phone`, `Email`, `Privacy`) VALUES (25, 'Manoj', 'Pareek', '12,Community Centre', 'Delhi', NULL, 'India', '110017', '+91 0124 39883988', 'manoj.pareek@rediff.com', '1');
INSERT INTO `Customers` (`CustomerID`, `FirstName`, `LastName`, `Address`, `City`, `Region`, `Country`, `Postal`, `Phone`, `Email`, `Privacy`) VALUES (26, 'Puja', 'Srivastava', '3,Raj Bhavan Road', 'Bangalore', NULL, 'India', '560001', '+91 080 22289999', 'puja_srivastava@yahoo.in', '2');
INSERT INTO `Customers` (`CustomerID`, `FirstName`, `LastName`, `Address`, `City`, `Region`, `Country`, `Postal`, `Phone`, `Email`, `Privacy`) VALUES (27, 'Mark', 'Taylor', '421 Bourke Street', 'Sidney', 'NSW', 'Australia', '2010', '+61 (02) 9332 3633', 'mark.taylor@yahoo.au', '1');
INSERT INTO `Customers` (`CustomerID`, `FirstName`, `LastName`, `Address`, `City`, `Region`, `Country`, `Postal`, `Phone`, `Email`, `Privacy`) VALUES (28, 'Richard', 'Cunningham', '2211 W Berry Street', 'Fort Worth', 'TX', 'USA', '76110', '+1 (817) 924-7272', 'ricunningham@hotmail.com', '1');
INSERT INTO `Customers` (`CustomerID`, `FirstName`, `LastName`, `Address`, `City`, `Region`, `Country`, `Postal`, `Phone`, `Email`, `Privacy`) VALUES (29, 'Patrick', 'Gray', '1033 N Park Ave', 'Tucson', 'AZ', 'USA', '85719', '+1 (520) 622-4200', 'patrick.gray@aol.com', '2');
INSERT INTO `Customers` (`CustomerID`, `FirstName`, `LastName`, `Address`, `City`, `Region`, `Country`, `Postal`, `Phone`, `Email`, `Privacy`) VALUES (30, 'Terhi', 'Hämäläinen', 'Porthaninkatu 9', 'Helsinki', NULL, 'Finland', '00530', '+358 09 870 2000', 'terhi.hamalainen@apple.fi', '2');
INSERT INTO `Customers` (`CustomerID`, `FirstName`, `LastName`, `Address`, `City`, `Region`, `Country`, `Postal`, `Phone`, `Email`, `Privacy`) VALUES (31, 'Stanisław', 'Wójcik', 'Ordynacka 10', 'Warsaw', NULL, 'Poland', '00-358', '+48 22 828 37 39', 'stanisław.wójcik@wp.pl', '1');
INSERT INTO `Customers` (`CustomerID`, `FirstName`, `LastName`, `Address`, `City`, `Region`, `Country`, `Postal`, `Phone`, `Email`, `Privacy`) VALUES (32, 'Niklas', 'Schröder', 'Barbarossastraße 19', 'Berlin', NULL, 'Germany', '10779', '+49 030 2141444', 'nschroder@surfeu.de', '1');
INSERT INTO `Customers` (`CustomerID`, `FirstName`, `LastName`, `Address`, `City`, `Region`, `Country`, `Postal`, `Phone`, `Email`, `Privacy`) VALUES (33, 'Dominique', 'Lefebvre', '8, Rue Hanovre', 'Paris', NULL, 'France', '75002', '+33 01 47 42 71 71', 'dominiquelefebvre@gmail.com', '2');
INSERT INTO `Customers` (`CustomerID`, `FirstName`, `LastName`, `Address`, `City`, `Region`, `Country`, `Postal`, `Phone`, `Email`, `Privacy`) VALUES (34, 'Diego', 'Gutiérrez', '307 Macacha Güemes', 'Buenos Aires', NULL, 'Argentina', '1106', '+54 (0)11 4311 4333', 'diego.gutierrez@yahoo.ar', '2');
INSERT INTO `Customers` (`CustomerID`, `FirstName`, `LastName`, `Address`, `City`, `Region`, `Country`, `Postal`, `Phone`, `Email`, `Privacy`) VALUES (35, 'Ladislav', 'Kovács', 'Erzsébet krt. 58.', 'Budapest', NULL, 'Hungary', 'H-1073', NULL, 'ladislav_kovacs@apple.hu', '1');
INSERT INTO `Customers` (`CustomerID`, `FirstName`, `LastName`, `Address`, `City`, `Region`, `Country`, `Postal`, `Phone`, `Email`, `Privacy`) VALUES (36, 'Lucas', 'Mancini', 'Via Degli Scipioni, 43', 'Rome', 'RM', 'Italy', '00192', '+39 06 39733434', 'lucas.mancini@yahoo.it', '2');
INSERT INTO `Customers` (`CustomerID`, `FirstName`, `LastName`, `Address`, `City`, `Region`, `Country`, `Postal`, `Phone`, `Email`, `Privacy`) VALUES (37, 'Johannes', 'Van der Berg', 'Lijnbaansgracht 120bg', 'Amsterdam', 'VV', 'Netherlands', '1016', '+31 020 6223130', 'johavanderberg@yahoo.nl', '1');
INSERT INTO `Customers` (`CustomerID`, `FirstName`, `LastName`, `Address`, `City`, `Region`, `Country`, `Postal`, `Phone`, `Email`, `Privacy`) VALUES (38, 'Enrique', 'Muñoz', 'C/ San Bernardo 85', 'Madrid', NULL, 'Spain', '28015', '+34 914 454 454', 'enrique_munoz@yahoo.es', '2');
INSERT INTO `Customers` (`CustomerID`, `FirstName`, `LastName`, `Address`, `City`, `Region`, `Country`, `Postal`, `Phone`, `Email`, `Privacy`) VALUES (39, 'Joakim', 'Johansson', 'Celsiusg. 9', 'Stockholm', NULL, 'Sweden', '11230', '+46 08-651 52 52', 'joakim.johansson@yahoo.se', '1');
INSERT INTO `Customers` (`CustomerID`, `FirstName`, `LastName`, `Address`, `City`, `Region`, `Country`, `Postal`, `Phone`, `Email`, `Privacy`) VALUES (40, 'Julia', 'Barnett', '302 S 700 E', 'Salt Lake City', 'UT', 'USA', '84102', '+1 (801) 531-7272', 'jubarnett@gmail.com', '1');
INSERT INTO `Customers` (`CustomerID`, `FirstName`, `LastName`, `Address`, `City`, `Region`, `Country`, `Postal`, `Phone`, `Email`, `Privacy`) VALUES (41, 'Frank', 'Ralston', '162 E Superior Street', 'Chicago', 'IL', 'USA', '60611', '+1 (312) 332-3232', 'fralston@gmail.com', '1');
INSERT INTO `Customers` (`CustomerID`, `FirstName`, `LastName`, `Address`, `City`, `Region`, `Country`, `Postal`, `Phone`, `Email`, `Privacy`) VALUES (42, 'John', 'Gordon', '69 Salem Street', 'Boston', 'MA', 'USA', '2113', '+1 (617) 522-1333', 'johngordon22@yahoo.com', '2');
INSERT INTO `Customers` (`CustomerID`, `FirstName`, `LastName`, `Address`, `City`, `Region`, `Country`, `Postal`, `Phone`, `Email`, `Privacy`) VALUES (43, 'Heather', 'Leacock', '120 S Orange Ave', 'Orlando', 'FL', 'USA', '32801', '+1 (407) 999-7788', 'hleacock@gmail.com', '1');
INSERT INTO `Customers` (`CustomerID`, `FirstName`, `LastName`, `Address`, `City`, `Region`, `Country`, `Postal`, `Phone`, `Email`, `Privacy`) VALUES (48, 'Jennifer', 'Peterson', '700 W Pender Street', 'Vancouver', 'BC', 'Canada', 'V6C 1G8', '+1 (604) 688-2255', 'jenniferp@rogers.ca', '1');
INSERT INTO `Customers` (`CustomerID`, `FirstName`, `LastName`, `Address`, `City`, `Region`, `Country`, `Postal`, `Phone`, `Email`, `Privacy`) VALUES (49, 'Michael', 'Mitchell', '5827 Bowness Road NW', 'Calgary', 'AB', 'Canada', 'T3B 0C5', '+1 (403) 246-9887', 'michael@chinookcorp.com', '1');
INSERT INTO `Customers` (`CustomerID`, `FirstName`, `LastName`, `Address`, `City`, `Region`, `Country`, `Postal`, `Phone`, `Email`, `Privacy`) VALUES (50, 'Steve', 'Johnson', '7727B 41 Ave SW', 'Calgary', 'AB', 'Canada', 'T3B 1Y7', '+1 (780) 836-9987', 'steve@chinookcorp.com', '1');
INSERT INTO `Customers` (`CustomerID`, `FirstName`, `LastName`, `Address`, `City`, `Region`, `Country`, `Postal`, `Phone`, `Email`, `Privacy`) VALUES (51, 'Kara', 'Nielsen', 'Sønder Boulevard 51', 'Copenhagen', NULL, 'Denmark', '1720', '+453 3331 9991', 'kara.nielsen@jubii.dk', '1');
INSERT INTO `Customers` (`CustomerID`, `FirstName`, `LastName`, `Address`, `City`, `Region`, `Country`, `Postal`, `Phone`, `Email`, `Privacy`) VALUES (52, 'Kathy', 'Chase', '801 W 4th Street', 'Reno', 'NV', 'USA', '89503', '+1 (775) 223-7665', 'kachase@hotmail.com', '2');
INSERT INTO `Customers` (`CustomerID`, `FirstName`, `LastName`, `Address`, `City`, `Region`, `Country`, `Postal`, `Phone`, `Email`, `Privacy`) VALUES (53, 'Hugh', 'O\'Reilly', '3 Chatham Street', 'Dublin', NULL, 'Ireland', NULL, '+353 01 6792424', 'hughoreilly@apple.ie', '1');
INSERT INTO `Customers` (`CustomerID`, `FirstName`, `LastName`, `Address`, `City`, `Region`, `Country`, `Postal`, `Phone`, `Email`, `Privacy`) VALUES (54, 'Luis', 'Rojas', 'Calle Lira, 198', 'Santiago', NULL, 'Chile', NULL, '+56 (0)2 635 4444', 'luisrojas@yahoo.cl', '2');
# 50 records

#
# Table structure for table 'Eras'
#


CREATE TABLE `Eras` (
  `EraID` INTEGER NOT NULL AUTO_INCREMENT, 
  `EraName` VARCHAR(255), 
  `EraYears` VARCHAR(255), 
  INDEX (`EraID`), 
  PRIMARY KEY (`EraID`)
) ENGINE=innodb DEFAULT CHARSET=utf8;

SET autocommit=1;

#
# Dumping data for table 'Eras'
#

INSERT INTO `Eras` (`EraID`, `EraName`, `EraYears`) VALUES (1, 'Medieval', 'Before 1400');
INSERT INTO `Eras` (`EraID`, `EraName`, `EraYears`) VALUES (2, 'Renaissance', '1400-1550');
INSERT INTO `Eras` (`EraID`, `EraName`, `EraYears`) VALUES (3, 'Post Renaissance', '1550-1700');
INSERT INTO `Eras` (`EraID`, `EraName`, `EraYears`) VALUES (4, 'Early Modern', '1700-1875');
INSERT INTO `Eras` (`EraID`, `EraName`, `EraYears`) VALUES (5, 'Modern', '1875-1945');
INSERT INTO `Eras` (`EraID`, `EraName`, `EraYears`) VALUES (6, 'Contemporary', 'After 1945');
# 6 records

#
# Table structure for table 'Galleries'
#


CREATE TABLE `Galleries` (
  `GalleryID` INTEGER NOT NULL AUTO_INCREMENT, 
  `GalleryName` VARCHAR(255), 
  `GalleryNativeName` VARCHAR(255), 
  `GalleryCity` VARCHAR(255), 
  `GalleryCountry` VARCHAR(255), 
  `Latitude` DOUBLE NULL, 
  `Longitude` DOUBLE NULL, 
  `GalleryWebSite` VARCHAR(255), 
  INDEX (`GalleryID`), 
  PRIMARY KEY (`GalleryID`)
) ENGINE=innodb DEFAULT CHARSET=utf8;

SET autocommit=1;

#
# Dumping data for table 'Galleries'
#

INSERT INTO `Galleries` (`GalleryID`, `GalleryName`, `GalleryNativeName`, `GalleryCity`, `GalleryCountry`, `Latitude`, `Longitude`, `GalleryWebSite`) VALUES (81, 'Brera Art Gallery', 'Pinacoteca di Brera', 'Milan', 'Italy', 45.471944, 9.188056, 'http://www.brera.beniculturali.it/');
INSERT INTO `Galleries` (`GalleryID`, `GalleryName`, `GalleryNativeName`, `GalleryCity`, `GalleryCountry`, `Latitude`, `Longitude`, `GalleryWebSite`) VALUES (2, 'Prado Museum', 'Museo del Prado', 'Madrid', 'Spain', 40.413722, 3.692412, 'http://www.museodelprado.es/');
INSERT INTO `Galleries` (`GalleryID`, `GalleryName`, `GalleryNativeName`, `GalleryCity`, `GalleryCountry`, `Latitude`, `Longitude`, `GalleryWebSite`) VALUES (3, 'State Museum (Berlin)', 'Staatliche Museen', 'Berlin', 'Germany', 52.50861, 13.36472, 'http://www.smb.museum/');
INSERT INTO `Galleries` (`GalleryID`, `GalleryName`, `GalleryNativeName`, `GalleryCity`, `GalleryCountry`, `Latitude`, `Longitude`, `GalleryWebSite`) VALUES (4, 'Uffizi Museum', 'Galleria degli Uffizi', 'Florence', 'Italy', 43.76863888, 11.25521, 'http://www.polomuseale.firenze.it/en/musei/?m=uffizi');
INSERT INTO `Galleries` (`GalleryID`, `GalleryName`, `GalleryNativeName`, `GalleryCity`, `GalleryCountry`, `Latitude`, `Longitude`, `GalleryWebSite`) VALUES (5, 'National Gallery', 'National Gallery', 'London', 'UK', 51.5086, -.1283, 'http://www.nationalgallery.org.uk/');
INSERT INTO `Galleries` (`GalleryID`, `GalleryName`, `GalleryNativeName`, `GalleryCity`, `GalleryCountry`, `Latitude`, `Longitude`, `GalleryWebSite`) VALUES (6, 'Metropolitan Museum of Art', 'Metropolitan Museum of Art', 'New York City', 'USA', 40.7794472, -73.963111, 'http://www.metmuseum.org');
INSERT INTO `Galleries` (`GalleryID`, `GalleryName`, `GalleryNativeName`, `GalleryCity`, `GalleryCountry`, `Latitude`, `Longitude`, `GalleryWebSite`) VALUES (7, 'National Gallery of Art', 'National Gallery of Art', 'Washington, DC', 'USA', 38.89147, -77.02001, 'http://www.nga.gov/content/ngaweb.html');
INSERT INTO `Galleries` (`GalleryID`, `GalleryName`, `GalleryNativeName`, `GalleryCity`, `GalleryCountry`, `Latitude`, `Longitude`, `GalleryWebSite`) VALUES (11, 'The Art Institute of Chicago', 'The Art Institute of Chicago', 'Chicago', 'USA', 41.8794444, -87.62388, 'http://www.artic.edu/');
INSERT INTO `Galleries` (`GalleryID`, `GalleryName`, `GalleryNativeName`, `GalleryCity`, `GalleryCountry`, `Latitude`, `Longitude`, `GalleryWebSite`) VALUES (13, 'Philadelphia Museum of Art', 'Philadelphia Museum of Art', 'Philadelphia', 'USA', 39.966, -75.181, 'http://www.philamuseum.org/');
INSERT INTO `Galleries` (`GalleryID`, `GalleryName`, `GalleryNativeName`, `GalleryCity`, `GalleryCountry`, `Latitude`, `Longitude`, `GalleryWebSite`) VALUES (16, 'Louvre Museum', 'Musée du Louvre', 'Paris', 'France', 48.8611, 2.33638, 'http://www.louvre.fr/');
INSERT INTO `Galleries` (`GalleryID`, `GalleryName`, `GalleryNativeName`, `GalleryCity`, `GalleryCountry`, `Latitude`, `Longitude`, `GalleryWebSite`) VALUES (17, 'Tate Britain', 'Tate Britain', 'London', 'UK', 51.490833, -.127222, 'http://www.tate.org.uk/visit/tate-britain');
INSERT INTO `Galleries` (`GalleryID`, `GalleryName`, `GalleryNativeName`, `GalleryCity`, `GalleryCountry`, `Latitude`, `Longitude`, `GalleryWebSite`) VALUES (18, 'Art History Museum (Vienna)', 'Kunsthistorisches Museum', 'Vienna', 'Austria', 48.2037, 16.3614, 'http://www.khm.at/');
INSERT INTO `Galleries` (`GalleryID`, `GalleryName`, `GalleryNativeName`, `GalleryCity`, `GalleryCountry`, `Latitude`, `Longitude`, `GalleryWebSite`) VALUES (19, 'Musée d\'Orsay', 'Musée d\'Orsay', 'Paris', 'France', 48.86, 2.327, 'http://www.musee-orsay.fr/');
INSERT INTO `Galleries` (`GalleryID`, `GalleryName`, `GalleryNativeName`, `GalleryCity`, `GalleryCountry`, `Latitude`, `Longitude`, `GalleryWebSite`) VALUES (20, 'Museum of Modern Art', 'Museum of Modern Art', 'New York', 'USA', 40.761484, 73.977664, 'http://www.moma.org/');
INSERT INTO `Galleries` (`GalleryID`, `GalleryName`, `GalleryNativeName`, `GalleryCity`, `GalleryCountry`, `Latitude`, `Longitude`, `GalleryWebSite`) VALUES (22, 'Belvedere Gallery', 'Österreichische Galerie Belvedere', 'Vienna', 'Austria', 48.19138, 16.38, 'http://www.belvedere.at/');
INSERT INTO `Galleries` (`GalleryID`, `GalleryName`, `GalleryNativeName`, `GalleryCity`, `GalleryCountry`, `Latitude`, `Longitude`, `GalleryWebSite`) VALUES (24, 'Hermitage Museum', 'Hermitage Museum', 'St. Petersburg', 'Russia', 59.941, 30.3129, 'http://www.hermitagemuseum.org/');
INSERT INTO `Galleries` (`GalleryID`, `GalleryName`, `GalleryNativeName`, `GalleryCity`, `GalleryCountry`, `Latitude`, `Longitude`, `GalleryWebSite`) VALUES (27, 'J. Paul Getty Museum', 'J. Paul Getty Museum', 'Los Angeles', 'USA', 34.0775, -118.475, 'http://www.getty.edu/museum/');
INSERT INTO `Galleries` (`GalleryID`, `GalleryName`, `GalleryNativeName`, `GalleryCity`, `GalleryCountry`, `Latitude`, `Longitude`, `GalleryWebSite`) VALUES (28, 'National Gallery of Norway', 'Nationalgalleriet', 'Oslo', 'Norway', 59.9162, 10.7375, 'http://www.nasjonalmuseet.no/');
INSERT INTO `Galleries` (`GalleryID`, `GalleryName`, `GalleryNativeName`, `GalleryCity`, `GalleryCountry`, `Latitude`, `Longitude`, `GalleryWebSite`) VALUES (29, 'Van Gogh Museum', 'Van Gogh Museum', 'Amsterdam', 'Netherlands', 52.358417, 4.881083, 'http://www.vangoghmuseum.nl/');
INSERT INTO `Galleries` (`GalleryID`, `GalleryName`, `GalleryNativeName`, `GalleryCity`, `GalleryCountry`, `Latitude`, `Longitude`, `GalleryWebSite`) VALUES (30, 'Rijksmuseum', 'Rijksmuseum', 'Amsterdam', 'Netherlands', 52.36, 4.885278, 'http://www.rijksmuseum.nl/');
INSERT INTO `Galleries` (`GalleryID`, `GalleryName`, `GalleryNativeName`, `GalleryCity`, `GalleryCountry`, `Latitude`, `Longitude`, `GalleryWebSite`) VALUES (32, 'Royal Picture Gallery Mauritshuis', 'Royal Picture Gallery Mauritshuis', 'The Hague', 'Netherlands', 52.080556, 4.314444, 'http://www.mauritshuis.nl/');
INSERT INTO `Galleries` (`GalleryID`, `GalleryName`, `GalleryNativeName`, `GalleryCity`, `GalleryCountry`, `Latitude`, `Longitude`, `GalleryWebSite`) VALUES (34, 'Musée du Petit Palais', 'Petit Palais', 'Paris', 'France', 48.866084, 2.314759, 'http://www.parismusees.paris.fr/');
INSERT INTO `Galleries` (`GalleryID`, `GalleryName`, `GalleryNativeName`, `GalleryCity`, `GalleryCountry`, `Latitude`, `Longitude`, `GalleryWebSite`) VALUES (35, 'Solomon R. Guggenheim Museum', 'Solomon R. Guggenheim Museum', 'New York', 'USA', 40.782975, -73.958992, 'http://www.guggenheim.org/new-york');
INSERT INTO `Galleries` (`GalleryID`, `GalleryName`, `GalleryNativeName`, `GalleryCity`, `GalleryCountry`, `Latitude`, `Longitude`, `GalleryWebSite`) VALUES (36, 'The Courtauld Institute of Art', 'The Courtauld Institute of Art', 'London', 'UK', 51.510833, -.117222, 'http://www.courtauld.ac.uk/');
INSERT INTO `Galleries` (`GalleryID`, `GalleryName`, `GalleryNativeName`, `GalleryCity`, `GalleryCountry`, `Latitude`, `Longitude`, `GalleryWebSite`) VALUES (37, 'Barnes Foundation', 'Barnes Foundation', 'Philadelphia', 'USA', 39.960659, -75.172523, 'http://www.barnesfoundation.org/');
INSERT INTO `Galleries` (`GalleryID`, `GalleryName`, `GalleryNativeName`, `GalleryCity`, `GalleryCountry`, `Latitude`, `Longitude`, `GalleryWebSite`) VALUES (38, 'Sistine Chapel', 'Sistine Chapel', 'Rome', 'Italy', 41.903056, 12.454444, 'http://mv.vatican.va/');
INSERT INTO `Galleries` (`GalleryID`, `GalleryName`, `GalleryNativeName`, `GalleryCity`, `GalleryCountry`, `Latitude`, `Longitude`, `GalleryWebSite`) VALUES (41, 'Gemäldegalerie', 'Gemäldegalerie', 'Berlin', 'Germany', 52.508472, 13.365417, 'http://www.smb.museum/');
INSERT INTO `Galleries` (`GalleryID`, `GalleryName`, `GalleryNativeName`, `GalleryCity`, `GalleryCountry`, `Latitude`, `Longitude`, `GalleryWebSite`) VALUES (42, 'Brooklyn Museum', 'Brooklyn Museum', 'New York', 'USA', 40.671306, -73.96375, 'http://www.brooklynmuseum.org/');
INSERT INTO `Galleries` (`GalleryID`, `GalleryName`, `GalleryNativeName`, `GalleryCity`, `GalleryCountry`, `Latitude`, `Longitude`, `GalleryWebSite`) VALUES (43, 'Old Masters Gallery', 'Gemäldegalerie Alte Meister', 'Dresden', 'Germany', 51.053611, 13.734722, 'http://www.skd.museum/');
INSERT INTO `Galleries` (`GalleryID`, `GalleryName`, `GalleryNativeName`, `GalleryCity`, `GalleryCountry`, `Latitude`, `Longitude`, `GalleryWebSite`) VALUES (49, 'Museum of Fine Arts', 'Museum of Fine Arts', 'Boston', 'USA', 42.339167, -71.094167, 'http://www.mfa.org/');
INSERT INTO `Galleries` (`GalleryID`, `GalleryName`, `GalleryNativeName`, `GalleryCity`, `GalleryCountry`, `Latitude`, `Longitude`, `GalleryWebSite`) VALUES (50, 'National Gallery of Scotland', 'National Gallery of Scotland', 'Edinburgh', 'Scotland', 55.950917, -3.195667, 'http://www.nationalgalleries.org/');
INSERT INTO `Galleries` (`GalleryID`, `GalleryName`, `GalleryNativeName`, `GalleryCity`, `GalleryCountry`, `Latitude`, `Longitude`, `GalleryWebSite`) VALUES (51, 'Albright–Knox Art Gallery', 'Albright–Knox Art Gallery', 'Buffalo', 'USA', 42.932078, -78.877072, 'http://www.albrightknox.org/');
INSERT INTO `Galleries` (`GalleryID`, `GalleryName`, `GalleryNativeName`, `GalleryCity`, `GalleryCountry`, `Latitude`, `Longitude`, `GalleryWebSite`) VALUES (52, 'Detroit Institute of Arts', 'Detroit Institute of Arts', 'Detroit', 'USA', 42.359292, -83.064797, 'http://www.dia.org/');
INSERT INTO `Galleries` (`GalleryID`, `GalleryName`, `GalleryNativeName`, `GalleryCity`, `GalleryCountry`, `Latitude`, `Longitude`, `GalleryWebSite`) VALUES (70, 'Indianapolis Museum of Art', 'Indianapolis Museum of Art', 'Indianapolis', 'USA', 39.8259, -86.1855, 'http://www.imamuseum.org/');
# 34 records

#
# Table structure for table 'Genres'
#


CREATE TABLE `Genres` (
  `GenreID` INTEGER NOT NULL AUTO_INCREMENT, 
  `GenreName` VARCHAR(50) NOT NULL, 
  `EraID` INTEGER, 
  `Description` LONGTEXT, 
  `Link` VARCHAR(255), 
  UNIQUE (`GenreName`), 
  INDEX (`GenreID`), 
  PRIMARY KEY (`GenreID`)
) ENGINE=innodb DEFAULT CHARSET=utf8;

SET autocommit=1;

#
# Dumping data for table 'Genres'
#

INSERT INTO `Genres` (`GenreID`, `GenreName`, `EraID`, `Description`, `Link`) VALUES (1, 'Cubism', 5, '<strong>Cubism</strong> was a 20th century avant-garde art movement, pioneered by Pablo Picasso and Georges Braque, that revolutionized European painting and sculpture, and inspired related movements in music, literature and architecture. In cubist artworks, objects are broken up, analyzed, and re-assembled in an abstracted form—instead of depicting objects from one viewpoint, the artist depicts the subject from a multitude of viewpoints to represent the subject in a greater context. Often the surfaces intersect at seemingly random angles, removing a coherent sense of depth. The background and object planes interpenetrate one another to create the shallow ambiguous space, one of cubism\'s distinct characteristics.', 'http://en.wikipedia.org/wiki/Cubism');
INSERT INTO `Genres` (`GenreID`, `GenreName`, `EraID`, `Description`, `Link`) VALUES (33, 'Romanticism', 4, '<strong>Romanticism</strong> was an artistic, literary and intellectual movement that originated in the second half of the 18th century in Europe, and gained strength in reaction to the Industrial Revolution. In part, it was a revolt against aristocratic social and political norms of the Age of Enlightenment and a reaction against the scientific rationalization of nature. It was embodied most strongly in the visual arts, music, and literature, but had a major impact on historiography, education[4] and natural history.', 'http://en.wikipedia.org/wiki/Romanticism');
INSERT INTO `Genres` (`GenreID`, `GenreName`, `EraID`, `Description`, `Link`) VALUES (34, 'Realism', 4, '<strong>Realism</strong> as a tendency in 19th century art was related to similar movements in the theatre, literature and opera. All emphasized the depiction of everyday subjects, but by no means always discarding classical, Romantic or sentimental approaches to their treatment. The movement began in the 1850s in France. One of Gustave Courbet\'s most important works is A Burial at Ornans, 1849-1850, a canvas recording an event which he witnessed in September 1848. Courbet\'s painting of the funeral of his grand uncle became the first grand statement of the Realist style.', 'http://en.wikipedia.org/wiki/Realist_painting');
INSERT INTO `Genres` (`GenreID`, `GenreName`, `EraID`, `Description`, `Link`) VALUES (35, 'Impressionism', 4, '<strong>Impressionism</strong> was a 19th-century art movement that originated with a group of Paris-based artists whose independent exhibitions brought them to prominence during the 1870s and 1880s. The name of the style is derived from the title of a Claude Monet work, Impression, soleil levant (Impression, Sunrise), which provoked the critic Louis Leroy to coin the term in a satiric review published in the Parisian newspaper Le Charivari.', 'http://en.wikipedia.org/wiki/Impressionism');
INSERT INTO `Genres` (`GenreID`, `GenreName`, `EraID`, `Description`, `Link`) VALUES (36, 'Post-Impressionism', 5, '<strong>Post-Impressionism</strong> is the term coined by the British artist and art critic Roger Fry in 1910 to describe the development of French art since Manet. Fry used the term when he organized the 1910 exhibition Manet and Post-Impressionism. Post-Impressionists extended Impressionism while rejecting its limitations: they continued using vivid colours, thick application of paint, distinctive brush strokes, and real-life subject matter, but they were more inclined to emphasize geometric forms, to distort form for expressive effect, and to use unnatural or arbitrary colour.', 'http://en.wikipedia.org/wiki/Post_Impressionism');
INSERT INTO `Genres` (`GenreID`, `GenreName`, `EraID`, `Description`, `Link`) VALUES (40, 'Fauvism', 5, '<strong>Fauvism</strong> is the style of les Fauves (French for \"the wild beasts\"), a short-lived and loose group of early twentieth-century Modern artists whose works emphasized painterly qualities and strong colour over the representational or realistic values retained by Impressionism. While Fauvism as a style began around 1900 and continued beyond 1910, the movement as such lasted only a few years, 1904–1908, and had three exhibitions. The leaders of the movement were Henri Matisse and André Derain.', 'http://en.wikipedia.org/wiki/Fauvism');
INSERT INTO `Genres` (`GenreID`, `GenreName`, `EraID`, `Description`, `Link`) VALUES (47, 'Surrealism', 5, '<strong>Surrealism</strong> is a cultural movement that began in the early 1920s, and is best known for the visual artworks and writings of the group members. Surrealist works feature the element of surprise, unexpected juxtapositions and non sequitur; however, many Surrealist artists and writers[who?] regard their work as an expression of the philosophical movement first and foremost, with the works being an artifact. Leader André Breton was explicit in his assertion that Surrealism was above all a revolutionary movement.', 'http://en.wikipedia.org/wiki/Surrealism');
INSERT INTO `Genres` (`GenreID`, `GenreName`, `EraID`, `Description`, `Link`) VALUES (56, 'Expressionism', 5, '<strong>Expressionism</strong> was a modernist movement, initially in poetry and painting, originating in Germany at the beginning of the 20th century. Its typical trait is to present the world solely from a subjective perspective, distorting it radically for emotional effect in order to evoke moods or ideas. Expressionist artists sought to express meaning or emotional experience rather than physical reality.', 'http://en.wikipedia.org/wiki/Expressionism');
INSERT INTO `Genres` (`GenreID`, `GenreName`, `EraID`, `Description`, `Link`) VALUES (64, 'Symbolism', 5, '<strong>Symbolism</strong> was a late nineteenth-century art movement of French, Russian and Belgian origin in poetry and other arts. The aesthetic was developed by Stéphane Mallarmé and Paul Verlaine during the 1860s and \'70s. In the 1880s, the aesthetic was articulated by a series of manifestos and attracted a generation of writers. The name \"symbolist\" itself was first applied by the critic Jean Moréas, who invented the term to distinguish the symbolists from the related decadents of literature and of art.', 'http://en.wikipedia.org/wiki/Symbolism_(arts)');
INSERT INTO `Genres` (`GenreID`, `GenreName`, `EraID`, `Description`, `Link`) VALUES (76, 'Neoclassicism', 5, '<strong>Neoclassicism</strong> is the name given to Western movements in the decorative and visual arts, literature, theatre, music, and architecture that draw inspiration from the \"classical\" art and culture of Ancient Greece or Ancient Rome. One such movement was dominant in Europe from the mid-18th to the 19th centuries.', 'http://en.wikipedia.org/wiki/Neoclassicism');
INSERT INTO `Genres` (`GenreID`, `GenreName`, `EraID`, `Description`, `Link`) VALUES (77, 'Northern Renaissance', 2, 'The <strong>Northern Renaissance</strong> is the Renaissance in northern Europe. Before 1597 Italian Renaissance humanism had little influence outside Italy. From the late 15th century the ideas spread around Europe. This influenced the German Renaissance, French Renaissance, English Renaissance, Renaissance in the Low Countries, Polish Renaissance and other national and localized movements, each with different characteristics and strengths.', 'http://en.wikipedia.org/wiki/Northern_Renaissance');
INSERT INTO `Genres` (`GenreID`, `GenreName`, `EraID`, `Description`, `Link`) VALUES (78, 'Renaissance', 2, '<strong>Renaissance</strong> art is the painting, sculpture and decorative arts of that period of European history known as the Renaissance, emerging as a distinct style in Italy in about 1400, in parallel with developments which occurred in philosophy, literature, music and science. Renaissance art, perceived as a \"rebirth\" of ancient traditions, took as its foundation the art of Classical antiquity, but transformed that tradition by the absorption of recent developments in the art of Northern Europe and by application of contemporary scientific knowledge. Renaissance art, with Renaissance Humanist philosophy, spread throughout Europe, affecting both artists and their patrons with the development of new techniques and new artistic sensibilities. Renaissance art marks the transition of Europe from the medieval period to the Early modern age.', 'http://en.wikipedia.org/wiki/Renaissance_art');
INSERT INTO `Genres` (`GenreID`, `GenreName`, `EraID`, `Description`, `Link`) VALUES (79, 'High Renaissance', 2, '<strong>High Renaissance</strong> is the period denoting the apogee of the visual arts in the Italian Renaissance. The High Renaissance period is traditionally taken to begin in the 1490s, with Leonardo\'s fresco of the Last Supper in Milan and the death of Lorenzo de\' Medici in Florence, and to have ended in 1527 with the sacking of Rome by the troops of Charles V. This term was first used in German (Hochrenaissance) in the early nineteenth century, and has its origins in the \"High Style\" of painting and sculpture described by Johann Joachim Winckelmann. Over the last twenty years, use of the term has been frequently criticized by academic art historians for oversimplifying artistic developments, ignoring historical context, and focusing only on a few iconic works.', 'http://en.wikipedia.org/wiki/High_Renaissance');
INSERT INTO `Genres` (`GenreID`, `GenreName`, `EraID`, `Description`, `Link`) VALUES (80, 'Mannerism', 3, '<strong>Mannerism</strong> is a period of European art that emerged from the later years of the Italian High Renaissance around 1520. It lasted until about 1580 in Italy, when the Baroque style began to replace it, but Northern Mannerism continued into the early 17th century.', 'http://en.wikipedia.org/wiki/Mannerism');
INSERT INTO `Genres` (`GenreID`, `GenreName`, `EraID`, `Description`, `Link`) VALUES (81, 'International Gothic', 1, '<strong>International Gothic</strong> is a phase of Gothic art which developed in Burgundy, Bohemia, France and northern Italy in the late 14th century and early 15th century.[1] It then spread very widely across Western Europe, hence the name for the period, which was introduced by the French art historian Louis Courajod at the end of the 19th century.', 'http://en.wikipedia.org/wiki/International_Gothic');
INSERT INTO `Genres` (`GenreID`, `GenreName`, `EraID`, `Description`, `Link`) VALUES (83, 'Rococo', 3, '<strong>Rococo</strong>, less commonly roccoco, also referred to as \"Late Baroque\", is an 18th-century artistic movement and style, which affected several aspects of the arts including painting, sculpture, architecture, interior design, decoration, literature, music and theatre. The Rococo developed in the early part of the 18th century in Paris, France as a reaction against the grandeur, symmetry and strict regulations of the Baroque, especially that of the Palace of Versailles. In such a way, Rococo artists opted for a more jocular, florid and graceful approach to Baroque art and architecture. Rococo art and architecture in such a way was ornate and made strong usage of creamy, pastel-like colours, asymmetrical designs, curves and gold. Unlike the more politically focused Baroque, the Rococo had more playful and often witty artistic themes. With regards to interior decoration, Rococo rooms were designed as total works of art with elegant and ornate furniture, small sculptures, ornamental mirrors, and tapestry complementing architecture, reliefs, and wall paintings. The Rococo additionally played an important role in theatre. In the book The Rococo, it is written that there was no other culture which \"has produced a wittier, more elegant, and teasing dialogue full of elusive and camouflaging language and gestures, refined feelings and subtle criticism\" than Rococo theatre, especially that of France.', 'http://en.wikipedia.org/wiki/Rococo');
INSERT INTO `Genres` (`GenreID`, `GenreName`, `EraID`, `Description`, `Link`) VALUES (84, 'Baroque', 3, 'The <strong>Baroque</strong> is a period of artistic style that used exaggerated motion and clear, easily interpreted detail to produce drama, tension, exuberance, and grandeur in sculpture, painting, architecture, literature, dance and music. The style began around 1600 in Rome, Italy and spread to most of Europe. The popularity and success of the Baroque style was encouraged by the Roman Catholic Church, which had decided at the time of the Council of Trent, in response to the Protestant Reformation, that the arts should communicate religious themes in direct and emotional involvement. The aristocracy also saw the dramatic style of Baroque architecture and art as a means of impressing visitors and expressing triumphant power and control. Baroque palaces are built around an entrance of courts, grand staircases and reception rooms of sequentially increasing opulence.', 'http://en.wikipedia.org/wiki/Baroque');
INSERT INTO `Genres` (`GenreID`, `GenreName`, `EraID`, `Description`, `Link`) VALUES (87, 'Dutch Golden Age', 3, '<strong>Dutch Golden Age</strong> painting spans the 17th century, during and after the later part of the Eighty Years\' War (1568–1648) for Dutch independence. Although Dutch painting of the Golden Age comes in the general European period of Baroque painting, and often shows many of its characteristics, most lacks the idealization and love of splendour typical of much Baroque work, including that of neighbouring Flanders. Most work, including that for which the period is best known, reflects the traditions of detailed realism inherited from Early Netherlandish painting.', 'https://en.wikipedia.org/wiki/Dutch_Golden_Age_painting');
INSERT INTO `Genres` (`GenreID`, `GenreName`, `EraID`, `Description`, `Link`) VALUES (88, 'Academic Art', 4, '<strong>Academic Art<strong> is a style of painting and sculpture produced under the influence of European academies of art. Specifically, academic art is the art and artists influenced by the standards of the French Académie des Beaux-Arts, which practiced under the movements of Neoclassicism and Romanticism, and the art that followed these two movements in the attempt to synthesize both of their styles, and which is best reflected by the paintings of William-Adolphe Bouguereau, Thomas Couture, and Hans Makart. In this context it is often called \"academism\", \"academicism\", \"L\'art pompier\", and \"eclecticism\", and sometimes linked with \"historicism\" and \"syncretism\". The art influenced by academies in general is also called \"academic art.\" In this context as new styles are embraced by academics, the new styles come to be considered academic, thus what was at one time a rebellion against academic art becomes academic art.', 'https://en.wikipedia.org/wiki/Academic_art');
# 19 records

#
# Table structure for table 'OrderDetails'
#


CREATE TABLE `OrderDetails` (
  `OrderDetailID` INTEGER NOT NULL, 
  `OrderID` INTEGER, 
  `PaintingID` INTEGER, 
  `FrameID` INTEGER, 
  `GlassID` INTEGER, 
  `MattID` INTEGER, 
  INDEX (`FrameID`), 
  INDEX (`GlassID`), 
  INDEX (`MattID`), 
  PRIMARY KEY (`OrderDetailID`), 
  INDEX (`OrderID`), 
  INDEX (`PaintingID`)
) ENGINE=innodb DEFAULT CHARSET=utf8;

SET autocommit=1;

#
# Dumping data for table 'OrderDetails'
#

INSERT INTO `OrderDetails` (`OrderDetailID`, `OrderID`, `PaintingID`, `FrameID`, `GlassID`, `MattID`) VALUES (1, 102, 559, 9, 5, 19);
INSERT INTO `OrderDetails` (`OrderDetailID`, `OrderID`, `PaintingID`, `FrameID`, `GlassID`, `MattID`) VALUES (2, 477, 230, 3, 5, 9);
INSERT INTO `OrderDetails` (`OrderDetailID`, `OrderID`, `PaintingID`, `FrameID`, `GlassID`, `MattID`) VALUES (3, 93, 563, 12, 5, 6);
INSERT INTO `OrderDetails` (`OrderDetailID`, `OrderID`, `PaintingID`, `FrameID`, `GlassID`, `MattID`) VALUES (4, 324, 16, 11, 5, 35);
INSERT INTO `OrderDetails` (`OrderDetailID`, `OrderID`, `PaintingID`, `FrameID`, `GlassID`, `MattID`) VALUES (5, 440, 432, 4, 5, 19);
INSERT INTO `OrderDetails` (`OrderDetailID`, `OrderID`, `PaintingID`, `FrameID`, `GlassID`, `MattID`) VALUES (6, 252, 213, 11, 5, 3);
INSERT INTO `OrderDetails` (`OrderDetailID`, `OrderID`, `PaintingID`, `FrameID`, `GlassID`, `MattID`) VALUES (7, 490, 51, 3, 2, 10);
INSERT INTO `OrderDetails` (`OrderDetailID`, `OrderID`, `PaintingID`, `FrameID`, `GlassID`, `MattID`) VALUES (8, 299, 430, 10, 5, 9);
INSERT INTO `OrderDetails` (`OrderDetailID`, `OrderID`, `PaintingID`, `FrameID`, `GlassID`, `MattID`) VALUES (9, 82, 195, 4, 2, 35);
INSERT INTO `OrderDetails` (`OrderDetailID`, `OrderID`, `PaintingID`, `FrameID`, `GlassID`, `MattID`) VALUES (10, 160, 351, 17, 5, 33);
INSERT INTO `OrderDetails` (`OrderDetailID`, `OrderID`, `PaintingID`, `FrameID`, `GlassID`, `MattID`) VALUES (11, 260, 567, 6, 2, 26);
INSERT INTO `OrderDetails` (`OrderDetailID`, `OrderID`, `PaintingID`, `FrameID`, `GlassID`, `MattID`) VALUES (12, 126, 538, 2, 5, 35);
INSERT INTO `OrderDetails` (`OrderDetailID`, `OrderID`, `PaintingID`, `FrameID`, `GlassID`, `MattID`) VALUES (13, 91, 65, 18, 2, 35);
INSERT INTO `OrderDetails` (`OrderDetailID`, `OrderID`, `PaintingID`, `FrameID`, `GlassID`, `MattID`) VALUES (14, 247, 577, 15, 2, 35);
INSERT INTO `OrderDetails` (`OrderDetailID`, `OrderID`, `PaintingID`, `FrameID`, `GlassID`, `MattID`) VALUES (15, 337, 42, 12, 5, 24);
INSERT INTO `OrderDetails` (`OrderDetailID`, `OrderID`, `PaintingID`, `FrameID`, `GlassID`, `MattID`) VALUES (16, 68, 571, 14, 5, 35);
INSERT INTO `OrderDetails` (`OrderDetailID`, `OrderID`, `PaintingID`, `FrameID`, `GlassID`, `MattID`) VALUES (17, 272, 425, 18, 5, 28);
INSERT INTO `OrderDetails` (`OrderDetailID`, `OrderID`, `PaintingID`, `FrameID`, `GlassID`, `MattID`) VALUES (18, 305, 564, 18, 5, 35);
INSERT INTO `OrderDetails` (`OrderDetailID`, `OrderID`, `PaintingID`, `FrameID`, `GlassID`, `MattID`) VALUES (19, 483, 426, 15, 5, 26);
INSERT INTO `OrderDetails` (`OrderDetailID`, `OrderID`, `PaintingID`, `FrameID`, `GlassID`, `MattID`) VALUES (20, 391, 587, 4, 5, 12);
INSERT INTO `OrderDetails` (`OrderDetailID`, `OrderID`, `PaintingID`, `FrameID`, `GlassID`, `MattID`) VALUES (21, 234, 399, 4, 5, 35);
INSERT INTO `OrderDetails` (`OrderDetailID`, `OrderID`, `PaintingID`, `FrameID`, `GlassID`, `MattID`) VALUES (22, 343, 596, 2, 2, 35);
INSERT INTO `OrderDetails` (`OrderDetailID`, `OrderID`, `PaintingID`, `FrameID`, `GlassID`, `MattID`) VALUES (23, 459, 41, 12, 5, 31);
INSERT INTO `OrderDetails` (`OrderDetailID`, `OrderID`, `PaintingID`, `FrameID`, `GlassID`, `MattID`) VALUES (24, 480, 588, 6, 5, 9);
INSERT INTO `OrderDetails` (`OrderDetailID`, `OrderID`, `PaintingID`, `FrameID`, `GlassID`, `MattID`) VALUES (25, 157, 230, 4, 5, 2);
INSERT INTO `OrderDetails` (`OrderDetailID`, `OrderID`, `PaintingID`, `FrameID`, `GlassID`, `MattID`) VALUES (26, 58, 427, 18, 5, 31);
INSERT INTO `OrderDetails` (`OrderDetailID`, `OrderID`, `PaintingID`, `FrameID`, `GlassID`, `MattID`) VALUES (27, 338, 498, 12, 2, 35);
INSERT INTO `OrderDetails` (`OrderDetailID`, `OrderID`, `PaintingID`, `FrameID`, `GlassID`, `MattID`) VALUES (28, 253, 550, 1, 5, 29);
INSERT INTO `OrderDetails` (`OrderDetailID`, `OrderID`, `PaintingID`, `FrameID`, `GlassID`, `MattID`) VALUES (29, 189, 539, 12, 5, 35);
INSERT INTO `OrderDetails` (`OrderDetailID`, `OrderID`, `PaintingID`, `FrameID`, `GlassID`, `MattID`) VALUES (30, 277, 428, 15, 5, 35);
INSERT INTO `OrderDetails` (`OrderDetailID`, `OrderID`, `PaintingID`, `FrameID`, `GlassID`, `MattID`) VALUES (31, 290, 51, 18, 1, 25);
INSERT INTO `OrderDetails` (`OrderDetailID`, `OrderID`, `PaintingID`, `FrameID`, `GlassID`, `MattID`) VALUES (32, 19, 408, 4, 5, 1);
INSERT INTO `OrderDetails` (`OrderDetailID`, `OrderID`, `PaintingID`, `FrameID`, `GlassID`, `MattID`) VALUES (33, 436, 427, 12, 5, 5);
INSERT INTO `OrderDetails` (`OrderDetailID`, `OrderID`, `PaintingID`, `FrameID`, `GlassID`, `MattID`) VALUES (34, 398, 63, 15, 5, 27);
INSERT INTO `OrderDetails` (`OrderDetailID`, `OrderID`, `PaintingID`, `FrameID`, `GlassID`, `MattID`) VALUES (35, 284, 42, 14, 5, 32);
INSERT INTO `OrderDetails` (`OrderDetailID`, `OrderID`, `PaintingID`, `FrameID`, `GlassID`, `MattID`) VALUES (36, 200, 443, 12, 5, 35);
INSERT INTO `OrderDetails` (`OrderDetailID`, `OrderID`, `PaintingID`, `FrameID`, `GlassID`, `MattID`) VALUES (37, 263, 516, 8, 5, 10);
INSERT INTO `OrderDetails` (`OrderDetailID`, `OrderID`, `PaintingID`, `FrameID`, `GlassID`, `MattID`) VALUES (38, 5, 30, 18, 5, 19);
INSERT INTO `OrderDetails` (`OrderDetailID`, `OrderID`, `PaintingID`, `FrameID`, `GlassID`, `MattID`) VALUES (39, 2, 399, 18, 5, 35);
INSERT INTO `OrderDetails` (`OrderDetailID`, `OrderID`, `PaintingID`, `FrameID`, `GlassID`, `MattID`) VALUES (40, 194, 578, 12, 5, 22);
INSERT INTO `OrderDetails` (`OrderDetailID`, `OrderID`, `PaintingID`, `FrameID`, `GlassID`, `MattID`) VALUES (41, 275, 192, 18, 3, 16);
INSERT INTO `OrderDetails` (`OrderDetailID`, `OrderID`, `PaintingID`, `FrameID`, `GlassID`, `MattID`) VALUES (42, 143, 484, 18, 5, 34);
INSERT INTO `OrderDetails` (`OrderDetailID`, `OrderID`, `PaintingID`, `FrameID`, `GlassID`, `MattID`) VALUES (43, 264, 60, 9, 3, 35);
INSERT INTO `OrderDetails` (`OrderDetailID`, `OrderID`, `PaintingID`, `FrameID`, `GlassID`, `MattID`) VALUES (44, 7, 11, 3, 5, 15);
INSERT INTO `OrderDetails` (`OrderDetailID`, `OrderID`, `PaintingID`, `FrameID`, `GlassID`, `MattID`) VALUES (45, 59, 425, 10, 5, 14);
INSERT INTO `OrderDetails` (`OrderDetailID`, `OrderID`, `PaintingID`, `FrameID`, `GlassID`, `MattID`) VALUES (46, 326, 48, 18, 5, 35);
INSERT INTO `OrderDetails` (`OrderDetailID`, `OrderID`, `PaintingID`, `FrameID`, `GlassID`, `MattID`) VALUES (47, 398, 401, 18, 5, 14);
INSERT INTO `OrderDetails` (`OrderDetailID`, `OrderID`, `PaintingID`, `FrameID`, `GlassID`, `MattID`) VALUES (48, 73, 81, 5, 2, 14);
INSERT INTO `OrderDetails` (`OrderDetailID`, `OrderID`, `PaintingID`, `FrameID`, `GlassID`, `MattID`) VALUES (49, 266, 484, 9, 3, 23);
INSERT INTO `OrderDetails` (`OrderDetailID`, `OrderID`, `PaintingID`, `FrameID`, `GlassID`, `MattID`) VALUES (50, 227, 573, 18, 5, 20);
INSERT INTO `OrderDetails` (`OrderDetailID`, `OrderID`, `PaintingID`, `FrameID`, `GlassID`, `MattID`) VALUES (51, 136, 484, 18, 5, 27);
INSERT INTO `OrderDetails` (`OrderDetailID`, `OrderID`, `PaintingID`, `FrameID`, `GlassID`, `MattID`) VALUES (52, 480, 291, 13, 1, 31);
INSERT INTO `OrderDetails` (`OrderDetailID`, `OrderID`, `PaintingID`, `FrameID`, `GlassID`, `MattID`) VALUES (53, 442, 58, 18, 5, 1);
INSERT INTO `OrderDetails` (`OrderDetailID`, `OrderID`, `PaintingID`, `FrameID`, `GlassID`, `MattID`) VALUES (54, 478, 419, 6, 3, 22);
INSERT INTO `OrderDetails` (`OrderDetailID`, `OrderID`, `PaintingID`, `FrameID`, `GlassID`, `MattID`) VALUES (55, 97, 463, 18, 5, 33);
INSERT INTO `OrderDetails` (`OrderDetailID`, `OrderID`, `PaintingID`, `FrameID`, `GlassID`, `MattID`) VALUES (56, 234, 47, 4, 5, 33);
INSERT INTO `OrderDetails` (`OrderDetailID`, `OrderID`, `PaintingID`, `FrameID`, `GlassID`, `MattID`) VALUES (57, 130, 383, 12, 5, 5);
INSERT INTO `OrderDetails` (`OrderDetailID`, `OrderID`, `PaintingID`, `FrameID`, `GlassID`, `MattID`) VALUES (58, 114, 433, 1, 2, 21);
INSERT INTO `OrderDetails` (`OrderDetailID`, `OrderID`, `PaintingID`, `FrameID`, `GlassID`, `MattID`) VALUES (59, 200, 549, 18, 5, 20);
INSERT INTO `OrderDetails` (`OrderDetailID`, `OrderID`, `PaintingID`, `FrameID`, `GlassID`, `MattID`) VALUES (60, 47, 231, 18, 5, 32);
INSERT INTO `OrderDetails` (`OrderDetailID`, `OrderID`, `PaintingID`, `FrameID`, `GlassID`, `MattID`) VALUES (61, 422, 580, 1, 5, 35);
INSERT INTO `OrderDetails` (`OrderDetailID`, `OrderID`, `PaintingID`, `FrameID`, `GlassID`, `MattID`) VALUES (62, 259, 225, 18, 5, 25);
INSERT INTO `OrderDetails` (`OrderDetailID`, `OrderID`, `PaintingID`, `FrameID`, `GlassID`, `MattID`) VALUES (63, 45, 48, 18, 5, 20);
INSERT INTO `OrderDetails` (`OrderDetailID`, `OrderID`, `PaintingID`, `FrameID`, `GlassID`, `MattID`) VALUES (64, 122, 101, 6, 5, 13);
INSERT INTO `OrderDetails` (`OrderDetailID`, `OrderID`, `PaintingID`, `FrameID`, `GlassID`, `MattID`) VALUES (65, 10, 514, 3, 5, 13);
INSERT INTO `OrderDetails` (`OrderDetailID`, `OrderID`, `PaintingID`, `FrameID`, `GlassID`, `MattID`) VALUES (66, 101, 527, 8, 2, 8);
INSERT INTO `OrderDetails` (`OrderDetailID`, `OrderID`, `PaintingID`, `FrameID`, `GlassID`, `MattID`) VALUES (67, 165, 392, 18, 1, 12);
INSERT INTO `OrderDetails` (`OrderDetailID`, `OrderID`, `PaintingID`, `FrameID`, `GlassID`, `MattID`) VALUES (68, 386, 46, 18, 4, 35);
INSERT INTO `OrderDetails` (`OrderDetailID`, `OrderID`, `PaintingID`, `FrameID`, `GlassID`, `MattID`) VALUES (69, 88, 593, 14, 5, 35);
INSERT INTO `OrderDetails` (`OrderDetailID`, `OrderID`, `PaintingID`, `FrameID`, `GlassID`, `MattID`) VALUES (70, 354, 578, 1, 5, 33);
INSERT INTO `OrderDetails` (`OrderDetailID`, `OrderID`, `PaintingID`, `FrameID`, `GlassID`, `MattID`) VALUES (71, 317, 520, 4, 5, 26);
INSERT INTO `OrderDetails` (`OrderDetailID`, `OrderID`, `PaintingID`, `FrameID`, `GlassID`, `MattID`) VALUES (72, 232, 588, 1, 5, 35);
INSERT INTO `OrderDetails` (`OrderDetailID`, `OrderID`, `PaintingID`, `FrameID`, `GlassID`, `MattID`) VALUES (73, 275, 498, 18, 1, 14);
INSERT INTO `OrderDetails` (`OrderDetailID`, `OrderID`, `PaintingID`, `FrameID`, `GlassID`, `MattID`) VALUES (74, 286, 545, 18, 4, 1);
INSERT INTO `OrderDetails` (`OrderDetailID`, `OrderID`, `PaintingID`, `FrameID`, `GlassID`, `MattID`) VALUES (75, 443, 574, 8, 5, 35);
INSERT INTO `OrderDetails` (`OrderDetailID`, `OrderID`, `PaintingID`, `FrameID`, `GlassID`, `MattID`) VALUES (76, 270, 574, 4, 5, 20);
INSERT INTO `OrderDetails` (`OrderDetailID`, `OrderID`, `PaintingID`, `FrameID`, `GlassID`, `MattID`) VALUES (77, 357, 548, 6, 5, 16);
INSERT INTO `OrderDetails` (`OrderDetailID`, `OrderID`, `PaintingID`, `FrameID`, `GlassID`, `MattID`) VALUES (78, 162, 235, 18, 4, 28);
INSERT INTO `OrderDetails` (`OrderDetailID`, `OrderID`, `PaintingID`, `FrameID`, `GlassID`, `MattID`) VALUES (79, 138, 575, 1, 5, 4);
INSERT INTO `OrderDetails` (`OrderDetailID`, `OrderID`, `PaintingID`, `FrameID`, `GlassID`, `MattID`) VALUES (80, 351, 36, 5, 5, 26);
INSERT INTO `OrderDetails` (`OrderDetailID`, `OrderID`, `PaintingID`, `FrameID`, `GlassID`, `MattID`) VALUES (81, 394, 554, 3, 5, 4);
INSERT INTO `OrderDetails` (`OrderDetailID`, `OrderID`, `PaintingID`, `FrameID`, `GlassID`, `MattID`) VALUES (82, 413, 49, 18, 5, 35);
INSERT INTO `OrderDetails` (`OrderDetailID`, `OrderID`, `PaintingID`, `FrameID`, `GlassID`, `MattID`) VALUES (83, 438, 294, 11, 5, 35);
INSERT INTO `OrderDetails` (`OrderDetailID`, `OrderID`, `PaintingID`, `FrameID`, `GlassID`, `MattID`) VALUES (84, 450, 425, 18, 5, 4);
INSERT INTO `OrderDetails` (`OrderDetailID`, `OrderID`, `PaintingID`, `FrameID`, `GlassID`, `MattID`) VALUES (85, 236, 391, 13, 5, 29);
INSERT INTO `OrderDetails` (`OrderDetailID`, `OrderID`, `PaintingID`, `FrameID`, `GlassID`, `MattID`) VALUES (86, 447, 548, 9, 5, 35);
INSERT INTO `OrderDetails` (`OrderDetailID`, `OrderID`, `PaintingID`, `FrameID`, `GlassID`, `MattID`) VALUES (87, 403, 443, 11, 2, 17);
INSERT INTO `OrderDetails` (`OrderDetailID`, `OrderID`, `PaintingID`, `FrameID`, `GlassID`, `MattID`) VALUES (88, 158, 457, 8, 5, 2);
INSERT INTO `OrderDetails` (`OrderDetailID`, `OrderID`, `PaintingID`, `FrameID`, `GlassID`, `MattID`) VALUES (89, 119, 37, 12, 5, 3);
INSERT INTO `OrderDetails` (`OrderDetailID`, `OrderID`, `PaintingID`, `FrameID`, `GlassID`, `MattID`) VALUES (90, 438, 348, 18, 5, 35);
INSERT INTO `OrderDetails` (`OrderDetailID`, `OrderID`, `PaintingID`, `FrameID`, `GlassID`, `MattID`) VALUES (91, 317, 369, 14, 2, 35);
INSERT INTO `OrderDetails` (`OrderDetailID`, `OrderID`, `PaintingID`, `FrameID`, `GlassID`, `MattID`) VALUES (92, 319, 574, 18, 5, 25);
INSERT INTO `OrderDetails` (`OrderDetailID`, `OrderID`, `PaintingID`, `FrameID`, `GlassID`, `MattID`) VALUES (93, 162, 430, 18, 5, 24);
INSERT INTO `OrderDetails` (`OrderDetailID`, `OrderID`, `PaintingID`, `FrameID`, `GlassID`, `MattID`) VALUES (94, 486, 425, 11, 5, 32);
INSERT INTO `OrderDetails` (`OrderDetailID`, `OrderID`, `PaintingID`, `FrameID`, `GlassID`, `MattID`) VALUES (95, 30, 349, 18, 4, 35);
INSERT INTO `OrderDetails` (`OrderDetailID`, `OrderID`, `PaintingID`, `FrameID`, `GlassID`, `MattID`) VALUES (96, 382, 172, 18, 1, 7);
INSERT INTO `OrderDetails` (`OrderDetailID`, `OrderID`, `PaintingID`, `FrameID`, `GlassID`, `MattID`) VALUES (97, 239, 399, 18, 3, 18);
INSERT INTO `OrderDetails` (`OrderDetailID`, `OrderID`, `PaintingID`, `FrameID`, `GlassID`, `MattID`) VALUES (98, 199, 581, 7, 4, 10);
INSERT INTO `OrderDetails` (`OrderDetailID`, `OrderID`, `PaintingID`, `FrameID`, `GlassID`, `MattID`) VALUES (99, 211, 426, 10, 5, 25);
INSERT INTO `OrderDetails` (`OrderDetailID`, `OrderID`, `PaintingID`, `FrameID`, `GlassID`, `MattID`) VALUES (100, 447, 52, 12, 5, 14);
INSERT INTO `OrderDetails` (`OrderDetailID`, `OrderID`, `PaintingID`, `FrameID`, `GlassID`, `MattID`) VALUES (101, 212, 333, 12, 2, 35);
INSERT INTO `OrderDetails` (`OrderDetailID`, `OrderID`, `PaintingID`, `FrameID`, `GlassID`, `MattID`) VALUES (102, 495, 288, 18, 5, 35);
INSERT INTO `OrderDetails` (`OrderDetailID`, `OrderID`, `PaintingID`, `FrameID`, `GlassID`, `MattID`) VALUES (103, 116, 157, 18, 5, 35);
INSERT INTO `OrderDetails` (`OrderDetailID`, `OrderID`, `PaintingID`, `FrameID`, `GlassID`, `MattID`) VALUES (104, 390, 526, 1, 5, 2);
INSERT INTO `OrderDetails` (`OrderDetailID`, `OrderID`, `PaintingID`, `FrameID`, `GlassID`, `MattID`) VALUES (105, 63, 556, 12, 2, 24);
INSERT INTO `OrderDetails` (`OrderDetailID`, `OrderID`, `PaintingID`, `FrameID`, `GlassID`, `MattID`) VALUES (106, 38, 333, 8, 5, 14);
INSERT INTO `OrderDetails` (`OrderDetailID`, `OrderID`, `PaintingID`, `FrameID`, `GlassID`, `MattID`) VALUES (107, 404, 83, 14, 5, 35);
INSERT INTO `OrderDetails` (`OrderDetailID`, `OrderID`, `PaintingID`, `FrameID`, `GlassID`, `MattID`) VALUES (108, 332, 549, 12, 3, 30);
INSERT INTO `OrderDetails` (`OrderDetailID`, `OrderID`, `PaintingID`, `FrameID`, `GlassID`, `MattID`) VALUES (109, 182, 546, 15, 4, 24);
INSERT INTO `OrderDetails` (`OrderDetailID`, `OrderID`, `PaintingID`, `FrameID`, `GlassID`, `MattID`) VALUES (110, 144, 399, 18, 5, 35);
INSERT INTO `OrderDetails` (`OrderDetailID`, `OrderID`, `PaintingID`, `FrameID`, `GlassID`, `MattID`) VALUES (111, 53, 428, 18, 5, 34);
INSERT INTO `OrderDetails` (`OrderDetailID`, `OrderID`, `PaintingID`, `FrameID`, `GlassID`, `MattID`) VALUES (112, 378, 530, 2, 5, 21);
INSERT INTO `OrderDetails` (`OrderDetailID`, `OrderID`, `PaintingID`, `FrameID`, `GlassID`, `MattID`) VALUES (113, 368, 46, 18, 5, 18);
INSERT INTO `OrderDetails` (`OrderDetailID`, `OrderID`, `PaintingID`, `FrameID`, `GlassID`, `MattID`) VALUES (114, 159, 482, 13, 5, 28);
INSERT INTO `OrderDetails` (`OrderDetailID`, `OrderID`, `PaintingID`, `FrameID`, `GlassID`, `MattID`) VALUES (115, 308, 37, 3, 5, 9);
INSERT INTO `OrderDetails` (`OrderDetailID`, `OrderID`, `PaintingID`, `FrameID`, `GlassID`, `MattID`) VALUES (116, 399, 408, 18, 5, 8);
INSERT INTO `OrderDetails` (`OrderDetailID`, `OrderID`, `PaintingID`, `FrameID`, `GlassID`, `MattID`) VALUES (117, 170, 406, 5, 5, 24);
INSERT INTO `OrderDetails` (`OrderDetailID`, `OrderID`, `PaintingID`, `FrameID`, `GlassID`, `MattID`) VALUES (118, 75, 549, 8, 3, 16);
INSERT INTO `OrderDetails` (`OrderDetailID`, `OrderID`, `PaintingID`, `FrameID`, `GlassID`, `MattID`) VALUES (119, 188, 565, 16, 4, 24);
INSERT INTO `OrderDetails` (`OrderDetailID`, `OrderID`, `PaintingID`, `FrameID`, `GlassID`, `MattID`) VALUES (120, 45, 431, 2, 5, 35);
INSERT INTO `OrderDetails` (`OrderDetailID`, `OrderID`, `PaintingID`, `FrameID`, `GlassID`, `MattID`) VALUES (121, 226, 509, 8, 5, 10);
INSERT INTO `OrderDetails` (`OrderDetailID`, `OrderID`, `PaintingID`, `FrameID`, `GlassID`, `MattID`) VALUES (122, 198, 501, 18, 5, 24);
INSERT INTO `OrderDetails` (`OrderDetailID`, `OrderID`, `PaintingID`, `FrameID`, `GlassID`, `MattID`) VALUES (123, 60, 451, 18, 5, 24);
INSERT INTO `OrderDetails` (`OrderDetailID`, `OrderID`, `PaintingID`, `FrameID`, `GlassID`, `MattID`) VALUES (124, 137, 14, 6, 3, 33);
INSERT INTO `OrderDetails` (`OrderDetailID`, `OrderID`, `PaintingID`, `FrameID`, `GlassID`, `MattID`) VALUES (125, 278, 430, 9, 5, 2);
INSERT INTO `OrderDetails` (`OrderDetailID`, `OrderID`, `PaintingID`, `FrameID`, `GlassID`, `MattID`) VALUES (126, 174, 514, 12, 5, 7);
INSERT INTO `OrderDetails` (`OrderDetailID`, `OrderID`, `PaintingID`, `FrameID`, `GlassID`, `MattID`) VALUES (127, 231, 388, 12, 5, 31);
INSERT INTO `OrderDetails` (`OrderDetailID`, `OrderID`, `PaintingID`, `FrameID`, `GlassID`, `MattID`) VALUES (128, 396, 549, 18, 2, 35);
INSERT INTO `OrderDetails` (`OrderDetailID`, `OrderID`, `PaintingID`, `FrameID`, `GlassID`, `MattID`) VALUES (129, 224, 588, 18, 5, 6);
INSERT INTO `OrderDetails` (`OrderDetailID`, `OrderID`, `PaintingID`, `FrameID`, `GlassID`, `MattID`) VALUES (130, 164, 509, 18, 5, 10);
INSERT INTO `OrderDetails` (`OrderDetailID`, `OrderID`, `PaintingID`, `FrameID`, `GlassID`, `MattID`) VALUES (131, 179, 165, 18, 5, 22);
INSERT INTO `OrderDetails` (`OrderDetailID`, `OrderID`, `PaintingID`, `FrameID`, `GlassID`, `MattID`) VALUES (132, 464, 392, 7, 4, 11);
INSERT INTO `OrderDetails` (`OrderDetailID`, `OrderID`, `PaintingID`, `FrameID`, `GlassID`, `MattID`) VALUES (133, 252, 472, 5, 2, 3);
INSERT INTO `OrderDetails` (`OrderDetailID`, `OrderID`, `PaintingID`, `FrameID`, `GlassID`, `MattID`) VALUES (134, 127, 296, 17, 2, 31);
INSERT INTO `OrderDetails` (`OrderDetailID`, `OrderID`, `PaintingID`, `FrameID`, `GlassID`, `MattID`) VALUES (135, 39, 439, 12, 5, 35);
INSERT INTO `OrderDetails` (`OrderDetailID`, `OrderID`, `PaintingID`, `FrameID`, `GlassID`, `MattID`) VALUES (136, 361, 519, 16, 5, 12);
INSERT INTO `OrderDetails` (`OrderDetailID`, `OrderID`, `PaintingID`, `FrameID`, `GlassID`, `MattID`) VALUES (137, 71, 581, 15, 5, 30);
INSERT INTO `OrderDetails` (`OrderDetailID`, `OrderID`, `PaintingID`, `FrameID`, `GlassID`, `MattID`) VALUES (138, 173, 48, 3, 4, 10);
INSERT INTO `OrderDetails` (`OrderDetailID`, `OrderID`, `PaintingID`, `FrameID`, `GlassID`, `MattID`) VALUES (139, 51, 588, 10, 2, 1);
INSERT INTO `OrderDetails` (`OrderDetailID`, `OrderID`, `PaintingID`, `FrameID`, `GlassID`, `MattID`) VALUES (140, 363, 58, 18, 5, 24);
INSERT INTO `OrderDetails` (`OrderDetailID`, `OrderID`, `PaintingID`, `FrameID`, `GlassID`, `MattID`) VALUES (141, 484, 568, 1, 4, 2);
INSERT INTO `OrderDetails` (`OrderDetailID`, `OrderID`, `PaintingID`, `FrameID`, `GlassID`, `MattID`) VALUES (142, 204, 576, 16, 3, 35);
INSERT INTO `OrderDetails` (`OrderDetailID`, `OrderID`, `PaintingID`, `FrameID`, `GlassID`, `MattID`) VALUES (143, 28, 598, 4, 5, 35);
INSERT INTO `OrderDetails` (`OrderDetailID`, `OrderID`, `PaintingID`, `FrameID`, `GlassID`, `MattID`) VALUES (144, 41, 48, 18, 5, 35);
INSERT INTO `OrderDetails` (`OrderDetailID`, `OrderID`, `PaintingID`, `FrameID`, `GlassID`, `MattID`) VALUES (145, 410, 438, 13, 2, 35);
INSERT INTO `OrderDetails` (`OrderDetailID`, `OrderID`, `PaintingID`, `FrameID`, `GlassID`, `MattID`) VALUES (146, 330, 581, 16, 5, 35);
INSERT INTO `OrderDetails` (`OrderDetailID`, `OrderID`, `PaintingID`, `FrameID`, `GlassID`, `MattID`) VALUES (147, 401, 369, 12, 4, 35);
INSERT INTO `OrderDetails` (`OrderDetailID`, `OrderID`, `PaintingID`, `FrameID`, `GlassID`, `MattID`) VALUES (148, 321, 60, 17, 1, 18);
INSERT INTO `OrderDetails` (`OrderDetailID`, `OrderID`, `PaintingID`, `FrameID`, `GlassID`, `MattID`) VALUES (149, 197, 50, 18, 5, 2);
INSERT INTO `OrderDetails` (`OrderDetailID`, `OrderID`, `PaintingID`, `FrameID`, `GlassID`, `MattID`) VALUES (150, 187, 374, 5, 5, 35);
INSERT INTO `OrderDetails` (`OrderDetailID`, `OrderID`, `PaintingID`, `FrameID`, `GlassID`, `MattID`) VALUES (151, 151, 15, 12, 5, 20);
INSERT INTO `OrderDetails` (`OrderDetailID`, `OrderID`, `PaintingID`, `FrameID`, `GlassID`, `MattID`) VALUES (152, 179, 192, 18, 5, 28);
INSERT INTO `OrderDetails` (`OrderDetailID`, `OrderID`, `PaintingID`, `FrameID`, `GlassID`, `MattID`) VALUES (153, 76, 534, 12, 5, 3);
INSERT INTO `OrderDetails` (`OrderDetailID`, `OrderID`, `PaintingID`, `FrameID`, `GlassID`, `MattID`) VALUES (154, 45, 425, 18, 5, 32);
INSERT INTO `OrderDetails` (`OrderDetailID`, `OrderID`, `PaintingID`, `FrameID`, `GlassID`, `MattID`) VALUES (155, 349, 590, 18, 5, 12);
INSERT INTO `OrderDetails` (`OrderDetailID`, `OrderID`, `PaintingID`, `FrameID`, `GlassID`, `MattID`) VALUES (156, 409, 539, 9, 4, 20);
INSERT INTO `OrderDetails` (`OrderDetailID`, `OrderID`, `PaintingID`, `FrameID`, `GlassID`, `MattID`) VALUES (157, 204, 214, 5, 5, 17);
INSERT INTO `OrderDetails` (`OrderDetailID`, `OrderID`, `PaintingID`, `FrameID`, `GlassID`, `MattID`) VALUES (158, 266, 157, 3, 2, 29);
INSERT INTO `OrderDetails` (`OrderDetailID`, `OrderID`, `PaintingID`, `FrameID`, `GlassID`, `MattID`) VALUES (159, 486, 36, 5, 5, 14);
INSERT INTO `OrderDetails` (`OrderDetailID`, `OrderID`, `PaintingID`, `FrameID`, `GlassID`, `MattID`) VALUES (160, 1, 529, 17, 5, 35);
INSERT INTO `OrderDetails` (`OrderDetailID`, `OrderID`, `PaintingID`, `FrameID`, `GlassID`, `MattID`) VALUES (161, 325, 535, 10, 2, 12);
INSERT INTO `OrderDetails` (`OrderDetailID`, `OrderID`, `PaintingID`, `FrameID`, `GlassID`, `MattID`) VALUES (162, 72, 554, 9, 5, 35);
INSERT INTO `OrderDetails` (`OrderDetailID`, `OrderID`, `PaintingID`, `FrameID`, `GlassID`, `MattID`) VALUES (163, 119, 516, 6, 5, 10);
INSERT INTO `OrderDetails` (`OrderDetailID`, `OrderID`, `PaintingID`, `FrameID`, `GlassID`, `MattID`) VALUES (164, 367, 339, 18, 5, 10);
INSERT INTO `OrderDetails` (`OrderDetailID`, `OrderID`, `PaintingID`, `FrameID`, `GlassID`, `MattID`) VALUES (165, 37, 588, 3, 2, 12);
INSERT INTO `OrderDetails` (`OrderDetailID`, `OrderID`, `PaintingID`, `FrameID`, `GlassID`, `MattID`) VALUES (166, 240, 508, 18, 5, 31);
INSERT INTO `OrderDetails` (`OrderDetailID`, `OrderID`, `PaintingID`, `FrameID`, `GlassID`, `MattID`) VALUES (167, 109, 393, 4, 4, 24);
INSERT INTO `OrderDetails` (`OrderDetailID`, `OrderID`, `PaintingID`, `FrameID`, `GlassID`, `MattID`) VALUES (168, 26, 47, 4, 5, 35);
INSERT INTO `OrderDetails` (`OrderDetailID`, `OrderID`, `PaintingID`, `FrameID`, `GlassID`, `MattID`) VALUES (169, 37, 426, 18, 5, 35);
INSERT INTO `OrderDetails` (`OrderDetailID`, `OrderID`, `PaintingID`, `FrameID`, `GlassID`, `MattID`) VALUES (170, 420, 103, 13, 5, 33);
INSERT INTO `OrderDetails` (`OrderDetailID`, `OrderID`, `PaintingID`, `FrameID`, `GlassID`, `MattID`) VALUES (171, 314, 60, 4, 3, 17);
INSERT INTO `OrderDetails` (`OrderDetailID`, `OrderID`, `PaintingID`, `FrameID`, `GlassID`, `MattID`) VALUES (172, 201, 398, 18, 3, 29);
INSERT INTO `OrderDetails` (`OrderDetailID`, `OrderID`, `PaintingID`, `FrameID`, `GlassID`, `MattID`) VALUES (173, 379, 587, 18, 3, 19);
INSERT INTO `OrderDetails` (`OrderDetailID`, `OrderID`, `PaintingID`, `FrameID`, `GlassID`, `MattID`) VALUES (174, 207, 581, 5, 3, 4);
INSERT INTO `OrderDetails` (`OrderDetailID`, `OrderID`, `PaintingID`, `FrameID`, `GlassID`, `MattID`) VALUES (175, 152, 504, 18, 5, 35);
INSERT INTO `OrderDetails` (`OrderDetailID`, `OrderID`, `PaintingID`, `FrameID`, `GlassID`, `MattID`) VALUES (176, 133, 463, 18, 5, 30);
INSERT INTO `OrderDetails` (`OrderDetailID`, `OrderID`, `PaintingID`, `FrameID`, `GlassID`, `MattID`) VALUES (177, 406, 58, 10, 5, 13);
INSERT INTO `OrderDetails` (`OrderDetailID`, `OrderID`, `PaintingID`, `FrameID`, `GlassID`, `MattID`) VALUES (178, 208, 393, 3, 5, 16);
INSERT INTO `OrderDetails` (`OrderDetailID`, `OrderID`, `PaintingID`, `FrameID`, `GlassID`, `MattID`) VALUES (179, 81, 426, 18, 5, 19);
INSERT INTO `OrderDetails` (`OrderDetailID`, `OrderID`, `PaintingID`, `FrameID`, `GlassID`, `MattID`) VALUES (180, 221, 516, 18, 5, 35);
INSERT INTO `OrderDetails` (`OrderDetailID`, `OrderID`, `PaintingID`, `FrameID`, `GlassID`, `MattID`) VALUES (181, 253, 457, 18, 2, 35);
INSERT INTO `OrderDetails` (`OrderDetailID`, `OrderID`, `PaintingID`, `FrameID`, `GlassID`, `MattID`) VALUES (182, 357, 570, 12, 5, 35);
INSERT INTO `OrderDetails` (`OrderDetailID`, `OrderID`, `PaintingID`, `FrameID`, `GlassID`, `MattID`) VALUES (183, 159, 426, 4, 5, 19);
INSERT INTO `OrderDetails` (`OrderDetailID`, `OrderID`, `PaintingID`, `FrameID`, `GlassID`, `MattID`) VALUES (184, 210, 60, 12, 5, 5);
INSERT INTO `OrderDetails` (`OrderDetailID`, `OrderID`, `PaintingID`, `FrameID`, `GlassID`, `MattID`) VALUES (185, 171, 588, 4, 4, 35);
INSERT INTO `OrderDetails` (`OrderDetailID`, `OrderID`, `PaintingID`, `FrameID`, `GlassID`, `MattID`) VALUES (186, 378, 582, 8, 2, 24);
INSERT INTO `OrderDetails` (`OrderDetailID`, `OrderID`, `PaintingID`, `FrameID`, `GlassID`, `MattID`) VALUES (187, 432, 379, 4, 5, 5);
INSERT INTO `OrderDetails` (`OrderDetailID`, `OrderID`, `PaintingID`, `FrameID`, `GlassID`, `MattID`) VALUES (188, 485, 172, 18, 5, 27);
INSERT INTO `OrderDetails` (`OrderDetailID`, `OrderID`, `PaintingID`, `FrameID`, `GlassID`, `MattID`) VALUES (189, 347, 290, 18, 4, 11);
INSERT INTO `OrderDetails` (`OrderDetailID`, `OrderID`, `PaintingID`, `FrameID`, `GlassID`, `MattID`) VALUES (190, 254, 333, 3, 2, 35);
INSERT INTO `OrderDetails` (`OrderDetailID`, `OrderID`, `PaintingID`, `FrameID`, `GlassID`, `MattID`) VALUES (191, 23, 459, 18, 5, 27);
INSERT INTO `OrderDetails` (`OrderDetailID`, `OrderID`, `PaintingID`, `FrameID`, `GlassID`, `MattID`) VALUES (192, 243, 213, 18, 5, 10);
INSERT INTO `OrderDetails` (`OrderDetailID`, `OrderID`, `PaintingID`, `FrameID`, `GlassID`, `MattID`) VALUES (193, 86, 408, 4, 4, 6);
INSERT INTO `OrderDetails` (`OrderDetailID`, `OrderID`, `PaintingID`, `FrameID`, `GlassID`, `MattID`) VALUES (194, 183, 45, 12, 5, 2);
INSERT INTO `OrderDetails` (`OrderDetailID`, `OrderID`, `PaintingID`, `FrameID`, `GlassID`, `MattID`) VALUES (195, 396, 399, 9, 5, 35);
INSERT INTO `OrderDetails` (`OrderDetailID`, `OrderID`, `PaintingID`, `FrameID`, `GlassID`, `MattID`) VALUES (196, 230, 300, 3, 2, 35);
INSERT INTO `OrderDetails` (`OrderDetailID`, `OrderID`, `PaintingID`, `FrameID`, `GlassID`, `MattID`) VALUES (197, 159, 63, 18, 5, 21);
INSERT INTO `OrderDetails` (`OrderDetailID`, `OrderID`, `PaintingID`, `FrameID`, `GlassID`, `MattID`) VALUES (198, 411, 48, 4, 2, 13);
INSERT INTO `OrderDetails` (`OrderDetailID`, `OrderID`, `PaintingID`, `FrameID`, `GlassID`, `MattID`) VALUES (199, 416, 525, 18, 4, 32);
INSERT INTO `OrderDetails` (`OrderDetailID`, `OrderID`, `PaintingID`, `FrameID`, `GlassID`, `MattID`) VALUES (200, 150, 49, 6, 5, 35);
INSERT INTO `OrderDetails` (`OrderDetailID`, `OrderID`, `PaintingID`, `FrameID`, `GlassID`, `MattID`) VALUES (201, 296, 37, 4, 5, 35);
INSERT INTO `OrderDetails` (`OrderDetailID`, `OrderID`, `PaintingID`, `FrameID`, `GlassID`, `MattID`) VALUES (202, 308, 472, 14, 3, 35);
INSERT INTO `OrderDetails` (`OrderDetailID`, `OrderID`, `PaintingID`, `FrameID`, `GlassID`, `MattID`) VALUES (203, 194, 66, 16, 2, 35);
INSERT INTO `OrderDetails` (`OrderDetailID`, `OrderID`, `PaintingID`, `FrameID`, `GlassID`, `MattID`) VALUES (204, 341, 48, 13, 5, 9);
INSERT INTO `OrderDetails` (`OrderDetailID`, `OrderID`, `PaintingID`, `FrameID`, `GlassID`, `MattID`) VALUES (205, 274, 435, 18, 1, 4);
INSERT INTO `OrderDetails` (`OrderDetailID`, `OrderID`, `PaintingID`, `FrameID`, `GlassID`, `MattID`) VALUES (206, 241, 588, 18, 5, 10);
INSERT INTO `OrderDetails` (`OrderDetailID`, `OrderID`, `PaintingID`, `FrameID`, `GlassID`, `MattID`) VALUES (207, 461, 531, 7, 5, 10);
INSERT INTO `OrderDetails` (`OrderDetailID`, `OrderID`, `PaintingID`, `FrameID`, `GlassID`, `MattID`) VALUES (208, 167, 534, 16, 5, 18);
INSERT INTO `OrderDetails` (`OrderDetailID`, `OrderID`, `PaintingID`, `FrameID`, `GlassID`, `MattID`) VALUES (209, 50, 377, 18, 5, 23);
INSERT INTO `OrderDetails` (`OrderDetailID`, `OrderID`, `PaintingID`, `FrameID`, `GlassID`, `MattID`) VALUES (210, 84, 562, 18, 5, 25);
INSERT INTO `OrderDetails` (`OrderDetailID`, `OrderID`, `PaintingID`, `FrameID`, `GlassID`, `MattID`) VALUES (211, 342, 427, 15, 3, 23);
INSERT INTO `OrderDetails` (`OrderDetailID`, `OrderID`, `PaintingID`, `FrameID`, `GlassID`, `MattID`) VALUES (212, 328, 583, 10, 5, 31);
INSERT INTO `OrderDetails` (`OrderDetailID`, `OrderID`, `PaintingID`, `FrameID`, `GlassID`, `MattID`) VALUES (213, 36, 349, 12, 5, 35);
INSERT INTO `OrderDetails` (`OrderDetailID`, `OrderID`, `PaintingID`, `FrameID`, `GlassID`, `MattID`) VALUES (214, 452, 392, 12, 5, 10);
INSERT INTO `OrderDetails` (`OrderDetailID`, `OrderID`, `PaintingID`, `FrameID`, `GlassID`, `MattID`) VALUES (215, 21, 516, 5, 2, 35);
INSERT INTO `OrderDetails` (`OrderDetailID`, `OrderID`, `PaintingID`, `FrameID`, `GlassID`, `MattID`) VALUES (216, 57, 562, 18, 5, 16);
INSERT INTO `OrderDetails` (`OrderDetailID`, `OrderID`, `PaintingID`, `FrameID`, `GlassID`, `MattID`) VALUES (217, 106, 67, 10, 5, 35);
INSERT INTO `OrderDetails` (`OrderDetailID`, `OrderID`, `PaintingID`, `FrameID`, `GlassID`, `MattID`) VALUES (218, 180, 35, 8, 5, 35);
INSERT INTO `OrderDetails` (`OrderDetailID`, `OrderID`, `PaintingID`, `FrameID`, `GlassID`, `MattID`) VALUES (219, 311, 192, 12, 5, 35);
INSERT INTO `OrderDetails` (`OrderDetailID`, `OrderID`, `PaintingID`, `FrameID`, `GlassID`, `MattID`) VALUES (220, 54, 439, 14, 5, 34);
INSERT INTO `OrderDetails` (`OrderDetailID`, `OrderID`, `PaintingID`, `FrameID`, `GlassID`, `MattID`) VALUES (221, 437, 69, 12, 5, 33);
INSERT INTO `OrderDetails` (`OrderDetailID`, `OrderID`, `PaintingID`, `FrameID`, `GlassID`, `MattID`) VALUES (222, 74, 30, 18, 5, 35);
INSERT INTO `OrderDetails` (`OrderDetailID`, `OrderID`, `PaintingID`, `FrameID`, `GlassID`, `MattID`) VALUES (223, 334, 545, 18, 5, 35);
INSERT INTO `OrderDetails` (`OrderDetailID`, `OrderID`, `PaintingID`, `FrameID`, `GlassID`, `MattID`) VALUES (224, 284, 507, 8, 5, 11);
INSERT INTO `OrderDetails` (`OrderDetailID`, `OrderID`, `PaintingID`, `FrameID`, `GlassID`, `MattID`) VALUES (225, 464, 195, 5, 5, 9);
INSERT INTO `OrderDetails` (`OrderDetailID`, `OrderID`, `PaintingID`, `FrameID`, `GlassID`, `MattID`) VALUES (226, 34, 152, 18, 1, 27);
INSERT INTO `OrderDetails` (`OrderDetailID`, `OrderID`, `PaintingID`, `FrameID`, `GlassID`, `MattID`) VALUES (227, 291, 178, 18, 5, 34);
INSERT INTO `OrderDetails` (`OrderDetailID`, `OrderID`, `PaintingID`, `FrameID`, `GlassID`, `MattID`) VALUES (228, 300, 60, 18, 2, 7);
INSERT INTO `OrderDetails` (`OrderDetailID`, `OrderID`, `PaintingID`, `FrameID`, `GlassID`, `MattID`) VALUES (229, 218, 61, 13, 5, 35);
INSERT INTO `OrderDetails` (`OrderDetailID`, `OrderID`, `PaintingID`, `FrameID`, `GlassID`, `MattID`) VALUES (230, 403, 291, 11, 5, 35);
INSERT INTO `OrderDetails` (`OrderDetailID`, `OrderID`, `PaintingID`, `FrameID`, `GlassID`, `MattID`) VALUES (231, 231, 386, 18, 2, 3);
INSERT INTO `OrderDetails` (`OrderDetailID`, `OrderID`, `PaintingID`, `FrameID`, `GlassID`, `MattID`) VALUES (232, 380, 48, 7, 5, 13);
INSERT INTO `OrderDetails` (`OrderDetailID`, `OrderID`, `PaintingID`, `FrameID`, `GlassID`, `MattID`) VALUES (233, 421, 471, 12, 5, 35);
INSERT INTO `OrderDetails` (`OrderDetailID`, `OrderID`, `PaintingID`, `FrameID`, `GlassID`, `MattID`) VALUES (234, 312, 541, 12, 5, 35);
INSERT INTO `OrderDetails` (`OrderDetailID`, `OrderID`, `PaintingID`, `FrameID`, `GlassID`, `MattID`) VALUES (235, 217, 437, 12, 5, 20);
INSERT INTO `OrderDetails` (`OrderDetailID`, `OrderID`, `PaintingID`, `FrameID`, `GlassID`, `MattID`) VALUES (236, 170, 258, 4, 5, 35);
INSERT INTO `OrderDetails` (`OrderDetailID`, `OrderID`, `PaintingID`, `FrameID`, `GlassID`, `MattID`) VALUES (237, 368, 408, 12, 5, 9);
INSERT INTO `OrderDetails` (`OrderDetailID`, `OrderID`, `PaintingID`, `FrameID`, `GlassID`, `MattID`) VALUES (238, 95, 492, 17, 2, 20);
INSERT INTO `OrderDetails` (`OrderDetailID`, `OrderID`, `PaintingID`, `FrameID`, `GlassID`, `MattID`) VALUES (239, 343, 103, 18, 5, 10);
INSERT INTO `OrderDetails` (`OrderDetailID`, `OrderID`, `PaintingID`, `FrameID`, `GlassID`, `MattID`) VALUES (240, 237, 408, 18, 5, 35);
INSERT INTO `OrderDetails` (`OrderDetailID`, `OrderID`, `PaintingID`, `FrameID`, `GlassID`, `MattID`) VALUES (241, 420, 478, 3, 1, 20);
INSERT INTO `OrderDetails` (`OrderDetailID`, `OrderID`, `PaintingID`, `FrameID`, `GlassID`, `MattID`) VALUES (242, 243, 124, 16, 5, 5);
INSERT INTO `OrderDetails` (`OrderDetailID`, `OrderID`, `PaintingID`, `FrameID`, `GlassID`, `MattID`) VALUES (243, 448, 486, 17, 5, 10);
INSERT INTO `OrderDetails` (`OrderDetailID`, `OrderID`, `PaintingID`, `FrameID`, `GlassID`, `MattID`) VALUES (244, 370, 588, 12, 4, 23);
INSERT INTO `OrderDetails` (`OrderDetailID`, `OrderID`, `PaintingID`, `FrameID`, `GlassID`, `MattID`) VALUES (245, 269, 391, 18, 2, 35);
INSERT INTO `OrderDetails` (`OrderDetailID`, `OrderID`, `PaintingID`, `FrameID`, `GlassID`, `MattID`) VALUES (246, 245, 47, 18, 5, 33);
INSERT INTO `OrderDetails` (`OrderDetailID`, `OrderID`, `PaintingID`, `FrameID`, `GlassID`, `MattID`) VALUES (247, 207, 288, 12, 3, 35);
INSERT INTO `OrderDetails` (`OrderDetailID`, `OrderID`, `PaintingID`, `FrameID`, `GlassID`, `MattID`) VALUES (248, 3, 63, 13, 5, 10);
INSERT INTO `OrderDetails` (`OrderDetailID`, `OrderID`, `PaintingID`, `FrameID`, `GlassID`, `MattID`) VALUES (249, 383, 488, 8, 3, 35);
INSERT INTO `OrderDetails` (`OrderDetailID`, `OrderID`, `PaintingID`, `FrameID`, `GlassID`, `MattID`) VALUES (250, 258, 571, 13, 5, 12);
INSERT INTO `OrderDetails` (`OrderDetailID`, `OrderID`, `PaintingID`, `FrameID`, `GlassID`, `MattID`) VALUES (251, 202, 424, 15, 2, 10);
INSERT INTO `OrderDetails` (`OrderDetailID`, `OrderID`, `PaintingID`, `FrameID`, `GlassID`, `MattID`) VALUES (252, 231, 225, 10, 5, 23);
INSERT INTO `OrderDetails` (`OrderDetailID`, `OrderID`, `PaintingID`, `FrameID`, `GlassID`, `MattID`) VALUES (253, 68, 459, 1, 5, 9);
INSERT INTO `OrderDetails` (`OrderDetailID`, `OrderID`, `PaintingID`, `FrameID`, `GlassID`, `MattID`) VALUES (254, 421, 408, 18, 5, 24);
INSERT INTO `OrderDetails` (`OrderDetailID`, `OrderID`, `PaintingID`, `FrameID`, `GlassID`, `MattID`) VALUES (255, 463, 573, 18, 5, 20);
INSERT INTO `OrderDetails` (`OrderDetailID`, `OrderID`, `PaintingID`, `FrameID`, `GlassID`, `MattID`) VALUES (256, 479, 77, 8, 5, 23);
INSERT INTO `OrderDetails` (`OrderDetailID`, `OrderID`, `PaintingID`, `FrameID`, `GlassID`, `MattID`) VALUES (257, 238, 419, 18, 5, 2);
INSERT INTO `OrderDetails` (`OrderDetailID`, `OrderID`, `PaintingID`, `FrameID`, `GlassID`, `MattID`) VALUES (258, 444, 439, 18, 5, 16);
INSERT INTO `OrderDetails` (`OrderDetailID`, `OrderID`, `PaintingID`, `FrameID`, `GlassID`, `MattID`) VALUES (259, 50, 543, 18, 3, 10);
INSERT INTO `OrderDetails` (`OrderDetailID`, `OrderID`, `PaintingID`, `FrameID`, `GlassID`, `MattID`) VALUES (260, 37, 172, 18, 5, 35);
INSERT INTO `OrderDetails` (`OrderDetailID`, `OrderID`, `PaintingID`, `FrameID`, `GlassID`, `MattID`) VALUES (261, 413, 420, 8, 2, 35);
INSERT INTO `OrderDetails` (`OrderDetailID`, `OrderID`, `PaintingID`, `FrameID`, `GlassID`, `MattID`) VALUES (262, 320, 498, 18, 5, 28);
INSERT INTO `OrderDetails` (`OrderDetailID`, `OrderID`, `PaintingID`, `FrameID`, `GlassID`, `MattID`) VALUES (263, 395, 290, 18, 5, 35);
INSERT INTO `OrderDetails` (`OrderDetailID`, `OrderID`, `PaintingID`, `FrameID`, `GlassID`, `MattID`) VALUES (264, 117, 484, 18, 5, 35);
INSERT INTO `OrderDetails` (`OrderDetailID`, `OrderID`, `PaintingID`, `FrameID`, `GlassID`, `MattID`) VALUES (265, 113, 559, 13, 2, 5);
INSERT INTO `OrderDetails` (`OrderDetailID`, `OrderID`, `PaintingID`, `FrameID`, `GlassID`, `MattID`) VALUES (266, 476, 333, 7, 5, 6);
INSERT INTO `OrderDetails` (`OrderDetailID`, `OrderID`, `PaintingID`, `FrameID`, `GlassID`, `MattID`) VALUES (267, 303, 463, 4, 5, 27);
INSERT INTO `OrderDetails` (`OrderDetailID`, `OrderID`, `PaintingID`, `FrameID`, `GlassID`, `MattID`) VALUES (268, 427, 581, 5, 5, 14);
INSERT INTO `OrderDetails` (`OrderDetailID`, `OrderID`, `PaintingID`, `FrameID`, `GlassID`, `MattID`) VALUES (269, 180, 532, 12, 2, 2);
INSERT INTO `OrderDetails` (`OrderDetailID`, `OrderID`, `PaintingID`, `FrameID`, `GlassID`, `MattID`) VALUES (270, 247, 515, 18, 5, 23);
INSERT INTO `OrderDetails` (`OrderDetailID`, `OrderID`, `PaintingID`, `FrameID`, `GlassID`, `MattID`) VALUES (271, 297, 46, 4, 5, 7);
INSERT INTO `OrderDetails` (`OrderDetailID`, `OrderID`, `PaintingID`, `FrameID`, `GlassID`, `MattID`) VALUES (272, 156, 63, 4, 5, 28);
INSERT INTO `OrderDetails` (`OrderDetailID`, `OrderID`, `PaintingID`, `FrameID`, `GlassID`, `MattID`) VALUES (273, 401, 483, 5, 5, 13);
INSERT INTO `OrderDetails` (`OrderDetailID`, `OrderID`, `PaintingID`, `FrameID`, `GlassID`, `MattID`) VALUES (274, 49, 432, 13, 5, 35);
INSERT INTO `OrderDetails` (`OrderDetailID`, `OrderID`, `PaintingID`, `FrameID`, `GlassID`, `MattID`) VALUES (275, 98, 48, 11, 2, 35);
INSERT INTO `OrderDetails` (`OrderDetailID`, `OrderID`, `PaintingID`, `FrameID`, `GlassID`, `MattID`) VALUES (276, 85, 425, 8, 5, 25);
INSERT INTO `OrderDetails` (`OrderDetailID`, `OrderID`, `PaintingID`, `FrameID`, `GlassID`, `MattID`) VALUES (277, 85, 598, 4, 5, 24);
INSERT INTO `OrderDetails` (`OrderDetailID`, `OrderID`, `PaintingID`, `FrameID`, `GlassID`, `MattID`) VALUES (278, 74, 581, 18, 4, 5);
INSERT INTO `OrderDetails` (`OrderDetailID`, `OrderID`, `PaintingID`, `FrameID`, `GlassID`, `MattID`) VALUES (279, 358, 406, 5, 5, 35);
INSERT INTO `OrderDetails` (`OrderDetailID`, `OrderID`, `PaintingID`, `FrameID`, `GlassID`, `MattID`) VALUES (280, 173, 288, 18, 5, 23);
INSERT INTO `OrderDetails` (`OrderDetailID`, `OrderID`, `PaintingID`, `FrameID`, `GlassID`, `MattID`) VALUES (281, 391, 114, 4, 5, 35);
INSERT INTO `OrderDetails` (`OrderDetailID`, `OrderID`, `PaintingID`, `FrameID`, `GlassID`, `MattID`) VALUES (282, 355, 572, 18, 5, 10);
INSERT INTO `OrderDetails` (`OrderDetailID`, `OrderID`, `PaintingID`, `FrameID`, `GlassID`, `MattID`) VALUES (283, 395, 571, 2, 5, 5);
INSERT INTO `OrderDetails` (`OrderDetailID`, `OrderID`, `PaintingID`, `FrameID`, `GlassID`, `MattID`) VALUES (284, 24, 525, 2, 2, 33);
INSERT INTO `OrderDetails` (`OrderDetailID`, `OrderID`, `PaintingID`, `FrameID`, `GlassID`, `MattID`) VALUES (285, 253, 474, 18, 5, 20);
INSERT INTO `OrderDetails` (`OrderDetailID`, `OrderID`, `PaintingID`, `FrameID`, `GlassID`, `MattID`) VALUES (286, 176, 526, 18, 5, 28);
INSERT INTO `OrderDetails` (`OrderDetailID`, `OrderID`, `PaintingID`, `FrameID`, `GlassID`, `MattID`) VALUES (287, 44, 546, 15, 3, 35);
INSERT INTO `OrderDetails` (`OrderDetailID`, `OrderID`, `PaintingID`, `FrameID`, `GlassID`, `MattID`) VALUES (288, 250, 39, 8, 5, 15);
INSERT INTO `OrderDetails` (`OrderDetailID`, `OrderID`, `PaintingID`, `FrameID`, `GlassID`, `MattID`) VALUES (289, 458, 535, 18, 4, 35);
INSERT INTO `OrderDetails` (`OrderDetailID`, `OrderID`, `PaintingID`, `FrameID`, `GlassID`, `MattID`) VALUES (290, 395, 599, 4, 1, 27);
INSERT INTO `OrderDetails` (`OrderDetailID`, `OrderID`, `PaintingID`, `FrameID`, `GlassID`, `MattID`) VALUES (291, 64, 45, 10, 4, 5);
INSERT INTO `OrderDetails` (`OrderDetailID`, `OrderID`, `PaintingID`, `FrameID`, `GlassID`, `MattID`) VALUES (292, 294, 31, 4, 3, 31);
INSERT INTO `OrderDetails` (`OrderDetailID`, `OrderID`, `PaintingID`, `FrameID`, `GlassID`, `MattID`) VALUES (293, 170, 50, 18, 5, 35);
INSERT INTO `OrderDetails` (`OrderDetailID`, `OrderID`, `PaintingID`, `FrameID`, `GlassID`, `MattID`) VALUES (294, 418, 63, 17, 2, 35);
INSERT INTO `OrderDetails` (`OrderDetailID`, `OrderID`, `PaintingID`, `FrameID`, `GlassID`, `MattID`) VALUES (295, 230, 432, 12, 2, 35);
INSERT INTO `OrderDetails` (`OrderDetailID`, `OrderID`, `PaintingID`, `FrameID`, `GlassID`, `MattID`) VALUES (296, 496, 428, 18, 5, 11);
INSERT INTO `OrderDetails` (`OrderDetailID`, `OrderID`, `PaintingID`, `FrameID`, `GlassID`, `MattID`) VALUES (297, 5, 231, 18, 1, 24);
INSERT INTO `OrderDetails` (`OrderDetailID`, `OrderID`, `PaintingID`, `FrameID`, `GlassID`, `MattID`) VALUES (298, 217, 152, 3, 5, 26);
INSERT INTO `OrderDetails` (`OrderDetailID`, `OrderID`, `PaintingID`, `FrameID`, `GlassID`, `MattID`) VALUES (299, 165, 366, 18, 4, 24);
INSERT INTO `OrderDetails` (`OrderDetailID`, `OrderID`, `PaintingID`, `FrameID`, `GlassID`, `MattID`) VALUES (300, 473, 590, 8, 5, 29);
INSERT INTO `OrderDetails` (`OrderDetailID`, `OrderID`, `PaintingID`, `FrameID`, `GlassID`, `MattID`) VALUES (301, 55, 213, 18, 5, 35);
INSERT INTO `OrderDetails` (`OrderDetailID`, `OrderID`, `PaintingID`, `FrameID`, `GlassID`, `MattID`) VALUES (302, 87, 417, 8, 2, 35);
INSERT INTO `OrderDetails` (`OrderDetailID`, `OrderID`, `PaintingID`, `FrameID`, `GlassID`, `MattID`) VALUES (303, 493, 399, 2, 5, 35);
INSERT INTO `OrderDetails` (`OrderDetailID`, `OrderID`, `PaintingID`, `FrameID`, `GlassID`, `MattID`) VALUES (304, 115, 561, 12, 5, 33);
INSERT INTO `OrderDetails` (`OrderDetailID`, `OrderID`, `PaintingID`, `FrameID`, `GlassID`, `MattID`) VALUES (305, 419, 393, 12, 5, 8);
INSERT INTO `OrderDetails` (`OrderDetailID`, `OrderID`, `PaintingID`, `FrameID`, `GlassID`, `MattID`) VALUES (306, 267, 472, 12, 3, 13);
INSERT INTO `OrderDetails` (`OrderDetailID`, `OrderID`, `PaintingID`, `FrameID`, `GlassID`, `MattID`) VALUES (307, 499, 505, 16, 2, 35);
INSERT INTO `OrderDetails` (`OrderDetailID`, `OrderID`, `PaintingID`, `FrameID`, `GlassID`, `MattID`) VALUES (308, 104, 540, 12, 5, 35);
INSERT INTO `OrderDetails` (`OrderDetailID`, `OrderID`, `PaintingID`, `FrameID`, `GlassID`, `MattID`) VALUES (309, 461, 540, 8, 2, 35);
INSERT INTO `OrderDetails` (`OrderDetailID`, `OrderID`, `PaintingID`, `FrameID`, `GlassID`, `MattID`) VALUES (310, 167, 484, 6, 5, 27);
INSERT INTO `OrderDetails` (`OrderDetailID`, `OrderID`, `PaintingID`, `FrameID`, `GlassID`, `MattID`) VALUES (311, 315, 173, 14, 5, 33);
INSERT INTO `OrderDetails` (`OrderDetailID`, `OrderID`, `PaintingID`, `FrameID`, `GlassID`, `MattID`) VALUES (312, 235, 590, 18, 3, 24);
INSERT INTO `OrderDetails` (`OrderDetailID`, `OrderID`, `PaintingID`, `FrameID`, `GlassID`, `MattID`) VALUES (313, 335, 401, 12, 5, 10);
INSERT INTO `OrderDetails` (`OrderDetailID`, `OrderID`, `PaintingID`, `FrameID`, `GlassID`, `MattID`) VALUES (314, 474, 146, 8, 5, 20);
INSERT INTO `OrderDetails` (`OrderDetailID`, `OrderID`, `PaintingID`, `FrameID`, `GlassID`, `MattID`) VALUES (315, 381, 68, 18, 5, 35);
INSERT INTO `OrderDetails` (`OrderDetailID`, `OrderID`, `PaintingID`, `FrameID`, `GlassID`, `MattID`) VALUES (316, 338, 291, 18, 2, 24);
INSERT INTO `OrderDetails` (`OrderDetailID`, `OrderID`, `PaintingID`, `FrameID`, `GlassID`, `MattID`) VALUES (317, 483, 478, 2, 3, 35);
INSERT INTO `OrderDetails` (`OrderDetailID`, `OrderID`, `PaintingID`, `FrameID`, `GlassID`, `MattID`) VALUES (318, 48, 16, 12, 4, 33);
INSERT INTO `OrderDetails` (`OrderDetailID`, `OrderID`, `PaintingID`, `FrameID`, `GlassID`, `MattID`) VALUES (319, 457, 498, 18, 5, 24);
INSERT INTO `OrderDetails` (`OrderDetailID`, `OrderID`, `PaintingID`, `FrameID`, `GlassID`, `MattID`) VALUES (320, 67, 563, 15, 2, 9);
INSERT INTO `OrderDetails` (`OrderDetailID`, `OrderID`, `PaintingID`, `FrameID`, `GlassID`, `MattID`) VALUES (321, 254, 48, 11, 5, 35);
INSERT INTO `OrderDetails` (`OrderDetailID`, `OrderID`, `PaintingID`, `FrameID`, `GlassID`, `MattID`) VALUES (322, 344, 16, 18, 5, 24);
INSERT INTO `OrderDetails` (`OrderDetailID`, `OrderID`, `PaintingID`, `FrameID`, `GlassID`, `MattID`) VALUES (323, 49, 420, 7, 5, 23);
INSERT INTO `OrderDetails` (`OrderDetailID`, `OrderID`, `PaintingID`, `FrameID`, `GlassID`, `MattID`) VALUES (324, 93, 294, 18, 5, 20);
INSERT INTO `OrderDetails` (`OrderDetailID`, `OrderID`, `PaintingID`, `FrameID`, `GlassID`, `MattID`) VALUES (325, 164, 484, 4, 5, 2);
INSERT INTO `OrderDetails` (`OrderDetailID`, `OrderID`, `PaintingID`, `FrameID`, `GlassID`, `MattID`) VALUES (326, 177, 152, 12, 5, 23);
INSERT INTO `OrderDetails` (`OrderDetailID`, `OrderID`, `PaintingID`, `FrameID`, `GlassID`, `MattID`) VALUES (327, 325, 506, 18, 1, 5);
INSERT INTO `OrderDetails` (`OrderDetailID`, `OrderID`, `PaintingID`, `FrameID`, `GlassID`, `MattID`) VALUES (328, 234, 554, 18, 5, 24);
INSERT INTO `OrderDetails` (`OrderDetailID`, `OrderID`, `PaintingID`, `FrameID`, `GlassID`, `MattID`) VALUES (329, 371, 413, 4, 5, 35);
INSERT INTO `OrderDetails` (`OrderDetailID`, `OrderID`, `PaintingID`, `FrameID`, `GlassID`, `MattID`) VALUES (330, 387, 590, 9, 5, 35);
INSERT INTO `OrderDetails` (`OrderDetailID`, `OrderID`, `PaintingID`, `FrameID`, `GlassID`, `MattID`) VALUES (331, 79, 586, 18, 5, 35);
INSERT INTO `OrderDetails` (`OrderDetailID`, `OrderID`, `PaintingID`, `FrameID`, `GlassID`, `MattID`) VALUES (332, 396, 140, 18, 5, 28);
INSERT INTO `OrderDetails` (`OrderDetailID`, `OrderID`, `PaintingID`, `FrameID`, `GlassID`, `MattID`) VALUES (333, 179, 51, 12, 5, 35);
INSERT INTO `OrderDetails` (`OrderDetailID`, `OrderID`, `PaintingID`, `FrameID`, `GlassID`, `MattID`) VALUES (334, 120, 192, 18, 5, 35);
INSERT INTO `OrderDetails` (`OrderDetailID`, `OrderID`, `PaintingID`, `FrameID`, `GlassID`, `MattID`) VALUES (335, 128, 194, 17, 5, 21);
INSERT INTO `OrderDetails` (`OrderDetailID`, `OrderID`, `PaintingID`, `FrameID`, `GlassID`, `MattID`) VALUES (336, 260, 258, 18, 5, 32);
INSERT INTO `OrderDetails` (`OrderDetailID`, `OrderID`, `PaintingID`, `FrameID`, `GlassID`, `MattID`) VALUES (337, 307, 587, 12, 5, 15);
INSERT INTO `OrderDetails` (`OrderDetailID`, `OrderID`, `PaintingID`, `FrameID`, `GlassID`, `MattID`) VALUES (338, 387, 71, 18, 2, 35);
INSERT INTO `OrderDetails` (`OrderDetailID`, `OrderID`, `PaintingID`, `FrameID`, `GlassID`, `MattID`) VALUES (339, 100, 554, 12, 1, 35);
INSERT INTO `OrderDetails` (`OrderDetailID`, `OrderID`, `PaintingID`, `FrameID`, `GlassID`, `MattID`) VALUES (340, 103, 61, 12, 5, 35);
INSERT INTO `OrderDetails` (`OrderDetailID`, `OrderID`, `PaintingID`, `FrameID`, `GlassID`, `MattID`) VALUES (341, 102, 333, 9, 5, 18);
INSERT INTO `OrderDetails` (`OrderDetailID`, `OrderID`, `PaintingID`, `FrameID`, `GlassID`, `MattID`) VALUES (342, 451, 515, 18, 5, 35);
INSERT INTO `OrderDetails` (`OrderDetailID`, `OrderID`, `PaintingID`, `FrameID`, `GlassID`, `MattID`) VALUES (343, 409, 418, 18, 5, 10);
INSERT INTO `OrderDetails` (`OrderDetailID`, `OrderID`, `PaintingID`, `FrameID`, `GlassID`, `MattID`) VALUES (344, 78, 576, 14, 5, 20);
INSERT INTO `OrderDetails` (`OrderDetailID`, `OrderID`, `PaintingID`, `FrameID`, `GlassID`, `MattID`) VALUES (345, 170, 570, 18, 5, 14);
INSERT INTO `OrderDetails` (`OrderDetailID`, `OrderID`, `PaintingID`, `FrameID`, `GlassID`, `MattID`) VALUES (346, 40, 48, 18, 5, 35);
INSERT INTO `OrderDetails` (`OrderDetailID`, `OrderID`, `PaintingID`, `FrameID`, `GlassID`, `MattID`) VALUES (347, 234, 568, 10, 5, 28);
INSERT INTO `OrderDetails` (`OrderDetailID`, `OrderID`, `PaintingID`, `FrameID`, `GlassID`, `MattID`) VALUES (348, 369, 299, 10, 5, 9);
INSERT INTO `OrderDetails` (`OrderDetailID`, `OrderID`, `PaintingID`, `FrameID`, `GlassID`, `MattID`) VALUES (349, 284, 424, 18, 5, 35);
INSERT INTO `OrderDetails` (`OrderDetailID`, `OrderID`, `PaintingID`, `FrameID`, `GlassID`, `MattID`) VALUES (350, 56, 102, 18, 5, 35);
INSERT INTO `OrderDetails` (`OrderDetailID`, `OrderID`, `PaintingID`, `FrameID`, `GlassID`, `MattID`) VALUES (351, 164, 48, 6, 3, 24);
INSERT INTO `OrderDetails` (`OrderDetailID`, `OrderID`, `PaintingID`, `FrameID`, `GlassID`, `MattID`) VALUES (352, 132, 590, 18, 5, 20);
INSERT INTO `OrderDetails` (`OrderDetailID`, `OrderID`, `PaintingID`, `FrameID`, `GlassID`, `MattID`) VALUES (353, 161, 590, 4, 5, 24);
INSERT INTO `OrderDetails` (`OrderDetailID`, `OrderID`, `PaintingID`, `FrameID`, `GlassID`, `MattID`) VALUES (354, 268, 377, 18, 1, 4);
INSERT INTO `OrderDetails` (`OrderDetailID`, `OrderID`, `PaintingID`, `FrameID`, `GlassID`, `MattID`) VALUES (355, 394, 578, 14, 5, 5);
INSERT INTO `OrderDetails` (`OrderDetailID`, `OrderID`, `PaintingID`, `FrameID`, `GlassID`, `MattID`) VALUES (356, 31, 192, 16, 2, 30);
INSERT INTO `OrderDetails` (`OrderDetailID`, `OrderID`, `PaintingID`, `FrameID`, `GlassID`, `MattID`) VALUES (357, 298, 498, 4, 5, 18);
INSERT INTO `OrderDetails` (`OrderDetailID`, `OrderID`, `PaintingID`, `FrameID`, `GlassID`, `MattID`) VALUES (358, 182, 387, 18, 5, 3);
INSERT INTO `OrderDetails` (`OrderDetailID`, `OrderID`, `PaintingID`, `FrameID`, `GlassID`, `MattID`) VALUES (359, 101, 165, 18, 5, 28);
INSERT INTO `OrderDetails` (`OrderDetailID`, `OrderID`, `PaintingID`, `FrameID`, `GlassID`, `MattID`) VALUES (360, 208, 60, 1, 2, 14);
INSERT INTO `OrderDetails` (`OrderDetailID`, `OrderID`, `PaintingID`, `FrameID`, `GlassID`, `MattID`) VALUES (361, 263, 590, 9, 5, 35);
INSERT INTO `OrderDetails` (`OrderDetailID`, `OrderID`, `PaintingID`, `FrameID`, `GlassID`, `MattID`) VALUES (362, 282, 219, 4, 5, 18);
INSERT INTO `OrderDetails` (`OrderDetailID`, `OrderID`, `PaintingID`, `FrameID`, `GlassID`, `MattID`) VALUES (363, 27, 462, 16, 2, 13);
INSERT INTO `OrderDetails` (`OrderDetailID`, `OrderID`, `PaintingID`, `FrameID`, `GlassID`, `MattID`) VALUES (364, 302, 445, 12, 5, 5);
INSERT INTO `OrderDetails` (`OrderDetailID`, `OrderID`, `PaintingID`, `FrameID`, `GlassID`, `MattID`) VALUES (365, 475, 408, 8, 4, 35);
INSERT INTO `OrderDetails` (`OrderDetailID`, `OrderID`, `PaintingID`, `FrameID`, `GlassID`, `MattID`) VALUES (366, 270, 30, 1, 5, 34);
INSERT INTO `OrderDetails` (`OrderDetailID`, `OrderID`, `PaintingID`, `FrameID`, `GlassID`, `MattID`) VALUES (367, 414, 496, 6, 5, 10);
INSERT INTO `OrderDetails` (`OrderDetailID`, `OrderID`, `PaintingID`, `FrameID`, `GlassID`, `MattID`) VALUES (368, 92, 420, 5, 5, 35);
INSERT INTO `OrderDetails` (`OrderDetailID`, `OrderID`, `PaintingID`, `FrameID`, `GlassID`, `MattID`) VALUES (369, 295, 588, 18, 5, 28);
INSERT INTO `OrderDetails` (`OrderDetailID`, `OrderID`, `PaintingID`, `FrameID`, `GlassID`, `MattID`) VALUES (370, 293, 547, 11, 1, 28);
INSERT INTO `OrderDetails` (`OrderDetailID`, `OrderID`, `PaintingID`, `FrameID`, `GlassID`, `MattID`) VALUES (371, 147, 541, 18, 5, 35);
INSERT INTO `OrderDetails` (`OrderDetailID`, `OrderID`, `PaintingID`, `FrameID`, `GlassID`, `MattID`) VALUES (372, 309, 178, 4, 2, 35);
INSERT INTO `OrderDetails` (`OrderDetailID`, `OrderID`, `PaintingID`, `FrameID`, `GlassID`, `MattID`) VALUES (373, 325, 219, 13, 5, 7);
INSERT INTO `OrderDetails` (`OrderDetailID`, `OrderID`, `PaintingID`, `FrameID`, `GlassID`, `MattID`) VALUES (374, 223, 425, 18, 5, 35);
INSERT INTO `OrderDetails` (`OrderDetailID`, `OrderID`, `PaintingID`, `FrameID`, `GlassID`, `MattID`) VALUES (375, 445, 182, 12, 1, 35);
INSERT INTO `OrderDetails` (`OrderDetailID`, `OrderID`, `PaintingID`, `FrameID`, `GlassID`, `MattID`) VALUES (376, 205, 443, 17, 5, 24);
INSERT INTO `OrderDetails` (`OrderDetailID`, `OrderID`, `PaintingID`, `FrameID`, `GlassID`, `MattID`) VALUES (377, 29, 583, 2, 1, 10);
INSERT INTO `OrderDetails` (`OrderDetailID`, `OrderID`, `PaintingID`, `FrameID`, `GlassID`, `MattID`) VALUES (378, 242, 488, 12, 5, 12);
INSERT INTO `OrderDetails` (`OrderDetailID`, `OrderID`, `PaintingID`, `FrameID`, `GlassID`, `MattID`) VALUES (379, 456, 509, 18, 3, 21);
INSERT INTO `OrderDetails` (`OrderDetailID`, `OrderID`, `PaintingID`, `FrameID`, `GlassID`, `MattID`) VALUES (380, 419, 577, 9, 5, 22);
INSERT INTO `OrderDetails` (`OrderDetailID`, `OrderID`, `PaintingID`, `FrameID`, `GlassID`, `MattID`) VALUES (381, 430, 469, 1, 5, 3);
INSERT INTO `OrderDetails` (`OrderDetailID`, `OrderID`, `PaintingID`, `FrameID`, `GlassID`, `MattID`) VALUES (382, 218, 54, 15, 2, 35);
INSERT INTO `OrderDetails` (`OrderDetailID`, `OrderID`, `PaintingID`, `FrameID`, `GlassID`, `MattID`) VALUES (383, 143, 12, 15, 2, 23);
INSERT INTO `OrderDetails` (`OrderDetailID`, `OrderID`, `PaintingID`, `FrameID`, `GlassID`, `MattID`) VALUES (384, 458, 47, 18, 5, 17);
INSERT INTO `OrderDetails` (`OrderDetailID`, `OrderID`, `PaintingID`, `FrameID`, `GlassID`, `MattID`) VALUES (385, 193, 423, 12, 5, 6);
INSERT INTO `OrderDetails` (`OrderDetailID`, `OrderID`, `PaintingID`, `FrameID`, `GlassID`, `MattID`) VALUES (386, 74, 591, 12, 5, 25);
INSERT INTO `OrderDetails` (`OrderDetailID`, `OrderID`, `PaintingID`, `FrameID`, `GlassID`, `MattID`) VALUES (387, 489, 64, 12, 2, 19);
INSERT INTO `OrderDetails` (`OrderDetailID`, `OrderID`, `PaintingID`, `FrameID`, `GlassID`, `MattID`) VALUES (388, 177, 439, 2, 5, 25);
INSERT INTO `OrderDetails` (`OrderDetailID`, `OrderID`, `PaintingID`, `FrameID`, `GlassID`, `MattID`) VALUES (389, 271, 504, 18, 5, 24);
INSERT INTO `OrderDetails` (`OrderDetailID`, `OrderID`, `PaintingID`, `FrameID`, `GlassID`, `MattID`) VALUES (390, 412, 393, 18, 5, 35);
INSERT INTO `OrderDetails` (`OrderDetailID`, `OrderID`, `PaintingID`, `FrameID`, `GlassID`, `MattID`) VALUES (391, 205, 570, 4, 4, 29);
INSERT INTO `OrderDetails` (`OrderDetailID`, `OrderID`, `PaintingID`, `FrameID`, `GlassID`, `MattID`) VALUES (392, 497, 535, 5, 2, 16);
INSERT INTO `OrderDetails` (`OrderDetailID`, `OrderID`, `PaintingID`, `FrameID`, `GlassID`, `MattID`) VALUES (393, 249, 47, 6, 5, 35);
INSERT INTO `OrderDetails` (`OrderDetailID`, `OrderID`, `PaintingID`, `FrameID`, `GlassID`, `MattID`) VALUES (394, 108, 499, 14, 5, 35);
INSERT INTO `OrderDetails` (`OrderDetailID`, `OrderID`, `PaintingID`, `FrameID`, `GlassID`, `MattID`) VALUES (395, 453, 513, 18, 5, 1);
INSERT INTO `OrderDetails` (`OrderDetailID`, `OrderID`, `PaintingID`, `FrameID`, `GlassID`, `MattID`) VALUES (396, 348, 291, 18, 5, 29);
INSERT INTO `OrderDetails` (`OrderDetailID`, `OrderID`, `PaintingID`, `FrameID`, `GlassID`, `MattID`) VALUES (397, 213, 543, 12, 5, 35);
INSERT INTO `OrderDetails` (`OrderDetailID`, `OrderID`, `PaintingID`, `FrameID`, `GlassID`, `MattID`) VALUES (398, 43, 124, 15, 5, 1);
INSERT INTO `OrderDetails` (`OrderDetailID`, `OrderID`, `PaintingID`, `FrameID`, `GlassID`, `MattID`) VALUES (399, 57, 525, 5, 2, 35);
INSERT INTO `OrderDetails` (`OrderDetailID`, `OrderID`, `PaintingID`, `FrameID`, `GlassID`, `MattID`) VALUES (400, 104, 5, 18, 1, 3);
INSERT INTO `OrderDetails` (`OrderDetailID`, `OrderID`, `PaintingID`, `FrameID`, `GlassID`, `MattID`) VALUES (401, 396, 310, 9, 2, 28);
INSERT INTO `OrderDetails` (`OrderDetailID`, `OrderID`, `PaintingID`, `FrameID`, `GlassID`, `MattID`) VALUES (402, 415, 566, 6, 5, 3);
INSERT INTO `OrderDetails` (`OrderDetailID`, `OrderID`, `PaintingID`, `FrameID`, `GlassID`, `MattID`) VALUES (403, 285, 484, 12, 5, 35);
INSERT INTO `OrderDetails` (`OrderDetailID`, `OrderID`, `PaintingID`, `FrameID`, `GlassID`, `MattID`) VALUES (404, 59, 213, 18, 5, 10);
INSERT INTO `OrderDetails` (`OrderDetailID`, `OrderID`, `PaintingID`, `FrameID`, `GlassID`, `MattID`) VALUES (405, 80, 63, 18, 2, 2);
INSERT INTO `OrderDetails` (`OrderDetailID`, `OrderID`, `PaintingID`, `FrameID`, `GlassID`, `MattID`) VALUES (406, 20, 544, 18, 5, 32);
INSERT INTO `OrderDetails` (`OrderDetailID`, `OrderID`, `PaintingID`, `FrameID`, `GlassID`, `MattID`) VALUES (407, 310, 420, 12, 5, 24);
INSERT INTO `OrderDetails` (`OrderDetailID`, `OrderID`, `PaintingID`, `FrameID`, `GlassID`, `MattID`) VALUES (408, 107, 154, 3, 2, 35);
INSERT INTO `OrderDetails` (`OrderDetailID`, `OrderID`, `PaintingID`, `FrameID`, `GlassID`, `MattID`) VALUES (409, 449, 469, 18, 5, 8);
INSERT INTO `OrderDetails` (`OrderDetailID`, `OrderID`, `PaintingID`, `FrameID`, `GlassID`, `MattID`) VALUES (410, 316, 48, 1, 5, 9);
INSERT INTO `OrderDetails` (`OrderDetailID`, `OrderID`, `PaintingID`, `FrameID`, `GlassID`, `MattID`) VALUES (411, 208, 39, 18, 5, 30);
INSERT INTO `OrderDetails` (`OrderDetailID`, `OrderID`, `PaintingID`, `FrameID`, `GlassID`, `MattID`) VALUES (412, 13, 387, 15, 5, 35);
INSERT INTO `OrderDetails` (`OrderDetailID`, `OrderID`, `PaintingID`, `FrameID`, `GlassID`, `MattID`) VALUES (413, 419, 405, 18, 5, 5);
INSERT INTO `OrderDetails` (`OrderDetailID`, `OrderID`, `PaintingID`, `FrameID`, `GlassID`, `MattID`) VALUES (414, 361, 376, 18, 3, 35);
INSERT INTO `OrderDetails` (`OrderDetailID`, `OrderID`, `PaintingID`, `FrameID`, `GlassID`, `MattID`) VALUES (415, 32, 562, 14, 2, 35);
INSERT INTO `OrderDetails` (`OrderDetailID`, `OrderID`, `PaintingID`, `FrameID`, `GlassID`, `MattID`) VALUES (416, 119, 501, 5, 1, 8);
INSERT INTO `OrderDetails` (`OrderDetailID`, `OrderID`, `PaintingID`, `FrameID`, `GlassID`, `MattID`) VALUES (417, 386, 61, 8, 3, 33);
INSERT INTO `OrderDetails` (`OrderDetailID`, `OrderID`, `PaintingID`, `FrameID`, `GlassID`, `MattID`) VALUES (418, 366, 65, 18, 2, 30);
INSERT INTO `OrderDetails` (`OrderDetailID`, `OrderID`, `PaintingID`, `FrameID`, `GlassID`, `MattID`) VALUES (419, 225, 346, 8, 5, 5);
INSERT INTO `OrderDetails` (`OrderDetailID`, `OrderID`, `PaintingID`, `FrameID`, `GlassID`, `MattID`) VALUES (420, 459, 401, 3, 2, 35);
INSERT INTO `OrderDetails` (`OrderDetailID`, `OrderID`, `PaintingID`, `FrameID`, `GlassID`, `MattID`) VALUES (421, 33, 574, 1, 5, 11);
INSERT INTO `OrderDetails` (`OrderDetailID`, `OrderID`, `PaintingID`, `FrameID`, `GlassID`, `MattID`) VALUES (422, 244, 467, 5, 5, 9);
INSERT INTO `OrderDetails` (`OrderDetailID`, `OrderID`, `PaintingID`, `FrameID`, `GlassID`, `MattID`) VALUES (423, 100, 425, 6, 2, 35);
INSERT INTO `OrderDetails` (`OrderDetailID`, `OrderID`, `PaintingID`, `FrameID`, `GlassID`, `MattID`) VALUES (424, 250, 483, 4, 5, 26);
INSERT INTO `OrderDetails` (`OrderDetailID`, `OrderID`, `PaintingID`, `FrameID`, `GlassID`, `MattID`) VALUES (425, 166, 54, 18, 5, 35);
INSERT INTO `OrderDetails` (`OrderDetailID`, `OrderID`, `PaintingID`, `FrameID`, `GlassID`, `MattID`) VALUES (426, 469, 401, 12, 5, 30);
INSERT INTO `OrderDetails` (`OrderDetailID`, `OrderID`, `PaintingID`, `FrameID`, `GlassID`, `MattID`) VALUES (427, 303, 31, 3, 5, 24);
INSERT INTO `OrderDetails` (`OrderDetailID`, `OrderID`, `PaintingID`, `FrameID`, `GlassID`, `MattID`) VALUES (428, 246, 587, 12, 2, 34);
INSERT INTO `OrderDetails` (`OrderDetailID`, `OrderID`, `PaintingID`, `FrameID`, `GlassID`, `MattID`) VALUES (429, 190, 525, 18, 2, 24);
INSERT INTO `OrderDetails` (`OrderDetailID`, `OrderID`, `PaintingID`, `FrameID`, `GlassID`, `MattID`) VALUES (430, 194, 504, 18, 4, 35);
INSERT INTO `OrderDetails` (`OrderDetailID`, `OrderID`, `PaintingID`, `FrameID`, `GlassID`, `MattID`) VALUES (431, 204, 588, 18, 5, 35);
INSERT INTO `OrderDetails` (`OrderDetailID`, `OrderID`, `PaintingID`, `FrameID`, `GlassID`, `MattID`) VALUES (432, 313, 259, 17, 2, 22);
INSERT INTO `OrderDetails` (`OrderDetailID`, `OrderID`, `PaintingID`, `FrameID`, `GlassID`, `MattID`) VALUES (433, 110, 373, 3, 2, 15);
INSERT INTO `OrderDetails` (`OrderDetailID`, `OrderID`, `PaintingID`, `FrameID`, `GlassID`, `MattID`) VALUES (434, 282, 39, 18, 5, 33);
INSERT INTO `OrderDetails` (`OrderDetailID`, `OrderID`, `PaintingID`, `FrameID`, `GlassID`, `MattID`) VALUES (435, 127, 594, 4, 5, 30);
INSERT INTO `OrderDetails` (`OrderDetailID`, `OrderID`, `PaintingID`, `FrameID`, `GlassID`, `MattID`) VALUES (436, 323, 408, 17, 5, 33);
INSERT INTO `OrderDetails` (`OrderDetailID`, `OrderID`, `PaintingID`, `FrameID`, `GlassID`, `MattID`) VALUES (437, 68, 77, 10, 5, 29);
INSERT INTO `OrderDetails` (`OrderDetailID`, `OrderID`, `PaintingID`, `FrameID`, `GlassID`, `MattID`) VALUES (438, 259, 422, 14, 5, 35);
INSERT INTO `OrderDetails` (`OrderDetailID`, `OrderID`, `PaintingID`, `FrameID`, `GlassID`, `MattID`) VALUES (439, 17, 63, 2, 5, 8);
INSERT INTO `OrderDetails` (`OrderDetailID`, `OrderID`, `PaintingID`, `FrameID`, `GlassID`, `MattID`) VALUES (440, 423, 60, 2, 5, 35);
INSERT INTO `OrderDetails` (`OrderDetailID`, `OrderID`, `PaintingID`, `FrameID`, `GlassID`, `MattID`) VALUES (441, 433, 505, 14, 5, 16);
INSERT INTO `OrderDetails` (`OrderDetailID`, `OrderID`, `PaintingID`, `FrameID`, `GlassID`, `MattID`) VALUES (442, 423, 519, 9, 5, 35);
INSERT INTO `OrderDetails` (`OrderDetailID`, `OrderID`, `PaintingID`, `FrameID`, `GlassID`, `MattID`) VALUES (443, 329, 500, 12, 3, 32);
INSERT INTO `OrderDetails` (`OrderDetailID`, `OrderID`, `PaintingID`, `FrameID`, `GlassID`, `MattID`) VALUES (444, 96, 589, 3, 5, 9);
INSERT INTO `OrderDetails` (`OrderDetailID`, `OrderID`, `PaintingID`, `FrameID`, `GlassID`, `MattID`) VALUES (445, 470, 46, 18, 1, 12);
INSERT INTO `OrderDetails` (`OrderDetailID`, `OrderID`, `PaintingID`, `FrameID`, `GlassID`, `MattID`) VALUES (446, 46, 509, 10, 2, 16);
INSERT INTO `OrderDetails` (`OrderDetailID`, `OrderID`, `PaintingID`, `FrameID`, `GlassID`, `MattID`) VALUES (447, 491, 392, 8, 5, 25);
INSERT INTO `OrderDetails` (`OrderDetailID`, `OrderID`, `PaintingID`, `FrameID`, `GlassID`, `MattID`) VALUES (448, 307, 582, 18, 5, 24);
INSERT INTO `OrderDetails` (`OrderDetailID`, `OrderID`, `PaintingID`, `FrameID`, `GlassID`, `MattID`) VALUES (449, 112, 154, 3, 2, 24);
INSERT INTO `OrderDetails` (`OrderDetailID`, `OrderID`, `PaintingID`, `FrameID`, `GlassID`, `MattID`) VALUES (450, 415, 572, 18, 5, 20);
INSERT INTO `OrderDetails` (`OrderDetailID`, `OrderID`, `PaintingID`, `FrameID`, `GlassID`, `MattID`) VALUES (451, 89, 561, 13, 5, 35);
INSERT INTO `OrderDetails` (`OrderDetailID`, `OrderID`, `PaintingID`, `FrameID`, `GlassID`, `MattID`) VALUES (452, 307, 190, 18, 2, 35);
INSERT INTO `OrderDetails` (`OrderDetailID`, `OrderID`, `PaintingID`, `FrameID`, `GlassID`, `MattID`) VALUES (453, 424, 408, 18, 5, 35);
INSERT INTO `OrderDetails` (`OrderDetailID`, `OrderID`, `PaintingID`, `FrameID`, `GlassID`, `MattID`) VALUES (454, 336, 376, 18, 5, 17);
INSERT INTO `OrderDetails` (`OrderDetailID`, `OrderID`, `PaintingID`, `FrameID`, `GlassID`, `MattID`) VALUES (455, 286, 36, 13, 5, 11);
INSERT INTO `OrderDetails` (`OrderDetailID`, `OrderID`, `PaintingID`, `FrameID`, `GlassID`, `MattID`) VALUES (456, 171, 172, 18, 5, 6);
INSERT INTO `OrderDetails` (`OrderDetailID`, `OrderID`, `PaintingID`, `FrameID`, `GlassID`, `MattID`) VALUES (457, 258, 54, 18, 5, 21);
INSERT INTO `OrderDetails` (`OrderDetailID`, `OrderID`, `PaintingID`, `FrameID`, `GlassID`, `MattID`) VALUES (458, 435, 455, 18, 5, 14);
INSERT INTO `OrderDetails` (`OrderDetailID`, `OrderID`, `PaintingID`, `FrameID`, `GlassID`, `MattID`) VALUES (459, 178, 502, 18, 5, 5);
INSERT INTO `OrderDetails` (`OrderDetailID`, `OrderID`, `PaintingID`, `FrameID`, `GlassID`, `MattID`) VALUES (460, 168, 401, 18, 5, 35);
INSERT INTO `OrderDetails` (`OrderDetailID`, `OrderID`, `PaintingID`, `FrameID`, `GlassID`, `MattID`) VALUES (461, 435, 592, 12, 5, 21);
INSERT INTO `OrderDetails` (`OrderDetailID`, `OrderID`, `PaintingID`, `FrameID`, `GlassID`, `MattID`) VALUES (462, 495, 464, 4, 3, 19);
INSERT INTO `OrderDetails` (`OrderDetailID`, `OrderID`, `PaintingID`, `FrameID`, `GlassID`, `MattID`) VALUES (463, 148, 462, 16, 5, 9);
INSERT INTO `OrderDetails` (`OrderDetailID`, `OrderID`, `PaintingID`, `FrameID`, `GlassID`, `MattID`) VALUES (464, 427, 543, 18, 5, 26);
INSERT INTO `OrderDetails` (`OrderDetailID`, `OrderID`, `PaintingID`, `FrameID`, `GlassID`, `MattID`) VALUES (465, 481, 48, 10, 5, 17);
INSERT INTO `OrderDetails` (`OrderDetailID`, `OrderID`, `PaintingID`, `FrameID`, `GlassID`, `MattID`) VALUES (466, 333, 426, 9, 5, 6);
INSERT INTO `OrderDetails` (`OrderDetailID`, `OrderID`, `PaintingID`, `FrameID`, `GlassID`, `MattID`) VALUES (467, 459, 412, 18, 5, 24);
INSERT INTO `OrderDetails` (`OrderDetailID`, `OrderID`, `PaintingID`, `FrameID`, `GlassID`, `MattID`) VALUES (468, 211, 526, 12, 5, 6);
INSERT INTO `OrderDetails` (`OrderDetailID`, `OrderID`, `PaintingID`, `FrameID`, `GlassID`, `MattID`) VALUES (469, 177, 425, 13, 5, 35);
INSERT INTO `OrderDetails` (`OrderDetailID`, `OrderID`, `PaintingID`, `FrameID`, `GlassID`, `MattID`) VALUES (470, 217, 54, 18, 5, 10);
INSERT INTO `OrderDetails` (`OrderDetailID`, `OrderID`, `PaintingID`, `FrameID`, `GlassID`, `MattID`) VALUES (471, 233, 592, 12, 2, 10);
INSERT INTO `OrderDetails` (`OrderDetailID`, `OrderID`, `PaintingID`, `FrameID`, `GlassID`, `MattID`) VALUES (472, 124, 551, 10, 5, 32);
INSERT INTO `OrderDetails` (`OrderDetailID`, `OrderID`, `PaintingID`, `FrameID`, `GlassID`, `MattID`) VALUES (473, 255, 405, 18, 5, 4);
INSERT INTO `OrderDetails` (`OrderDetailID`, `OrderID`, `PaintingID`, `FrameID`, `GlassID`, `MattID`) VALUES (474, 105, 11, 1, 5, 5);
INSERT INTO `OrderDetails` (`OrderDetailID`, `OrderID`, `PaintingID`, `FrameID`, `GlassID`, `MattID`) VALUES (475, 465, 63, 3, 5, 19);
INSERT INTO `OrderDetails` (`OrderDetailID`, `OrderID`, `PaintingID`, `FrameID`, `GlassID`, `MattID`) VALUES (476, 413, 599, 13, 5, 32);
INSERT INTO `OrderDetails` (`OrderDetailID`, `OrderID`, `PaintingID`, `FrameID`, `GlassID`, `MattID`) VALUES (477, 456, 408, 11, 2, 24);
INSERT INTO `OrderDetails` (`OrderDetailID`, `OrderID`, `PaintingID`, `FrameID`, `GlassID`, `MattID`) VALUES (478, 133, 581, 18, 3, 10);
INSERT INTO `OrderDetails` (`OrderDetailID`, `OrderID`, `PaintingID`, `FrameID`, `GlassID`, `MattID`) VALUES (479, 44, 173, 17, 5, 33);
INSERT INTO `OrderDetails` (`OrderDetailID`, `OrderID`, `PaintingID`, `FrameID`, `GlassID`, `MattID`) VALUES (480, 9, 598, 18, 5, 20);
INSERT INTO `OrderDetails` (`OrderDetailID`, `OrderID`, `PaintingID`, `FrameID`, `GlassID`, `MattID`) VALUES (481, 288, 379, 14, 5, 3);
INSERT INTO `OrderDetails` (`OrderDetailID`, `OrderID`, `PaintingID`, `FrameID`, `GlassID`, `MattID`) VALUES (482, 130, 568, 7, 5, 20);
INSERT INTO `OrderDetails` (`OrderDetailID`, `OrderID`, `PaintingID`, `FrameID`, `GlassID`, `MattID`) VALUES (483, 466, 7, 12, 5, 35);
INSERT INTO `OrderDetails` (`OrderDetailID`, `OrderID`, `PaintingID`, `FrameID`, `GlassID`, `MattID`) VALUES (484, 298, 401, 6, 2, 1);
INSERT INTO `OrderDetails` (`OrderDetailID`, `OrderID`, `PaintingID`, `FrameID`, `GlassID`, `MattID`) VALUES (485, 369, 554, 18, 5, 21);
INSERT INTO `OrderDetails` (`OrderDetailID`, `OrderID`, `PaintingID`, `FrameID`, `GlassID`, `MattID`) VALUES (486, 131, 45, 18, 2, 20);
INSERT INTO `OrderDetails` (`OrderDetailID`, `OrderID`, `PaintingID`, `FrameID`, `GlassID`, `MattID`) VALUES (487, 307, 39, 12, 2, 35);
INSERT INTO `OrderDetails` (`OrderDetailID`, `OrderID`, `PaintingID`, `FrameID`, `GlassID`, `MattID`) VALUES (488, 276, 48, 18, 3, 35);
INSERT INTO `OrderDetails` (`OrderDetailID`, `OrderID`, `PaintingID`, `FrameID`, `GlassID`, `MattID`) VALUES (489, 337, 55, 8, 4, 21);
INSERT INTO `OrderDetails` (`OrderDetailID`, `OrderID`, `PaintingID`, `FrameID`, `GlassID`, `MattID`) VALUES (490, 185, 569, 18, 1, 10);
INSERT INTO `OrderDetails` (`OrderDetailID`, `OrderID`, `PaintingID`, `FrameID`, `GlassID`, `MattID`) VALUES (491, 443, 484, 8, 3, 13);
INSERT INTO `OrderDetails` (`OrderDetailID`, `OrderID`, `PaintingID`, `FrameID`, `GlassID`, `MattID`) VALUES (492, 246, 142, 4, 5, 27);
INSERT INTO `OrderDetails` (`OrderDetailID`, `OrderID`, `PaintingID`, `FrameID`, `GlassID`, `MattID`) VALUES (493, 127, 432, 9, 5, 10);
INSERT INTO `OrderDetails` (`OrderDetailID`, `OrderID`, `PaintingID`, `FrameID`, `GlassID`, `MattID`) VALUES (494, 345, 294, 18, 2, 14);
INSERT INTO `OrderDetails` (`OrderDetailID`, `OrderID`, `PaintingID`, `FrameID`, `GlassID`, `MattID`) VALUES (495, 278, 258, 14, 5, 24);
INSERT INTO `OrderDetails` (`OrderDetailID`, `OrderID`, `PaintingID`, `FrameID`, `GlassID`, `MattID`) VALUES (496, 392, 572, 18, 2, 34);
INSERT INTO `OrderDetails` (`OrderDetailID`, `OrderID`, `PaintingID`, `FrameID`, `GlassID`, `MattID`) VALUES (497, 373, 334, 16, 4, 24);
INSERT INTO `OrderDetails` (`OrderDetailID`, `OrderID`, `PaintingID`, `FrameID`, `GlassID`, `MattID`) VALUES (498, 127, 507, 16, 5, 35);
INSERT INTO `OrderDetails` (`OrderDetailID`, `OrderID`, `PaintingID`, `FrameID`, `GlassID`, `MattID`) VALUES (499, 52, 60, 2, 5, 28);
INSERT INTO `OrderDetails` (`OrderDetailID`, `OrderID`, `PaintingID`, `FrameID`, `GlassID`, `MattID`) VALUES (500, 144, 475, 9, 5, 17);
INSERT INTO `OrderDetails` (`OrderDetailID`, `OrderID`, `PaintingID`, `FrameID`, `GlassID`, `MattID`) VALUES (501, 253, 575, 18, 5, 35);
INSERT INTO `OrderDetails` (`OrderDetailID`, `OrderID`, `PaintingID`, `FrameID`, `GlassID`, `MattID`) VALUES (502, 72, 459, 17, 4, 35);
INSERT INTO `OrderDetails` (`OrderDetailID`, `OrderID`, `PaintingID`, `FrameID`, `GlassID`, `MattID`) VALUES (503, 277, 61, 2, 5, 35);
INSERT INTO `OrderDetails` (`OrderDetailID`, `OrderID`, `PaintingID`, `FrameID`, `GlassID`, `MattID`) VALUES (504, 15, 427, 18, 2, 6);
INSERT INTO `OrderDetails` (`OrderDetailID`, `OrderID`, `PaintingID`, `FrameID`, `GlassID`, `MattID`) VALUES (505, 142, 192, 17, 5, 32);
INSERT INTO `OrderDetails` (`OrderDetailID`, `OrderID`, `PaintingID`, `FrameID`, `GlassID`, `MattID`) VALUES (506, 397, 509, 11, 3, 27);
INSERT INTO `OrderDetails` (`OrderDetailID`, `OrderID`, `PaintingID`, `FrameID`, `GlassID`, `MattID`) VALUES (507, 66, 481, 8, 5, 20);
INSERT INTO `OrderDetails` (`OrderDetailID`, `OrderID`, `PaintingID`, `FrameID`, `GlassID`, `MattID`) VALUES (508, 214, 392, 10, 5, 12);
INSERT INTO `OrderDetails` (`OrderDetailID`, `OrderID`, `PaintingID`, `FrameID`, `GlassID`, `MattID`) VALUES (509, 125, 58, 18, 5, 24);
INSERT INTO `OrderDetails` (`OrderDetailID`, `OrderID`, `PaintingID`, `FrameID`, `GlassID`, `MattID`) VALUES (510, 482, 178, 12, 3, 21);
INSERT INTO `OrderDetails` (`OrderDetailID`, `OrderID`, `PaintingID`, `FrameID`, `GlassID`, `MattID`) VALUES (511, 327, 374, 18, 5, 24);
INSERT INTO `OrderDetails` (`OrderDetailID`, `OrderID`, `PaintingID`, `FrameID`, `GlassID`, `MattID`) VALUES (512, 283, 392, 4, 5, 35);
INSERT INTO `OrderDetails` (`OrderDetailID`, `OrderID`, `PaintingID`, `FrameID`, `GlassID`, `MattID`) VALUES (513, 442, 393, 14, 5, 1);
INSERT INTO `OrderDetails` (`OrderDetailID`, `OrderID`, `PaintingID`, `FrameID`, `GlassID`, `MattID`) VALUES (514, 174, 69, 16, 5, 20);
INSERT INTO `OrderDetails` (`OrderDetailID`, `OrderID`, `PaintingID`, `FrameID`, `GlassID`, `MattID`) VALUES (515, 89, 88, 7, 5, 23);
INSERT INTO `OrderDetails` (`OrderDetailID`, `OrderID`, `PaintingID`, `FrameID`, `GlassID`, `MattID`) VALUES (516, 378, 339, 17, 5, 2);
INSERT INTO `OrderDetails` (`OrderDetailID`, `OrderID`, `PaintingID`, `FrameID`, `GlassID`, `MattID`) VALUES (517, 362, 299, 4, 5, 19);
INSERT INTO `OrderDetails` (`OrderDetailID`, `OrderID`, `PaintingID`, `FrameID`, `GlassID`, `MattID`) VALUES (518, 341, 51, 1, 5, 35);
INSERT INTO `OrderDetails` (`OrderDetailID`, `OrderID`, `PaintingID`, `FrameID`, `GlassID`, `MattID`) VALUES (519, 279, 459, 8, 5, 20);
INSERT INTO `OrderDetails` (`OrderDetailID`, `OrderID`, `PaintingID`, `FrameID`, `GlassID`, `MattID`) VALUES (520, 154, 425, 6, 5, 24);
INSERT INTO `OrderDetails` (`OrderDetailID`, `OrderID`, `PaintingID`, `FrameID`, `GlassID`, `MattID`) VALUES (521, 279, 559, 18, 5, 35);
INSERT INTO `OrderDetails` (`OrderDetailID`, `OrderID`, `PaintingID`, `FrameID`, `GlassID`, `MattID`) VALUES (522, 420, 393, 3, 5, 35);
INSERT INTO `OrderDetails` (`OrderDetailID`, `OrderID`, `PaintingID`, `FrameID`, `GlassID`, `MattID`) VALUES (523, 155, 373, 18, 5, 35);
INSERT INTO `OrderDetails` (`OrderDetailID`, `OrderID`, `PaintingID`, `FrameID`, `GlassID`, `MattID`) VALUES (524, 59, 165, 18, 5, 31);
INSERT INTO `OrderDetails` (`OrderDetailID`, `OrderID`, `PaintingID`, `FrameID`, `GlassID`, `MattID`) VALUES (525, 144, 592, 8, 5, 10);
INSERT INTO `OrderDetails` (`OrderDetailID`, `OrderID`, `PaintingID`, `FrameID`, `GlassID`, `MattID`) VALUES (526, 203, 518, 8, 3, 35);
INSERT INTO `OrderDetails` (`OrderDetailID`, `OrderID`, `PaintingID`, `FrameID`, `GlassID`, `MattID`) VALUES (527, 459, 63, 18, 5, 35);
INSERT INTO `OrderDetails` (`OrderDetailID`, `OrderID`, `PaintingID`, `FrameID`, `GlassID`, `MattID`) VALUES (528, 306, 388, 12, 5, 35);
INSERT INTO `OrderDetails` (`OrderDetailID`, `OrderID`, `PaintingID`, `FrameID`, `GlassID`, `MattID`) VALUES (529, 500, 527, 8, 5, 5);
INSERT INTO `OrderDetails` (`OrderDetailID`, `OrderID`, `PaintingID`, `FrameID`, `GlassID`, `MattID`) VALUES (530, 228, 433, 18, 5, 35);
INSERT INTO `OrderDetails` (`OrderDetailID`, `OrderID`, `PaintingID`, `FrameID`, `GlassID`, `MattID`) VALUES (531, 263, 16, 18, 5, 35);
INSERT INTO `OrderDetails` (`OrderDetailID`, `OrderID`, `PaintingID`, `FrameID`, `GlassID`, `MattID`) VALUES (532, 463, 428, 4, 5, 22);
INSERT INTO `OrderDetails` (`OrderDetailID`, `OrderID`, `PaintingID`, `FrameID`, `GlassID`, `MattID`) VALUES (533, 380, 403, 12, 5, 1);
INSERT INTO `OrderDetails` (`OrderDetailID`, `OrderID`, `PaintingID`, `FrameID`, `GlassID`, `MattID`) VALUES (534, 171, 51, 18, 5, 19);
INSERT INTO `OrderDetails` (`OrderDetailID`, `OrderID`, `PaintingID`, `FrameID`, `GlassID`, `MattID`) VALUES (535, 194, 145, 8, 5, 35);
INSERT INTO `OrderDetails` (`OrderDetailID`, `OrderID`, `PaintingID`, `FrameID`, `GlassID`, `MattID`) VALUES (536, 422, 401, 8, 5, 24);
INSERT INTO `OrderDetails` (`OrderDetailID`, `OrderID`, `PaintingID`, `FrameID`, `GlassID`, `MattID`) VALUES (537, 182, 24, 8, 5, 2);
INSERT INTO `OrderDetails` (`OrderDetailID`, `OrderID`, `PaintingID`, `FrameID`, `GlassID`, `MattID`) VALUES (538, 472, 66, 18, 5, 7);
INSERT INTO `OrderDetails` (`OrderDetailID`, `OrderID`, `PaintingID`, `FrameID`, `GlassID`, `MattID`) VALUES (539, 421, 475, 18, 5, 20);
INSERT INTO `OrderDetails` (`OrderDetailID`, `OrderID`, `PaintingID`, `FrameID`, `GlassID`, `MattID`) VALUES (540, 4, 172, 9, 5, 35);
INSERT INTO `OrderDetails` (`OrderDetailID`, `OrderID`, `PaintingID`, `FrameID`, `GlassID`, `MattID`) VALUES (541, 26, 146, 18, 5, 5);
INSERT INTO `OrderDetails` (`OrderDetailID`, `OrderID`, `PaintingID`, `FrameID`, `GlassID`, `MattID`) VALUES (542, 209, 579, 11, 3, 5);
INSERT INTO `OrderDetails` (`OrderDetailID`, `OrderID`, `PaintingID`, `FrameID`, `GlassID`, `MattID`) VALUES (543, 331, 80, 7, 3, 35);
INSERT INTO `OrderDetails` (`OrderDetailID`, `OrderID`, `PaintingID`, `FrameID`, `GlassID`, `MattID`) VALUES (544, 319, 65, 8, 5, 19);
INSERT INTO `OrderDetails` (`OrderDetailID`, `OrderID`, `PaintingID`, `FrameID`, `GlassID`, `MattID`) VALUES (545, 266, 64, 18, 5, 25);
INSERT INTO `OrderDetails` (`OrderDetailID`, `OrderID`, `PaintingID`, `FrameID`, `GlassID`, `MattID`) VALUES (546, 322, 114, 18, 4, 13);
INSERT INTO `OrderDetails` (`OrderDetailID`, `OrderID`, `PaintingID`, `FrameID`, `GlassID`, `MattID`) VALUES (547, 251, 509, 16, 3, 35);
INSERT INTO `OrderDetails` (`OrderDetailID`, `OrderID`, `PaintingID`, `FrameID`, `GlassID`, `MattID`) VALUES (548, 431, 486, 18, 3, 5);
INSERT INTO `OrderDetails` (`OrderDetailID`, `OrderID`, `PaintingID`, `FrameID`, `GlassID`, `MattID`) VALUES (549, 276, 558, 3, 5, 35);
INSERT INTO `OrderDetails` (`OrderDetailID`, `OrderID`, `PaintingID`, `FrameID`, `GlassID`, `MattID`) VALUES (550, 410, 587, 5, 3, 2);
INSERT INTO `OrderDetails` (`OrderDetailID`, `OrderID`, `PaintingID`, `FrameID`, `GlassID`, `MattID`) VALUES (551, 6, 559, 9, 5, 32);
INSERT INTO `OrderDetails` (`OrderDetailID`, `OrderID`, `PaintingID`, `FrameID`, `GlassID`, `MattID`) VALUES (552, 135, 431, 18, 2, 9);
INSERT INTO `OrderDetails` (`OrderDetailID`, `OrderID`, `PaintingID`, `FrameID`, `GlassID`, `MattID`) VALUES (553, 146, 349, 4, 5, 31);
INSERT INTO `OrderDetails` (`OrderDetailID`, `OrderID`, `PaintingID`, `FrameID`, `GlassID`, `MattID`) VALUES (554, 15, 52, 18, 5, 35);
INSERT INTO `OrderDetails` (`OrderDetailID`, `OrderID`, `PaintingID`, `FrameID`, `GlassID`, `MattID`) VALUES (555, 460, 508, 8, 5, 24);
INSERT INTO `OrderDetails` (`OrderDetailID`, `OrderID`, `PaintingID`, `FrameID`, `GlassID`, `MattID`) VALUES (556, 77, 388, 12, 5, 8);
INSERT INTO `OrderDetails` (`OrderDetailID`, `OrderID`, `PaintingID`, `FrameID`, `GlassID`, `MattID`) VALUES (557, 455, 570, 12, 5, 16);
INSERT INTO `OrderDetails` (`OrderDetailID`, `OrderID`, `PaintingID`, `FrameID`, `GlassID`, `MattID`) VALUES (558, 4, 520, 11, 5, 31);
INSERT INTO `OrderDetails` (`OrderDetailID`, `OrderID`, `PaintingID`, `FrameID`, `GlassID`, `MattID`) VALUES (559, 425, 484, 8, 5, 35);
INSERT INTO `OrderDetails` (`OrderDetailID`, `OrderID`, `PaintingID`, `FrameID`, `GlassID`, `MattID`) VALUES (560, 248, 388, 18, 1, 29);
INSERT INTO `OrderDetails` (`OrderDetailID`, `OrderID`, `PaintingID`, `FrameID`, `GlassID`, `MattID`) VALUES (561, 500, 484, 18, 1, 15);
INSERT INTO `OrderDetails` (`OrderDetailID`, `OrderID`, `PaintingID`, `FrameID`, `GlassID`, `MattID`) VALUES (562, 22, 536, 18, 5, 23);
INSERT INTO `OrderDetails` (`OrderDetailID`, `OrderID`, `PaintingID`, `FrameID`, `GlassID`, `MattID`) VALUES (563, 444, 152, 18, 5, 15);
INSERT INTO `OrderDetails` (`OrderDetailID`, `OrderID`, `PaintingID`, `FrameID`, `GlassID`, `MattID`) VALUES (564, 359, 504, 2, 5, 35);
INSERT INTO `OrderDetails` (`OrderDetailID`, `OrderID`, `PaintingID`, `FrameID`, `GlassID`, `MattID`) VALUES (565, 51, 521, 18, 5, 15);
INSERT INTO `OrderDetails` (`OrderDetailID`, `OrderID`, `PaintingID`, `FrameID`, `GlassID`, `MattID`) VALUES (566, 318, 500, 4, 5, 35);
INSERT INTO `OrderDetails` (`OrderDetailID`, `OrderID`, `PaintingID`, `FrameID`, `GlassID`, `MattID`) VALUES (567, 215, 484, 14, 1, 19);
INSERT INTO `OrderDetails` (`OrderDetailID`, `OrderID`, `PaintingID`, `FrameID`, `GlassID`, `MattID`) VALUES (568, 376, 507, 8, 5, 34);
INSERT INTO `OrderDetails` (`OrderDetailID`, `OrderID`, `PaintingID`, `FrameID`, `GlassID`, `MattID`) VALUES (569, 50, 348, 18, 4, 35);
INSERT INTO `OrderDetails` (`OrderDetailID`, `OrderID`, `PaintingID`, `FrameID`, `GlassID`, `MattID`) VALUES (570, 72, 310, 12, 2, 20);
INSERT INTO `OrderDetails` (`OrderDetailID`, `OrderID`, `PaintingID`, `FrameID`, `GlassID`, `MattID`) VALUES (571, 154, 406, 18, 5, 35);
INSERT INTO `OrderDetails` (`OrderDetailID`, `OrderID`, `PaintingID`, `FrameID`, `GlassID`, `MattID`) VALUES (572, 384, 52, 4, 2, 6);
INSERT INTO `OrderDetails` (`OrderDetailID`, `OrderID`, `PaintingID`, `FrameID`, `GlassID`, `MattID`) VALUES (573, 85, 419, 4, 4, 35);
INSERT INTO `OrderDetails` (`OrderDetailID`, `OrderID`, `PaintingID`, `FrameID`, `GlassID`, `MattID`) VALUES (574, 195, 48, 18, 5, 9);
INSERT INTO `OrderDetails` (`OrderDetailID`, `OrderID`, `PaintingID`, `FrameID`, `GlassID`, `MattID`) VALUES (575, 57, 442, 9, 5, 35);
INSERT INTO `OrderDetails` (`OrderDetailID`, `OrderID`, `PaintingID`, `FrameID`, `GlassID`, `MattID`) VALUES (576, 404, 424, 12, 4, 21);
INSERT INTO `OrderDetails` (`OrderDetailID`, `OrderID`, `PaintingID`, `FrameID`, `GlassID`, `MattID`) VALUES (577, 323, 501, 7, 5, 9);
INSERT INTO `OrderDetails` (`OrderDetailID`, `OrderID`, `PaintingID`, `FrameID`, `GlassID`, `MattID`) VALUES (578, 142, 48, 16, 2, 10);
INSERT INTO `OrderDetails` (`OrderDetailID`, `OrderID`, `PaintingID`, `FrameID`, `GlassID`, `MattID`) VALUES (579, 356, 470, 1, 5, 35);
INSERT INTO `OrderDetails` (`OrderDetailID`, `OrderID`, `PaintingID`, `FrameID`, `GlassID`, `MattID`) VALUES (580, 405, 333, 9, 5, 35);
INSERT INTO `OrderDetails` (`OrderDetailID`, `OrderID`, `PaintingID`, `FrameID`, `GlassID`, `MattID`) VALUES (581, 19, 389, 11, 5, 35);
INSERT INTO `OrderDetails` (`OrderDetailID`, `OrderID`, `PaintingID`, `FrameID`, `GlassID`, `MattID`) VALUES (582, 258, 61, 17, 5, 35);
INSERT INTO `OrderDetails` (`OrderDetailID`, `OrderID`, `PaintingID`, `FrameID`, `GlassID`, `MattID`) VALUES (583, 390, 501, 4, 2, 3);
INSERT INTO `OrderDetails` (`OrderDetailID`, `OrderID`, `PaintingID`, `FrameID`, `GlassID`, `MattID`) VALUES (584, 364, 501, 18, 5, 35);
INSERT INTO `OrderDetails` (`OrderDetailID`, `OrderID`, `PaintingID`, `FrameID`, `GlassID`, `MattID`) VALUES (585, 340, 63, 16, 2, 12);
INSERT INTO `OrderDetails` (`OrderDetailID`, `OrderID`, `PaintingID`, `FrameID`, `GlassID`, `MattID`) VALUES (586, 431, 171, 12, 5, 35);
INSERT INTO `OrderDetails` (`OrderDetailID`, `OrderID`, `PaintingID`, `FrameID`, `GlassID`, `MattID`) VALUES (587, 27, 527, 17, 1, 2);
INSERT INTO `OrderDetails` (`OrderDetailID`, `OrderID`, `PaintingID`, `FrameID`, `GlassID`, `MattID`) VALUES (588, 373, 502, 17, 5, 35);
INSERT INTO `OrderDetails` (`OrderDetailID`, `OrderID`, `PaintingID`, `FrameID`, `GlassID`, `MattID`) VALUES (589, 495, 259, 18, 5, 16);
INSERT INTO `OrderDetails` (`OrderDetailID`, `OrderID`, `PaintingID`, `FrameID`, `GlassID`, `MattID`) VALUES (590, 438, 572, 15, 5, 5);
INSERT INTO `OrderDetails` (`OrderDetailID`, `OrderID`, `PaintingID`, `FrameID`, `GlassID`, `MattID`) VALUES (591, 246, 63, 12, 5, 35);
INSERT INTO `OrderDetails` (`OrderDetailID`, `OrderID`, `PaintingID`, `FrameID`, `GlassID`, `MattID`) VALUES (592, 111, 419, 18, 5, 24);
INSERT INTO `OrderDetails` (`OrderDetailID`, `OrderID`, `PaintingID`, `FrameID`, `GlassID`, `MattID`) VALUES (593, 245, 468, 2, 5, 25);
INSERT INTO `OrderDetails` (`OrderDetailID`, `OrderID`, `PaintingID`, `FrameID`, `GlassID`, `MattID`) VALUES (594, 292, 565, 18, 2, 35);
INSERT INTO `OrderDetails` (`OrderDetailID`, `OrderID`, `PaintingID`, `FrameID`, `GlassID`, `MattID`) VALUES (595, 139, 258, 12, 5, 35);
INSERT INTO `OrderDetails` (`OrderDetailID`, `OrderID`, `PaintingID`, `FrameID`, `GlassID`, `MattID`) VALUES (596, 99, 300, 8, 2, 29);
INSERT INTO `OrderDetails` (`OrderDetailID`, `OrderID`, `PaintingID`, `FrameID`, `GlassID`, `MattID`) VALUES (597, 246, 409, 8, 5, 24);
INSERT INTO `OrderDetails` (`OrderDetailID`, `OrderID`, `PaintingID`, `FrameID`, `GlassID`, `MattID`) VALUES (598, 48, 438, 12, 5, 35);
INSERT INTO `OrderDetails` (`OrderDetailID`, `OrderID`, `PaintingID`, `FrameID`, `GlassID`, `MattID`) VALUES (599, 25, 419, 12, 5, 13);
INSERT INTO `OrderDetails` (`OrderDetailID`, `OrderID`, `PaintingID`, `FrameID`, `GlassID`, `MattID`) VALUES (600, 495, 54, 17, 5, 35);
INSERT INTO `OrderDetails` (`OrderDetailID`, `OrderID`, `PaintingID`, `FrameID`, `GlassID`, `MattID`) VALUES (601, 65, 399, 18, 3, 24);
INSERT INTO `OrderDetails` (`OrderDetailID`, `OrderID`, `PaintingID`, `FrameID`, `GlassID`, `MattID`) VALUES (602, 426, 585, 4, 5, 24);
INSERT INTO `OrderDetails` (`OrderDetailID`, `OrderID`, `PaintingID`, `FrameID`, `GlassID`, `MattID`) VALUES (603, 346, 493, 18, 5, 15);
INSERT INTO `OrderDetails` (`OrderDetailID`, `OrderID`, `PaintingID`, `FrameID`, `GlassID`, `MattID`) VALUES (604, 442, 369, 2, 2, 35);
INSERT INTO `OrderDetails` (`OrderDetailID`, `OrderID`, `PaintingID`, `FrameID`, `GlassID`, `MattID`) VALUES (605, 499, 424, 17, 5, 34);
INSERT INTO `OrderDetails` (`OrderDetailID`, `OrderID`, `PaintingID`, `FrameID`, `GlassID`, `MattID`) VALUES (606, 11, 467, 18, 5, 8);
INSERT INTO `OrderDetails` (`OrderDetailID`, `OrderID`, `PaintingID`, `FrameID`, `GlassID`, `MattID`) VALUES (607, 468, 16, 18, 2, 7);
INSERT INTO `OrderDetails` (`OrderDetailID`, `OrderID`, `PaintingID`, `FrameID`, `GlassID`, `MattID`) VALUES (608, 306, 118, 4, 5, 10);
INSERT INTO `OrderDetails` (`OrderDetailID`, `OrderID`, `PaintingID`, `FrameID`, `GlassID`, `MattID`) VALUES (609, 500, 577, 17, 5, 5);
INSERT INTO `OrderDetails` (`OrderDetailID`, `OrderID`, `PaintingID`, `FrameID`, `GlassID`, `MattID`) VALUES (610, 60, 63, 9, 5, 21);
INSERT INTO `OrderDetails` (`OrderDetailID`, `OrderID`, `PaintingID`, `FrameID`, `GlassID`, `MattID`) VALUES (611, 216, 392, 13, 2, 23);
INSERT INTO `OrderDetails` (`OrderDetailID`, `OrderID`, `PaintingID`, `FrameID`, `GlassID`, `MattID`) VALUES (612, 85, 195, 3, 5, 7);
INSERT INTO `OrderDetails` (`OrderDetailID`, `OrderID`, `PaintingID`, `FrameID`, `GlassID`, `MattID`) VALUES (613, 169, 408, 4, 2, 27);
INSERT INTO `OrderDetails` (`OrderDetailID`, `OrderID`, `PaintingID`, `FrameID`, `GlassID`, `MattID`) VALUES (614, 353, 392, 7, 3, 2);
INSERT INTO `OrderDetails` (`OrderDetailID`, `OrderID`, `PaintingID`, `FrameID`, `GlassID`, `MattID`) VALUES (615, 219, 35, 18, 5, 32);
INSERT INTO `OrderDetails` (`OrderDetailID`, `OrderID`, `PaintingID`, `FrameID`, `GlassID`, `MattID`) VALUES (616, 492, 333, 8, 3, 22);
INSERT INTO `OrderDetails` (`OrderDetailID`, `OrderID`, `PaintingID`, `FrameID`, `GlassID`, `MattID`) VALUES (617, 498, 89, 11, 5, 33);
INSERT INTO `OrderDetails` (`OrderDetailID`, `OrderID`, `PaintingID`, `FrameID`, `GlassID`, `MattID`) VALUES (618, 222, 392, 17, 5, 26);
INSERT INTO `OrderDetails` (`OrderDetailID`, `OrderID`, `PaintingID`, `FrameID`, `GlassID`, `MattID`) VALUES (619, 186, 399, 18, 5, 13);
INSERT INTO `OrderDetails` (`OrderDetailID`, `OrderID`, `PaintingID`, `FrameID`, `GlassID`, `MattID`) VALUES (620, 180, 381, 14, 2, 35);
INSERT INTO `OrderDetails` (`OrderDetailID`, `OrderID`, `PaintingID`, `FrameID`, `GlassID`, `MattID`) VALUES (621, 342, 45, 18, 5, 35);
INSERT INTO `OrderDetails` (`OrderDetailID`, `OrderID`, `PaintingID`, `FrameID`, `GlassID`, `MattID`) VALUES (622, 87, 65, 18, 5, 9);
INSERT INTO `OrderDetails` (`OrderDetailID`, `OrderID`, `PaintingID`, `FrameID`, `GlassID`, `MattID`) VALUES (623, 410, 233, 18, 5, 7);
INSERT INTO `OrderDetails` (`OrderDetailID`, `OrderID`, `PaintingID`, `FrameID`, `GlassID`, `MattID`) VALUES (624, 421, 48, 15, 5, 2);
INSERT INTO `OrderDetails` (`OrderDetailID`, `OrderID`, `PaintingID`, `FrameID`, `GlassID`, `MattID`) VALUES (625, 120, 467, 18, 5, 27);
INSERT INTO `OrderDetails` (`OrderDetailID`, `OrderID`, `PaintingID`, `FrameID`, `GlassID`, `MattID`) VALUES (626, 182, 432, 12, 2, 26);
INSERT INTO `OrderDetails` (`OrderDetailID`, `OrderID`, `PaintingID`, `FrameID`, `GlassID`, `MattID`) VALUES (627, 421, 30, 18, 3, 9);
INSERT INTO `OrderDetails` (`OrderDetailID`, `OrderID`, `PaintingID`, `FrameID`, `GlassID`, `MattID`) VALUES (628, 250, 467, 18, 5, 35);
INSERT INTO `OrderDetails` (`OrderDetailID`, `OrderID`, `PaintingID`, `FrameID`, `GlassID`, `MattID`) VALUES (629, 123, 589, 8, 1, 5);
INSERT INTO `OrderDetails` (`OrderDetailID`, `OrderID`, `PaintingID`, `FrameID`, `GlassID`, `MattID`) VALUES (630, 429, 291, 4, 5, 24);
INSERT INTO `OrderDetails` (`OrderDetailID`, `OrderID`, `PaintingID`, `FrameID`, `GlassID`, `MattID`) VALUES (631, 304, 458, 16, 2, 21);
INSERT INTO `OrderDetails` (`OrderDetailID`, `OrderID`, `PaintingID`, `FrameID`, `GlassID`, `MattID`) VALUES (632, 159, 391, 18, 3, 11);
INSERT INTO `OrderDetails` (`OrderDetailID`, `OrderID`, `PaintingID`, `FrameID`, `GlassID`, `MattID`) VALUES (633, 52, 349, 5, 3, 16);
INSERT INTO `OrderDetails` (`OrderDetailID`, `OrderID`, `PaintingID`, `FrameID`, `GlassID`, `MattID`) VALUES (634, 51, 517, 18, 5, 24);
INSERT INTO `OrderDetails` (`OrderDetailID`, `OrderID`, `PaintingID`, `FrameID`, `GlassID`, `MattID`) VALUES (635, 336, 259, 18, 5, 20);
INSERT INTO `OrderDetails` (`OrderDetailID`, `OrderID`, `PaintingID`, `FrameID`, `GlassID`, `MattID`) VALUES (636, 175, 535, 5, 2, 35);
INSERT INTO `OrderDetails` (`OrderDetailID`, `OrderID`, `PaintingID`, `FrameID`, `GlassID`, `MattID`) VALUES (637, 172, 482, 18, 5, 10);
INSERT INTO `OrderDetails` (`OrderDetailID`, `OrderID`, `PaintingID`, `FrameID`, `GlassID`, `MattID`) VALUES (638, 121, 430, 11, 5, 18);
INSERT INTO `OrderDetails` (`OrderDetailID`, `OrderID`, `PaintingID`, `FrameID`, `GlassID`, `MattID`) VALUES (639, 155, 587, 1, 4, 20);
INSERT INTO `OrderDetails` (`OrderDetailID`, `OrderID`, `PaintingID`, `FrameID`, `GlassID`, `MattID`) VALUES (640, 85, 146, 12, 5, 32);
INSERT INTO `OrderDetails` (`OrderDetailID`, `OrderID`, `PaintingID`, `FrameID`, `GlassID`, `MattID`) VALUES (641, 153, 593, 18, 2, 25);
INSERT INTO `OrderDetails` (`OrderDetailID`, `OrderID`, `PaintingID`, `FrameID`, `GlassID`, `MattID`) VALUES (642, 195, 599, 18, 5, 22);
INSERT INTO `OrderDetails` (`OrderDetailID`, `OrderID`, `PaintingID`, `FrameID`, `GlassID`, `MattID`) VALUES (643, 62, 499, 18, 4, 24);
INSERT INTO `OrderDetails` (`OrderDetailID`, `OrderID`, `PaintingID`, `FrameID`, `GlassID`, `MattID`) VALUES (644, 246, 419, 9, 5, 35);
INSERT INTO `OrderDetails` (`OrderDetailID`, `OrderID`, `PaintingID`, `FrameID`, `GlassID`, `MattID`) VALUES (645, 199, 541, 7, 1, 35);
INSERT INTO `OrderDetails` (`OrderDetailID`, `OrderID`, `PaintingID`, `FrameID`, `GlassID`, `MattID`) VALUES (646, 273, 425, 18, 5, 24);
INSERT INTO `OrderDetails` (`OrderDetailID`, `OrderID`, `PaintingID`, `FrameID`, `GlassID`, `MattID`) VALUES (647, 400, 388, 16, 2, 1);
INSERT INTO `OrderDetails` (`OrderDetailID`, `OrderID`, `PaintingID`, `FrameID`, `GlassID`, `MattID`) VALUES (648, 196, 195, 12, 5, 35);
INSERT INTO `OrderDetails` (`OrderDetailID`, `OrderID`, `PaintingID`, `FrameID`, `GlassID`, `MattID`) VALUES (649, 194, 65, 1, 5, 21);
INSERT INTO `OrderDetails` (`OrderDetailID`, `OrderID`, `PaintingID`, `FrameID`, `GlassID`, `MattID`) VALUES (650, 350, 571, 5, 5, 7);
INSERT INTO `OrderDetails` (`OrderDetailID`, `OrderID`, `PaintingID`, `FrameID`, `GlassID`, `MattID`) VALUES (651, 96, 420, 13, 5, 16);
INSERT INTO `OrderDetails` (`OrderDetailID`, `OrderID`, `PaintingID`, `FrameID`, `GlassID`, `MattID`) VALUES (652, 277, 469, 12, 5, 35);
INSERT INTO `OrderDetails` (`OrderDetailID`, `OrderID`, `PaintingID`, `FrameID`, `GlassID`, `MattID`) VALUES (653, 158, 486, 10, 3, 6);
INSERT INTO `OrderDetails` (`OrderDetailID`, `OrderID`, `PaintingID`, `FrameID`, `GlassID`, `MattID`) VALUES (654, 366, 388, 8, 5, 18);
INSERT INTO `OrderDetails` (`OrderDetailID`, `OrderID`, `PaintingID`, `FrameID`, `GlassID`, `MattID`) VALUES (655, 339, 15, 18, 5, 10);
INSERT INTO `OrderDetails` (`OrderDetailID`, `OrderID`, `PaintingID`, `FrameID`, `GlassID`, `MattID`) VALUES (656, 295, 192, 16, 5, 24);
INSERT INTO `OrderDetails` (`OrderDetailID`, `OrderID`, `PaintingID`, `FrameID`, `GlassID`, `MattID`) VALUES (657, 408, 433, 1, 5, 35);
INSERT INTO `OrderDetails` (`OrderDetailID`, `OrderID`, `PaintingID`, `FrameID`, `GlassID`, `MattID`) VALUES (658, 8, 467, 12, 5, 35);
INSERT INTO `OrderDetails` (`OrderDetailID`, `OrderID`, `PaintingID`, `FrameID`, `GlassID`, `MattID`) VALUES (659, 163, 426, 18, 5, 35);
INSERT INTO `OrderDetails` (`OrderDetailID`, `OrderID`, `PaintingID`, `FrameID`, `GlassID`, `MattID`) VALUES (660, 60, 63, 17, 2, 35);
INSERT INTO `OrderDetails` (`OrderDetailID`, `OrderID`, `PaintingID`, `FrameID`, `GlassID`, `MattID`) VALUES (661, 441, 26, 1, 5, 23);
INSERT INTO `OrderDetails` (`OrderDetailID`, `OrderID`, `PaintingID`, `FrameID`, `GlassID`, `MattID`) VALUES (662, 488, 423, 14, 5, 23);
INSERT INTO `OrderDetails` (`OrderDetailID`, `OrderID`, `PaintingID`, `FrameID`, `GlassID`, `MattID`) VALUES (663, 279, 213, 8, 4, 5);
INSERT INTO `OrderDetails` (`OrderDetailID`, `OrderID`, `PaintingID`, `FrameID`, `GlassID`, `MattID`) VALUES (664, 406, 388, 8, 5, 16);
INSERT INTO `OrderDetails` (`OrderDetailID`, `OrderID`, `PaintingID`, `FrameID`, `GlassID`, `MattID`) VALUES (665, 437, 492, 3, 5, 35);
INSERT INTO `OrderDetails` (`OrderDetailID`, `OrderID`, `PaintingID`, `FrameID`, `GlassID`, `MattID`) VALUES (666, 114, 36, 12, 5, 1);
INSERT INTO `OrderDetails` (`OrderDetailID`, `OrderID`, `PaintingID`, `FrameID`, `GlassID`, `MattID`) VALUES (667, 372, 468, 12, 5, 35);
INSERT INTO `OrderDetails` (`OrderDetailID`, `OrderID`, `PaintingID`, `FrameID`, `GlassID`, `MattID`) VALUES (668, 84, 407, 10, 5, 16);
INSERT INTO `OrderDetails` (`OrderDetailID`, `OrderID`, `PaintingID`, `FrameID`, `GlassID`, `MattID`) VALUES (669, 58, 67, 18, 5, 25);
INSERT INTO `OrderDetails` (`OrderDetailID`, `OrderID`, `PaintingID`, `FrameID`, `GlassID`, `MattID`) VALUES (670, 374, 543, 18, 2, 33);
INSERT INTO `OrderDetails` (`OrderDetailID`, `OrderID`, `PaintingID`, `FrameID`, `GlassID`, `MattID`) VALUES (671, 215, 547, 17, 4, 20);
INSERT INTO `OrderDetails` (`OrderDetailID`, `OrderID`, `PaintingID`, `FrameID`, `GlassID`, `MattID`) VALUES (672, 301, 15, 15, 1, 8);
INSERT INTO `OrderDetails` (`OrderDetailID`, `OrderID`, `PaintingID`, `FrameID`, `GlassID`, `MattID`) VALUES (673, 26, 508, 6, 5, 33);
INSERT INTO `OrderDetails` (`OrderDetailID`, `OrderID`, `PaintingID`, `FrameID`, `GlassID`, `MattID`) VALUES (674, 157, 420, 18, 5, 10);
INSERT INTO `OrderDetails` (`OrderDetailID`, `OrderID`, `PaintingID`, `FrameID`, `GlassID`, `MattID`) VALUES (675, 57, 11, 4, 5, 24);
INSERT INTO `OrderDetails` (`OrderDetailID`, `OrderID`, `PaintingID`, `FrameID`, `GlassID`, `MattID`) VALUES (676, 389, 103, 18, 5, 24);
INSERT INTO `OrderDetails` (`OrderDetailID`, `OrderID`, `PaintingID`, `FrameID`, `GlassID`, `MattID`) VALUES (677, 103, 433, 18, 5, 20);
INSERT INTO `OrderDetails` (`OrderDetailID`, `OrderID`, `PaintingID`, `FrameID`, `GlassID`, `MattID`) VALUES (678, 467, 401, 7, 5, 35);
INSERT INTO `OrderDetails` (`OrderDetailID`, `OrderID`, `PaintingID`, `FrameID`, `GlassID`, `MattID`) VALUES (679, 184, 507, 12, 4, 12);
INSERT INTO `OrderDetails` (`OrderDetailID`, `OrderID`, `PaintingID`, `FrameID`, `GlassID`, `MattID`) VALUES (680, 217, 587, 18, 5, 20);
INSERT INTO `OrderDetails` (`OrderDetailID`, `OrderID`, `PaintingID`, `FrameID`, `GlassID`, `MattID`) VALUES (681, 140, 467, 12, 3, 25);
INSERT INTO `OrderDetails` (`OrderDetailID`, `OrderID`, `PaintingID`, `FrameID`, `GlassID`, `MattID`) VALUES (682, 387, 512, 4, 5, 23);
INSERT INTO `OrderDetails` (`OrderDetailID`, `OrderID`, `PaintingID`, `FrameID`, `GlassID`, `MattID`) VALUES (683, 163, 578, 17, 5, 35);
INSERT INTO `OrderDetails` (`OrderDetailID`, `OrderID`, `PaintingID`, `FrameID`, `GlassID`, `MattID`) VALUES (684, 262, 521, 10, 1, 33);
INSERT INTO `OrderDetails` (`OrderDetailID`, `OrderID`, `PaintingID`, `FrameID`, `GlassID`, `MattID`) VALUES (685, 149, 153, 12, 5, 18);
INSERT INTO `OrderDetails` (`OrderDetailID`, `OrderID`, `PaintingID`, `FrameID`, `GlassID`, `MattID`) VALUES (686, 83, 373, 18, 5, 19);
INSERT INTO `OrderDetails` (`OrderDetailID`, `OrderID`, `PaintingID`, `FrameID`, `GlassID`, `MattID`) VALUES (687, 100, 574, 8, 1, 26);
INSERT INTO `OrderDetails` (`OrderDetailID`, `OrderID`, `PaintingID`, `FrameID`, `GlassID`, `MattID`) VALUES (688, 368, 349, 18, 5, 27);
INSERT INTO `OrderDetails` (`OrderDetailID`, `OrderID`, `PaintingID`, `FrameID`, `GlassID`, `MattID`) VALUES (689, 414, 543, 17, 5, 9);
INSERT INTO `OrderDetails` (`OrderDetailID`, `OrderID`, `PaintingID`, `FrameID`, `GlassID`, `MattID`) VALUES (690, 62, 219, 17, 5, 35);
INSERT INTO `OrderDetails` (`OrderDetailID`, `OrderID`, `PaintingID`, `FrameID`, `GlassID`, `MattID`) VALUES (691, 35, 474, 4, 5, 12);
INSERT INTO `OrderDetails` (`OrderDetailID`, `OrderID`, `PaintingID`, `FrameID`, `GlassID`, `MattID`) VALUES (692, 129, 564, 18, 5, 18);
INSERT INTO `OrderDetails` (`OrderDetailID`, `OrderID`, `PaintingID`, `FrameID`, `GlassID`, `MattID`) VALUES (693, 342, 349, 18, 5, 20);
INSERT INTO `OrderDetails` (`OrderDetailID`, `OrderID`, `PaintingID`, `FrameID`, `GlassID`, `MattID`) VALUES (694, 184, 375, 4, 5, 35);
INSERT INTO `OrderDetails` (`OrderDetailID`, `OrderID`, `PaintingID`, `FrameID`, `GlassID`, `MattID`) VALUES (695, 403, 472, 4, 5, 21);
INSERT INTO `OrderDetails` (`OrderDetailID`, `OrderID`, `PaintingID`, `FrameID`, `GlassID`, `MattID`) VALUES (696, 462, 399, 16, 2, 35);
INSERT INTO `OrderDetails` (`OrderDetailID`, `OrderID`, `PaintingID`, `FrameID`, `GlassID`, `MattID`) VALUES (697, 84, 595, 5, 5, 3);
INSERT INTO `OrderDetails` (`OrderDetailID`, `OrderID`, `PaintingID`, `FrameID`, `GlassID`, `MattID`) VALUES (698, 303, 448, 4, 5, 35);
INSERT INTO `OrderDetails` (`OrderDetailID`, `OrderID`, `PaintingID`, `FrameID`, `GlassID`, `MattID`) VALUES (699, 486, 422, 12, 5, 3);
INSERT INTO `OrderDetails` (`OrderDetailID`, `OrderID`, `PaintingID`, `FrameID`, `GlassID`, `MattID`) VALUES (700, 99, 300, 10, 4, 35);
INSERT INTO `OrderDetails` (`OrderDetailID`, `OrderID`, `PaintingID`, `FrameID`, `GlassID`, `MattID`) VALUES (701, 363, 537, 7, 5, 35);
INSERT INTO `OrderDetails` (`OrderDetailID`, `OrderID`, `PaintingID`, `FrameID`, `GlassID`, `MattID`) VALUES (702, 102, 587, 18, 2, 35);
INSERT INTO `OrderDetails` (`OrderDetailID`, `OrderID`, `PaintingID`, `FrameID`, `GlassID`, `MattID`) VALUES (703, 38, 541, 12, 5, 13);
INSERT INTO `OrderDetails` (`OrderDetailID`, `OrderID`, `PaintingID`, `FrameID`, `GlassID`, `MattID`) VALUES (704, 278, 568, 4, 5, 29);
INSERT INTO `OrderDetails` (`OrderDetailID`, `OrderID`, `PaintingID`, `FrameID`, `GlassID`, `MattID`) VALUES (705, 68, 57, 18, 2, 4);
INSERT INTO `OrderDetails` (`OrderDetailID`, `OrderID`, `PaintingID`, `FrameID`, `GlassID`, `MattID`) VALUES (706, 454, 561, 18, 5, 35);
INSERT INTO `OrderDetails` (`OrderDetailID`, `OrderID`, `PaintingID`, `FrameID`, `GlassID`, `MattID`) VALUES (707, 446, 232, 18, 5, 12);
INSERT INTO `OrderDetails` (`OrderDetailID`, `OrderID`, `PaintingID`, `FrameID`, `GlassID`, `MattID`) VALUES (708, 70, 583, 18, 3, 35);
INSERT INTO `OrderDetails` (`OrderDetailID`, `OrderID`, `PaintingID`, `FrameID`, `GlassID`, `MattID`) VALUES (709, 289, 556, 12, 2, 17);
INSERT INTO `OrderDetails` (`OrderDetailID`, `OrderID`, `PaintingID`, `FrameID`, `GlassID`, `MattID`) VALUES (710, 230, 157, 18, 5, 24);
INSERT INTO `OrderDetails` (`OrderDetailID`, `OrderID`, `PaintingID`, `FrameID`, `GlassID`, `MattID`) VALUES (711, 281, 482, 9, 5, 25);
INSERT INTO `OrderDetails` (`OrderDetailID`, `OrderID`, `PaintingID`, `FrameID`, `GlassID`, `MattID`) VALUES (712, 45, 51, 14, 3, 18);
INSERT INTO `OrderDetails` (`OrderDetailID`, `OrderID`, `PaintingID`, `FrameID`, `GlassID`, `MattID`) VALUES (713, 324, 588, 18, 4, 1);
INSERT INTO `OrderDetails` (`OrderDetailID`, `OrderID`, `PaintingID`, `FrameID`, `GlassID`, `MattID`) VALUES (714, 499, 114, 18, 5, 9);
INSERT INTO `OrderDetails` (`OrderDetailID`, `OrderID`, `PaintingID`, `FrameID`, `GlassID`, `MattID`) VALUES (715, 284, 26, 5, 5, 35);
INSERT INTO `OrderDetails` (`OrderDetailID`, `OrderID`, `PaintingID`, `FrameID`, `GlassID`, `MattID`) VALUES (716, 360, 378, 12, 5, 4);
INSERT INTO `OrderDetails` (`OrderDetailID`, `OrderID`, `PaintingID`, `FrameID`, `GlassID`, `MattID`) VALUES (717, 149, 514, 18, 5, 18);
INSERT INTO `OrderDetails` (`OrderDetailID`, `OrderID`, `PaintingID`, `FrameID`, `GlassID`, `MattID`) VALUES (718, 393, 79, 17, 5, 34);
INSERT INTO `OrderDetails` (`OrderDetailID`, `OrderID`, `PaintingID`, `FrameID`, `GlassID`, `MattID`) VALUES (719, 471, 483, 18, 5, 24);
INSERT INTO `OrderDetails` (`OrderDetailID`, `OrderID`, `PaintingID`, `FrameID`, `GlassID`, `MattID`) VALUES (720, 22, 213, 12, 5, 35);
INSERT INTO `OrderDetails` (`OrderDetailID`, `OrderID`, `PaintingID`, `FrameID`, `GlassID`, `MattID`) VALUES (721, 265, 35, 18, 5, 33);
INSERT INTO `OrderDetails` (`OrderDetailID`, `OrderID`, `PaintingID`, `FrameID`, `GlassID`, `MattID`) VALUES (722, 422, 422, 14, 5, 2);
INSERT INTO `OrderDetails` (`OrderDetailID`, `OrderID`, `PaintingID`, `FrameID`, `GlassID`, `MattID`) VALUES (723, 14, 514, 18, 5, 17);
INSERT INTO `OrderDetails` (`OrderDetailID`, `OrderID`, `PaintingID`, `FrameID`, `GlassID`, `MattID`) VALUES (724, 61, 484, 18, 1, 35);
INSERT INTO `OrderDetails` (`OrderDetailID`, `OrderID`, `PaintingID`, `FrameID`, `GlassID`, `MattID`) VALUES (725, 145, 36, 7, 5, 35);
INSERT INTO `OrderDetails` (`OrderDetailID`, `OrderID`, `PaintingID`, `FrameID`, `GlassID`, `MattID`) VALUES (726, 443, 79, 11, 5, 35);
INSERT INTO `OrderDetails` (`OrderDetailID`, `OrderID`, `PaintingID`, `FrameID`, `GlassID`, `MattID`) VALUES (727, 141, 598, 18, 1, 2);
INSERT INTO `OrderDetails` (`OrderDetailID`, `OrderID`, `PaintingID`, `FrameID`, `GlassID`, `MattID`) VALUES (728, 261, 391, 18, 4, 35);
INSERT INTO `OrderDetails` (`OrderDetailID`, `OrderID`, `PaintingID`, `FrameID`, `GlassID`, `MattID`) VALUES (729, 387, 476, 3, 5, 9);
INSERT INTO `OrderDetails` (`OrderDetailID`, `OrderID`, `PaintingID`, `FrameID`, `GlassID`, `MattID`) VALUES (730, 181, 56, 13, 5, 28);
INSERT INTO `OrderDetails` (`OrderDetailID`, `OrderID`, `PaintingID`, `FrameID`, `GlassID`, `MattID`) VALUES (731, 455, 525, 18, 5, 22);
INSERT INTO `OrderDetails` (`OrderDetailID`, `OrderID`, `PaintingID`, `FrameID`, `GlassID`, `MattID`) VALUES (732, 118, 588, 4, 5, 29);
INSERT INTO `OrderDetails` (`OrderDetailID`, `OrderID`, `PaintingID`, `FrameID`, `GlassID`, `MattID`) VALUES (733, 280, 405, 15, 5, 15);
INSERT INTO `OrderDetails` (`OrderDetailID`, `OrderID`, `PaintingID`, `FrameID`, `GlassID`, `MattID`) VALUES (734, 191, 471, 18, 5, 34);
INSERT INTO `OrderDetails` (`OrderDetailID`, `OrderID`, `PaintingID`, `FrameID`, `GlassID`, `MattID`) VALUES (735, 253, 463, 6, 2, 24);
INSERT INTO `OrderDetails` (`OrderDetailID`, `OrderID`, `PaintingID`, `FrameID`, `GlassID`, `MattID`) VALUES (736, 428, 486, 4, 5, 13);
INSERT INTO `OrderDetails` (`OrderDetailID`, `OrderID`, `PaintingID`, `FrameID`, `GlassID`, `MattID`) VALUES (737, 4, 585, 13, 5, 35);
INSERT INTO `OrderDetails` (`OrderDetailID`, `OrderID`, `PaintingID`, `FrameID`, `GlassID`, `MattID`) VALUES (738, 154, 172, 6, 5, 6);
INSERT INTO `OrderDetails` (`OrderDetailID`, `OrderID`, `PaintingID`, `FrameID`, `GlassID`, `MattID`) VALUES (739, 51, 46, 8, 5, 23);
INSERT INTO `OrderDetails` (`OrderDetailID`, `OrderID`, `PaintingID`, `FrameID`, `GlassID`, `MattID`) VALUES (740, 198, 559, 18, 5, 25);
INSERT INTO `OrderDetails` (`OrderDetailID`, `OrderID`, `PaintingID`, `FrameID`, `GlassID`, `MattID`) VALUES (741, 287, 63, 18, 3, 7);
INSERT INTO `OrderDetails` (`OrderDetailID`, `OrderID`, `PaintingID`, `FrameID`, `GlassID`, `MattID`) VALUES (742, 18, 427, 6, 5, 35);
INSERT INTO `OrderDetails` (`OrderDetailID`, `OrderID`, `PaintingID`, `FrameID`, `GlassID`, `MattID`) VALUES (743, 273, 527, 11, 2, 35);
INSERT INTO `OrderDetails` (`OrderDetailID`, `OrderID`, `PaintingID`, `FrameID`, `GlassID`, `MattID`) VALUES (744, 323, 401, 12, 5, 20);
INSERT INTO `OrderDetails` (`OrderDetailID`, `OrderID`, `PaintingID`, `FrameID`, `GlassID`, `MattID`) VALUES (745, 96, 192, 9, 5, 3);
INSERT INTO `OrderDetails` (`OrderDetailID`, `OrderID`, `PaintingID`, `FrameID`, `GlassID`, `MattID`) VALUES (746, 12, 392, 12, 5, 14);
INSERT INTO `OrderDetails` (`OrderDetailID`, `OrderID`, `PaintingID`, `FrameID`, `GlassID`, `MattID`) VALUES (747, 377, 392, 12, 1, 7);
INSERT INTO `OrderDetails` (`OrderDetailID`, `OrderID`, `PaintingID`, `FrameID`, `GlassID`, `MattID`) VALUES (748, 16, 30, 18, 5, 9);
INSERT INTO `OrderDetails` (`OrderDetailID`, `OrderID`, `PaintingID`, `FrameID`, `GlassID`, `MattID`) VALUES (749, 229, 373, 4, 5, 17);
INSERT INTO `OrderDetails` (`OrderDetailID`, `OrderID`, `PaintingID`, `FrameID`, `GlassID`, `MattID`) VALUES (750, 249, 300, 10, 4, 35);
INSERT INTO `OrderDetails` (`OrderDetailID`, `OrderID`, `PaintingID`, `FrameID`, `GlassID`, `MattID`) VALUES (751, 48, 541, 7, 5, 14);
INSERT INTO `OrderDetails` (`OrderDetailID`, `OrderID`, `PaintingID`, `FrameID`, `GlassID`, `MattID`) VALUES (752, 90, 77, 8, 5, 35);
INSERT INTO `OrderDetails` (`OrderDetailID`, `OrderID`, `PaintingID`, `FrameID`, `GlassID`, `MattID`) VALUES (753, 193, 347, 15, 1, 9);
INSERT INTO `OrderDetails` (`OrderDetailID`, `OrderID`, `PaintingID`, `FrameID`, `GlassID`, `MattID`) VALUES (754, 375, 334, 9, 5, 13);
INSERT INTO `OrderDetails` (`OrderDetailID`, `OrderID`, `PaintingID`, `FrameID`, `GlassID`, `MattID`) VALUES (755, 56, 408, 18, 5, 35);
INSERT INTO `OrderDetails` (`OrderDetailID`, `OrderID`, `PaintingID`, `FrameID`, `GlassID`, `MattID`) VALUES (756, 337, 31, 18, 5, 8);
INSERT INTO `OrderDetails` (`OrderDetailID`, `OrderID`, `PaintingID`, `FrameID`, `GlassID`, `MattID`) VALUES (757, 249, 543, 18, 5, 7);
INSERT INTO `OrderDetails` (`OrderDetailID`, `OrderID`, `PaintingID`, `FrameID`, `GlassID`, `MattID`) VALUES (758, 460, 346, 12, 5, 35);
INSERT INTO `OrderDetails` (`OrderDetailID`, `OrderID`, `PaintingID`, `FrameID`, `GlassID`, `MattID`) VALUES (759, 365, 554, 18, 2, 25);
INSERT INTO `OrderDetails` (`OrderDetailID`, `OrderID`, `PaintingID`, `FrameID`, `GlassID`, `MattID`) VALUES (760, 96, 71, 4, 1, 14);
INSERT INTO `OrderDetails` (`OrderDetailID`, `OrderID`, `PaintingID`, `FrameID`, `GlassID`, `MattID`) VALUES (761, 487, 145, 18, 5, 31);
INSERT INTO `OrderDetails` (`OrderDetailID`, `OrderID`, `PaintingID`, `FrameID`, `GlassID`, `MattID`) VALUES (762, 145, 334, 18, 4, 19);
INSERT INTO `OrderDetails` (`OrderDetailID`, `OrderID`, `PaintingID`, `FrameID`, `GlassID`, `MattID`) VALUES (763, 246, 502, 12, 5, 5);
INSERT INTO `OrderDetails` (`OrderDetailID`, `OrderID`, `PaintingID`, `FrameID`, `GlassID`, `MattID`) VALUES (764, 364, 515, 10, 2, 35);
INSERT INTO `OrderDetails` (`OrderDetailID`, `OrderID`, `PaintingID`, `FrameID`, `GlassID`, `MattID`) VALUES (765, 494, 80, 15, 2, 35);
INSERT INTO `OrderDetails` (`OrderDetailID`, `OrderID`, `PaintingID`, `FrameID`, `GlassID`, `MattID`) VALUES (766, 273, 587, 13, 4, 6);
INSERT INTO `OrderDetails` (`OrderDetailID`, `OrderID`, `PaintingID`, `FrameID`, `GlassID`, `MattID`) VALUES (767, 257, 570, 18, 5, 12);
INSERT INTO `OrderDetails` (`OrderDetailID`, `OrderID`, `PaintingID`, `FrameID`, `GlassID`, `MattID`) VALUES (768, 269, 24, 18, 2, 35);
INSERT INTO `OrderDetails` (`OrderDetailID`, `OrderID`, `PaintingID`, `FrameID`, `GlassID`, `MattID`) VALUES (769, 202, 500, 13, 5, 5);
INSERT INTO `OrderDetails` (`OrderDetailID`, `OrderID`, `PaintingID`, `FrameID`, `GlassID`, `MattID`) VALUES (770, 192, 333, 12, 5, 35);
INSERT INTO `OrderDetails` (`OrderDetailID`, `OrderID`, `PaintingID`, `FrameID`, `GlassID`, `MattID`) VALUES (771, 369, 376, 8, 5, 35);
INSERT INTO `OrderDetails` (`OrderDetailID`, `OrderID`, `PaintingID`, `FrameID`, `GlassID`, `MattID`) VALUES (772, 323, 569, 4, 5, 30);
INSERT INTO `OrderDetails` (`OrderDetailID`, `OrderID`, `PaintingID`, `FrameID`, `GlassID`, `MattID`) VALUES (773, 69, 572, 18, 4, 24);
INSERT INTO `OrderDetails` (`OrderDetailID`, `OrderID`, `PaintingID`, `FrameID`, `GlassID`, `MattID`) VALUES (774, 230, 469, 18, 5, 21);
INSERT INTO `OrderDetails` (`OrderDetailID`, `OrderID`, `PaintingID`, `FrameID`, `GlassID`, `MattID`) VALUES (775, 159, 105, 12, 5, 7);
INSERT INTO `OrderDetails` (`OrderDetailID`, `OrderID`, `PaintingID`, `FrameID`, `GlassID`, `MattID`) VALUES (776, 434, 386, 1, 5, 2);
INSERT INTO `OrderDetails` (`OrderDetailID`, `OrderID`, `PaintingID`, `FrameID`, `GlassID`, `MattID`) VALUES (777, 390, 561, 12, 3, 35);
INSERT INTO `OrderDetails` (`OrderDetailID`, `OrderID`, `PaintingID`, `FrameID`, `GlassID`, `MattID`) VALUES (778, 417, 517, 18, 5, 18);
INSERT INTO `OrderDetails` (`OrderDetailID`, `OrderID`, `PaintingID`, `FrameID`, `GlassID`, `MattID`) VALUES (779, 388, 41, 18, 5, 35);
INSERT INTO `OrderDetails` (`OrderDetailID`, `OrderID`, `PaintingID`, `FrameID`, `GlassID`, `MattID`) VALUES (780, 286, 48, 18, 5, 5);
INSERT INTO `OrderDetails` (`OrderDetailID`, `OrderID`, `PaintingID`, `FrameID`, `GlassID`, `MattID`) VALUES (781, 94, 425, 18, 3, 35);
INSERT INTO `OrderDetails` (`OrderDetailID`, `OrderID`, `PaintingID`, `FrameID`, `GlassID`, `MattID`) VALUES (782, 343, 486, 18, 1, 35);
INSERT INTO `OrderDetails` (`OrderDetailID`, `OrderID`, `PaintingID`, `FrameID`, `GlassID`, `MattID`) VALUES (783, 260, 375, 6, 5, 15);
INSERT INTO `OrderDetails` (`OrderDetailID`, `OrderID`, `PaintingID`, `FrameID`, `GlassID`, `MattID`) VALUES (784, 256, 403, 11, 5, 24);
INSERT INTO `OrderDetails` (`OrderDetailID`, `OrderID`, `PaintingID`, `FrameID`, `GlassID`, `MattID`) VALUES (785, 385, 192, 4, 4, 7);
INSERT INTO `OrderDetails` (`OrderDetailID`, `OrderID`, `PaintingID`, `FrameID`, `GlassID`, `MattID`) VALUES (786, 206, 498, 7, 5, 35);
INSERT INTO `OrderDetails` (`OrderDetailID`, `OrderID`, `PaintingID`, `FrameID`, `GlassID`, `MattID`) VALUES (787, 15, 334, 14, 4, 20);
INSERT INTO `OrderDetails` (`OrderDetailID`, `OrderID`, `PaintingID`, `FrameID`, `GlassID`, `MattID`) VALUES (788, 439, 291, 4, 5, 31);
INSERT INTO `OrderDetails` (`OrderDetailID`, `OrderID`, `PaintingID`, `FrameID`, `GlassID`, `MattID`) VALUES (789, 8, 530, 18, 2, 28);
INSERT INTO `OrderDetails` (`OrderDetailID`, `OrderID`, `PaintingID`, `FrameID`, `GlassID`, `MattID`) VALUES (790, 398, 524, 14, 5, 5);
INSERT INTO `OrderDetails` (`OrderDetailID`, `OrderID`, `PaintingID`, `FrameID`, `GlassID`, `MattID`) VALUES (791, 220, 5, 12, 3, 24);
INSERT INTO `OrderDetails` (`OrderDetailID`, `OrderID`, `PaintingID`, `FrameID`, `GlassID`, `MattID`) VALUES (792, 134, 64, 12, 5, 24);
INSERT INTO `OrderDetails` (`OrderDetailID`, `OrderID`, `PaintingID`, `FrameID`, `GlassID`, `MattID`) VALUES (793, 402, 54, 18, 2, 35);
INSERT INTO `OrderDetails` (`OrderDetailID`, `OrderID`, `PaintingID`, `FrameID`, `GlassID`, `MattID`) VALUES (794, 153, 57, 7, 5, 20);
INSERT INTO `OrderDetails` (`OrderDetailID`, `OrderID`, `PaintingID`, `FrameID`, `GlassID`, `MattID`) VALUES (795, 42, 58, 18, 5, 3);
INSERT INTO `OrderDetails` (`OrderDetailID`, `OrderID`, `PaintingID`, `FrameID`, `GlassID`, `MattID`) VALUES (796, 68, 58, 18, 5, 35);
INSERT INTO `OrderDetails` (`OrderDetailID`, `OrderID`, `PaintingID`, `FrameID`, `GlassID`, `MattID`) VALUES (797, 407, 424, 16, 5, 24);
INSERT INTO `OrderDetails` (`OrderDetailID`, `OrderID`, `PaintingID`, `FrameID`, `GlassID`, `MattID`) VALUES (798, 352, 476, 12, 4, 14);
INSERT INTO `OrderDetails` (`OrderDetailID`, `OrderID`, `PaintingID`, `FrameID`, `GlassID`, `MattID`) VALUES (799, 166, 419, 18, 5, 25);
INSERT INTO `OrderDetails` (`OrderDetailID`, `OrderID`, `PaintingID`, `FrameID`, `GlassID`, `MattID`) VALUES (800, 425, 504, 4, 5, 12);
# 800 records

#
# Table structure for table 'Orders'
#


CREATE TABLE `Orders` (
  `OrderID` INTEGER NOT NULL, 
  `ShipperID` INTEGER, 
  `CustomerID` INTEGER, 
  `DateStarted` DATETIME, 
  `Quantity` INTEGER, 
  INDEX (`CustomerID`), 
  PRIMARY KEY (`OrderID`), 
  INDEX (`ShipperID`)
) ENGINE=innodb DEFAULT CHARSET=utf8;

SET autocommit=1;

#
# Dumping data for table 'Orders'
#

INSERT INTO `Orders` (`OrderID`, `ShipperID`, `CustomerID`, `DateStarted`, `Quantity`) VALUES (1, 83, 27, '2015-12-22 00:00:00', 1);
INSERT INTO `Orders` (`OrderID`, `ShipperID`, `CustomerID`, `DateStarted`, `Quantity`) VALUES (2, 62, 28, '2015-12-13 00:00:00', 2);
INSERT INTO `Orders` (`OrderID`, `ShipperID`, `CustomerID`, `DateStarted`, `Quantity`) VALUES (3, 83, 41, '2016-06-13 00:00:00', 1);
INSERT INTO `Orders` (`OrderID`, `ShipperID`, `CustomerID`, `DateStarted`, `Quantity`) VALUES (4, 63, 54, '2016-02-03 00:00:00', 1);
INSERT INTO `Orders` (`OrderID`, `ShipperID`, `CustomerID`, `DateStarted`, `Quantity`) VALUES (5, 83, 37, '2016-10-27 00:00:00', 1);
INSERT INTO `Orders` (`OrderID`, `ShipperID`, `CustomerID`, `DateStarted`, `Quantity`) VALUES (6, 63, 52, '2017-05-18 00:00:00', 1);
INSERT INTO `Orders` (`OrderID`, `ShipperID`, `CustomerID`, `DateStarted`, `Quantity`) VALUES (7, 89, 12, '2016-02-13 00:00:00', 1);
INSERT INTO `Orders` (`OrderID`, `ShipperID`, `CustomerID`, `DateStarted`, `Quantity`) VALUES (8, 63, 28, '2017-07-08 00:00:00', 1);
INSERT INTO `Orders` (`OrderID`, `ShipperID`, `CustomerID`, `DateStarted`, `Quantity`) VALUES (9, 63, 38, '2016-08-12 00:00:00', 1);
INSERT INTO `Orders` (`OrderID`, `ShipperID`, `CustomerID`, `DateStarted`, `Quantity`) VALUES (10, 88, 14, '2016-11-08 00:00:00', 1);
INSERT INTO `Orders` (`OrderID`, `ShipperID`, `CustomerID`, `DateStarted`, `Quantity`) VALUES (11, 63, 39, '2017-05-16 00:00:00', 1);
INSERT INTO `Orders` (`OrderID`, `ShipperID`, `CustomerID`, `DateStarted`, `Quantity`) VALUES (12, 83, 53, '2017-01-30 00:00:00', 2);
INSERT INTO `Orders` (`OrderID`, `ShipperID`, `CustomerID`, `DateStarted`, `Quantity`) VALUES (13, 87, 17, '2016-07-30 00:00:00', 1);
INSERT INTO `Orders` (`OrderID`, `ShipperID`, `CustomerID`, `DateStarted`, `Quantity`) VALUES (14, 83, 41, '2016-07-04 00:00:00', 2);
INSERT INTO `Orders` (`OrderID`, `ShipperID`, `CustomerID`, `DateStarted`, `Quantity`) VALUES (15, 89, 7, '2017-07-15 00:00:00', 2);
INSERT INTO `Orders` (`OrderID`, `ShipperID`, `CustomerID`, `DateStarted`, `Quantity`) VALUES (16, 62, 23, '2015-10-31 00:00:00', 1);
INSERT INTO `Orders` (`OrderID`, `ShipperID`, `CustomerID`, `DateStarted`, `Quantity`) VALUES (17, 63, 22, '2016-05-24 00:00:00', 1);
INSERT INTO `Orders` (`OrderID`, `ShipperID`, `CustomerID`, `DateStarted`, `Quantity`) VALUES (18, 62, 50, '2016-06-01 00:00:00', 1);
INSERT INTO `Orders` (`OrderID`, `ShipperID`, `CustomerID`, `DateStarted`, `Quantity`) VALUES (19, 90, 43, '2015-12-03 00:00:00', 2);
INSERT INTO `Orders` (`OrderID`, `ShipperID`, `CustomerID`, `DateStarted`, `Quantity`) VALUES (20, 85, 28, '2016-01-14 00:00:00', 2);
INSERT INTO `Orders` (`OrderID`, `ShipperID`, `CustomerID`, `DateStarted`, `Quantity`) VALUES (21, 83, 38, '2016-03-15 00:00:00', 1);
INSERT INTO `Orders` (`OrderID`, `ShipperID`, `CustomerID`, `DateStarted`, `Quantity`) VALUES (22, 89, 28, '2016-10-28 00:00:00', 1);
INSERT INTO `Orders` (`OrderID`, `ShipperID`, `CustomerID`, `DateStarted`, `Quantity`) VALUES (23, 62, 20, '2017-06-03 00:00:00', 1);
INSERT INTO `Orders` (`OrderID`, `ShipperID`, `CustomerID`, `DateStarted`, `Quantity`) VALUES (24, 90, 15, '2016-01-03 00:00:00', 1);
INSERT INTO `Orders` (`OrderID`, `ShipperID`, `CustomerID`, `DateStarted`, `Quantity`) VALUES (25, 62, 10, '2016-03-31 00:00:00', 1);
INSERT INTO `Orders` (`OrderID`, `ShipperID`, `CustomerID`, `DateStarted`, `Quantity`) VALUES (26, 83, 53, '2016-01-27 00:00:00', 2);
INSERT INTO `Orders` (`OrderID`, `ShipperID`, `CustomerID`, `DateStarted`, `Quantity`) VALUES (27, 85, 40, '2017-07-28 00:00:00', 2);
INSERT INTO `Orders` (`OrderID`, `ShipperID`, `CustomerID`, `DateStarted`, `Quantity`) VALUES (28, 90, 42, '2017-06-30 00:00:00', 2);
INSERT INTO `Orders` (`OrderID`, `ShipperID`, `CustomerID`, `DateStarted`, `Quantity`) VALUES (29, 83, 29, '2016-09-10 00:00:00', 2);
INSERT INTO `Orders` (`OrderID`, `ShipperID`, `CustomerID`, `DateStarted`, `Quantity`) VALUES (30, 85, 28, '2015-11-20 00:00:00', 1);
INSERT INTO `Orders` (`OrderID`, `ShipperID`, `CustomerID`, `DateStarted`, `Quantity`) VALUES (31, 62, 49, '2017-07-23 00:00:00', 2);
INSERT INTO `Orders` (`OrderID`, `ShipperID`, `CustomerID`, `DateStarted`, `Quantity`) VALUES (32, 62, 2, '2016-10-28 00:00:00', 2);
INSERT INTO `Orders` (`OrderID`, `ShipperID`, `CustomerID`, `DateStarted`, `Quantity`) VALUES (33, 63, 6, '2015-12-17 00:00:00', 1);
INSERT INTO `Orders` (`OrderID`, `ShipperID`, `CustomerID`, `DateStarted`, `Quantity`) VALUES (34, 62, 30, '2017-06-11 00:00:00', 2);
INSERT INTO `Orders` (`OrderID`, `ShipperID`, `CustomerID`, `DateStarted`, `Quantity`) VALUES (35, 87, 22, '2017-06-25 00:00:00', 1);
INSERT INTO `Orders` (`OrderID`, `ShipperID`, `CustomerID`, `DateStarted`, `Quantity`) VALUES (36, 85, 9, '2016-12-01 00:00:00', 2);
INSERT INTO `Orders` (`OrderID`, `ShipperID`, `CustomerID`, `DateStarted`, `Quantity`) VALUES (37, 86, 33, '2016-08-13 00:00:00', 1);
INSERT INTO `Orders` (`OrderID`, `ShipperID`, `CustomerID`, `DateStarted`, `Quantity`) VALUES (38, 62, 21, '2016-03-24 00:00:00', 2);
INSERT INTO `Orders` (`OrderID`, `ShipperID`, `CustomerID`, `DateStarted`, `Quantity`) VALUES (39, 62, 27, '2015-11-11 00:00:00', 2);
INSERT INTO `Orders` (`OrderID`, `ShipperID`, `CustomerID`, `DateStarted`, `Quantity`) VALUES (40, 83, 31, '2016-11-12 00:00:00', 2);
INSERT INTO `Orders` (`OrderID`, `ShipperID`, `CustomerID`, `DateStarted`, `Quantity`) VALUES (41, 90, 38, '2017-04-30 00:00:00', 1);
INSERT INTO `Orders` (`OrderID`, `ShipperID`, `CustomerID`, `DateStarted`, `Quantity`) VALUES (42, 83, 48, '2015-12-12 00:00:00', 2);
INSERT INTO `Orders` (`OrderID`, `ShipperID`, `CustomerID`, `DateStarted`, `Quantity`) VALUES (43, 85, 50, '2017-08-15 00:00:00', 2);
INSERT INTO `Orders` (`OrderID`, `ShipperID`, `CustomerID`, `DateStarted`, `Quantity`) VALUES (44, 63, 42, '2016-03-10 00:00:00', 1);
INSERT INTO `Orders` (`OrderID`, `ShipperID`, `CustomerID`, `DateStarted`, `Quantity`) VALUES (45, 90, 3, '2016-01-23 00:00:00', 1);
INSERT INTO `Orders` (`OrderID`, `ShipperID`, `CustomerID`, `DateStarted`, `Quantity`) VALUES (46, 88, 3, '2015-09-24 00:00:00', 2);
INSERT INTO `Orders` (`OrderID`, `ShipperID`, `CustomerID`, `DateStarted`, `Quantity`) VALUES (47, 63, 51, '2016-09-08 00:00:00', 1);
INSERT INTO `Orders` (`OrderID`, `ShipperID`, `CustomerID`, `DateStarted`, `Quantity`) VALUES (48, 62, 6, '2017-02-06 00:00:00', 1);
INSERT INTO `Orders` (`OrderID`, `ShipperID`, `CustomerID`, `DateStarted`, `Quantity`) VALUES (49, 90, 2, '2016-08-03 00:00:00', 1);
INSERT INTO `Orders` (`OrderID`, `ShipperID`, `CustomerID`, `DateStarted`, `Quantity`) VALUES (50, 85, 50, '2016-10-16 00:00:00', 2);
INSERT INTO `Orders` (`OrderID`, `ShipperID`, `CustomerID`, `DateStarted`, `Quantity`) VALUES (51, 89, 39, '2016-02-10 00:00:00', 1);
INSERT INTO `Orders` (`OrderID`, `ShipperID`, `CustomerID`, `DateStarted`, `Quantity`) VALUES (52, 89, 41, '2015-12-05 00:00:00', 1);
INSERT INTO `Orders` (`OrderID`, `ShipperID`, `CustomerID`, `DateStarted`, `Quantity`) VALUES (53, 62, 37, '2017-01-14 00:00:00', 1);
INSERT INTO `Orders` (`OrderID`, `ShipperID`, `CustomerID`, `DateStarted`, `Quantity`) VALUES (54, 90, 3, '2017-09-05 00:00:00', 2);
INSERT INTO `Orders` (`OrderID`, `ShipperID`, `CustomerID`, `DateStarted`, `Quantity`) VALUES (55, 62, 2, '2015-10-26 00:00:00', 2);
INSERT INTO `Orders` (`OrderID`, `ShipperID`, `CustomerID`, `DateStarted`, `Quantity`) VALUES (56, 86, 12, '2015-09-24 00:00:00', 2);
INSERT INTO `Orders` (`OrderID`, `ShipperID`, `CustomerID`, `DateStarted`, `Quantity`) VALUES (57, 63, 32, '2016-03-18 00:00:00', 1);
INSERT INTO `Orders` (`OrderID`, `ShipperID`, `CustomerID`, `DateStarted`, `Quantity`) VALUES (58, 90, 10, '2017-04-14 00:00:00', 1);
INSERT INTO `Orders` (`OrderID`, `ShipperID`, `CustomerID`, `DateStarted`, `Quantity`) VALUES (59, 83, 28, '2016-01-07 00:00:00', 1);
INSERT INTO `Orders` (`OrderID`, `ShipperID`, `CustomerID`, `DateStarted`, `Quantity`) VALUES (60, 62, 43, '2017-04-11 00:00:00', 2);
INSERT INTO `Orders` (`OrderID`, `ShipperID`, `CustomerID`, `DateStarted`, `Quantity`) VALUES (61, 83, 42, '2017-04-03 00:00:00', 2);
INSERT INTO `Orders` (`OrderID`, `ShipperID`, `CustomerID`, `DateStarted`, `Quantity`) VALUES (62, 62, 31, '2016-01-19 00:00:00', 1);
INSERT INTO `Orders` (`OrderID`, `ShipperID`, `CustomerID`, `DateStarted`, `Quantity`) VALUES (63, 90, 12, '2017-07-30 00:00:00', 2);
INSERT INTO `Orders` (`OrderID`, `ShipperID`, `CustomerID`, `DateStarted`, `Quantity`) VALUES (64, 62, 39, '2016-02-01 00:00:00', 1);
INSERT INTO `Orders` (`OrderID`, `ShipperID`, `CustomerID`, `DateStarted`, `Quantity`) VALUES (65, 62, 54, '2017-03-30 00:00:00', 2);
INSERT INTO `Orders` (`OrderID`, `ShipperID`, `CustomerID`, `DateStarted`, `Quantity`) VALUES (66, 62, 31, '2017-08-29 00:00:00', 2);
INSERT INTO `Orders` (`OrderID`, `ShipperID`, `CustomerID`, `DateStarted`, `Quantity`) VALUES (67, 83, 53, '2016-06-08 00:00:00', 1);
INSERT INTO `Orders` (`OrderID`, `ShipperID`, `CustomerID`, `DateStarted`, `Quantity`) VALUES (68, 85, 28, '2016-01-21 00:00:00', 1);
INSERT INTO `Orders` (`OrderID`, `ShipperID`, `CustomerID`, `DateStarted`, `Quantity`) VALUES (69, 62, 28, '2017-01-26 00:00:00', 1);
INSERT INTO `Orders` (`OrderID`, `ShipperID`, `CustomerID`, `DateStarted`, `Quantity`) VALUES (70, 62, 28, '2017-02-11 00:00:00', 2);
INSERT INTO `Orders` (`OrderID`, `ShipperID`, `CustomerID`, `DateStarted`, `Quantity`) VALUES (71, 62, 43, '2016-04-22 00:00:00', 1);
INSERT INTO `Orders` (`OrderID`, `ShipperID`, `CustomerID`, `DateStarted`, `Quantity`) VALUES (72, 62, 3, '2016-02-21 00:00:00', 1);
INSERT INTO `Orders` (`OrderID`, `ShipperID`, `CustomerID`, `DateStarted`, `Quantity`) VALUES (73, 87, 14, '2017-02-10 00:00:00', 2);
INSERT INTO `Orders` (`OrderID`, `ShipperID`, `CustomerID`, `DateStarted`, `Quantity`) VALUES (74, 81, 12, '2016-09-09 00:00:00', 1);
INSERT INTO `Orders` (`OrderID`, `ShipperID`, `CustomerID`, `DateStarted`, `Quantity`) VALUES (75, 85, 28, '2017-02-18 00:00:00', 2);
INSERT INTO `Orders` (`OrderID`, `ShipperID`, `CustomerID`, `DateStarted`, `Quantity`) VALUES (76, 62, 39, '2016-02-01 00:00:00', 2);
INSERT INTO `Orders` (`OrderID`, `ShipperID`, `CustomerID`, `DateStarted`, `Quantity`) VALUES (77, 81, 51, '2015-12-09 00:00:00', 1);
INSERT INTO `Orders` (`OrderID`, `ShipperID`, `CustomerID`, `DateStarted`, `Quantity`) VALUES (78, 81, 8, '2016-02-29 00:00:00', 2);
INSERT INTO `Orders` (`OrderID`, `ShipperID`, `CustomerID`, `DateStarted`, `Quantity`) VALUES (79, 62, 42, '2017-06-22 00:00:00', 2);
INSERT INTO `Orders` (`OrderID`, `ShipperID`, `CustomerID`, `DateStarted`, `Quantity`) VALUES (80, 85, 19, '2016-01-17 00:00:00', 2);
INSERT INTO `Orders` (`OrderID`, `ShipperID`, `CustomerID`, `DateStarted`, `Quantity`) VALUES (81, 83, 17, '2016-09-26 00:00:00', 2);
INSERT INTO `Orders` (`OrderID`, `ShipperID`, `CustomerID`, `DateStarted`, `Quantity`) VALUES (82, 63, 33, '2015-11-28 00:00:00', 2);
INSERT INTO `Orders` (`OrderID`, `ShipperID`, `CustomerID`, `DateStarted`, `Quantity`) VALUES (83, 89, 38, '2016-06-10 00:00:00', 2);
INSERT INTO `Orders` (`OrderID`, `ShipperID`, `CustomerID`, `DateStarted`, `Quantity`) VALUES (84, 62, 28, '2016-12-27 00:00:00', 2);
INSERT INTO `Orders` (`OrderID`, `ShipperID`, `CustomerID`, `DateStarted`, `Quantity`) VALUES (85, 85, 34, '2017-07-08 00:00:00', 2);
INSERT INTO `Orders` (`OrderID`, `ShipperID`, `CustomerID`, `DateStarted`, `Quantity`) VALUES (86, 62, 52, '2015-09-23 00:00:00', 1);
INSERT INTO `Orders` (`OrderID`, `ShipperID`, `CustomerID`, `DateStarted`, `Quantity`) VALUES (87, 88, 14, '2016-12-31 00:00:00', 2);
INSERT INTO `Orders` (`OrderID`, `ShipperID`, `CustomerID`, `DateStarted`, `Quantity`) VALUES (88, 81, 28, '2016-06-08 00:00:00', 2);
INSERT INTO `Orders` (`OrderID`, `ShipperID`, `CustomerID`, `DateStarted`, `Quantity`) VALUES (89, 81, 51, '2016-08-05 00:00:00', 2);
INSERT INTO `Orders` (`OrderID`, `ShipperID`, `CustomerID`, `DateStarted`, `Quantity`) VALUES (90, 87, 28, '2015-11-02 00:00:00', 1);
INSERT INTO `Orders` (`OrderID`, `ShipperID`, `CustomerID`, `DateStarted`, `Quantity`) VALUES (91, 63, 6, '2017-07-23 00:00:00', 2);
INSERT INTO `Orders` (`OrderID`, `ShipperID`, `CustomerID`, `DateStarted`, `Quantity`) VALUES (92, 62, 31, '2017-04-10 00:00:00', 1);
INSERT INTO `Orders` (`OrderID`, `ShipperID`, `CustomerID`, `DateStarted`, `Quantity`) VALUES (93, 62, 28, '2016-01-01 00:00:00', 1);
INSERT INTO `Orders` (`OrderID`, `ShipperID`, `CustomerID`, `DateStarted`, `Quantity`) VALUES (94, 62, 23, '2016-03-28 00:00:00', 2);
INSERT INTO `Orders` (`OrderID`, `ShipperID`, `CustomerID`, `DateStarted`, `Quantity`) VALUES (95, 62, 50, '2016-02-01 00:00:00', 2);
INSERT INTO `Orders` (`OrderID`, `ShipperID`, `CustomerID`, `DateStarted`, `Quantity`) VALUES (96, 83, 39, '2016-05-02 00:00:00', 1);
INSERT INTO `Orders` (`OrderID`, `ShipperID`, `CustomerID`, `DateStarted`, `Quantity`) VALUES (97, 90, 28, '2016-07-20 00:00:00', 1);
INSERT INTO `Orders` (`OrderID`, `ShipperID`, `CustomerID`, `DateStarted`, `Quantity`) VALUES (98, 62, 1, '2015-10-10 00:00:00', 2);
INSERT INTO `Orders` (`OrderID`, `ShipperID`, `CustomerID`, `DateStarted`, `Quantity`) VALUES (99, 87, 11, '2016-09-24 00:00:00', 1);
INSERT INTO `Orders` (`OrderID`, `ShipperID`, `CustomerID`, `DateStarted`, `Quantity`) VALUES (100, 62, 24, '2016-03-30 00:00:00', 2);
INSERT INTO `Orders` (`OrderID`, `ShipperID`, `CustomerID`, `DateStarted`, `Quantity`) VALUES (101, 89, 17, '2016-12-10 00:00:00', 2);
INSERT INTO `Orders` (`OrderID`, `ShipperID`, `CustomerID`, `DateStarted`, `Quantity`) VALUES (102, 62, 42, '2016-08-30 00:00:00', 2);
INSERT INTO `Orders` (`OrderID`, `ShipperID`, `CustomerID`, `DateStarted`, `Quantity`) VALUES (103, 83, 28, '2016-01-13 00:00:00', 2);
INSERT INTO `Orders` (`OrderID`, `ShipperID`, `CustomerID`, `DateStarted`, `Quantity`) VALUES (104, 88, 19, '2016-02-17 00:00:00', 1);
INSERT INTO `Orders` (`OrderID`, `ShipperID`, `CustomerID`, `DateStarted`, `Quantity`) VALUES (105, 88, 50, '2016-11-02 00:00:00', 1);
INSERT INTO `Orders` (`OrderID`, `ShipperID`, `CustomerID`, `DateStarted`, `Quantity`) VALUES (106, 88, 33, '2016-09-24 00:00:00', 1);
INSERT INTO `Orders` (`OrderID`, `ShipperID`, `CustomerID`, `DateStarted`, `Quantity`) VALUES (107, 81, 39, '2016-01-01 00:00:00', 2);
INSERT INTO `Orders` (`OrderID`, `ShipperID`, `CustomerID`, `DateStarted`, `Quantity`) VALUES (108, 89, 26, '2017-08-25 00:00:00', 1);
INSERT INTO `Orders` (`OrderID`, `ShipperID`, `CustomerID`, `DateStarted`, `Quantity`) VALUES (109, 89, 10, '2016-05-12 00:00:00', 2);
INSERT INTO `Orders` (`OrderID`, `ShipperID`, `CustomerID`, `DateStarted`, `Quantity`) VALUES (110, 62, 40, '2015-11-30 00:00:00', 1);
INSERT INTO `Orders` (`OrderID`, `ShipperID`, `CustomerID`, `DateStarted`, `Quantity`) VALUES (111, 85, 14, '2015-10-23 00:00:00', 2);
INSERT INTO `Orders` (`OrderID`, `ShipperID`, `CustomerID`, `DateStarted`, `Quantity`) VALUES (112, 83, 6, '2017-08-05 00:00:00', 1);
INSERT INTO `Orders` (`OrderID`, `ShipperID`, `CustomerID`, `DateStarted`, `Quantity`) VALUES (113, 90, 50, '2017-01-15 00:00:00', 2);
INSERT INTO `Orders` (`OrderID`, `ShipperID`, `CustomerID`, `DateStarted`, `Quantity`) VALUES (114, 63, 7, '2015-09-18 00:00:00', 1);
INSERT INTO `Orders` (`OrderID`, `ShipperID`, `CustomerID`, `DateStarted`, `Quantity`) VALUES (115, 63, 26, '2016-06-05 00:00:00', 2);
INSERT INTO `Orders` (`OrderID`, `ShipperID`, `CustomerID`, `DateStarted`, `Quantity`) VALUES (116, 86, 42, '2015-12-10 00:00:00', 2);
INSERT INTO `Orders` (`OrderID`, `ShipperID`, `CustomerID`, `DateStarted`, `Quantity`) VALUES (117, 62, 18, '2016-07-25 00:00:00', 2);
INSERT INTO `Orders` (`OrderID`, `ShipperID`, `CustomerID`, `DateStarted`, `Quantity`) VALUES (118, 87, 43, '2016-04-08 00:00:00', 2);
INSERT INTO `Orders` (`OrderID`, `ShipperID`, `CustomerID`, `DateStarted`, `Quantity`) VALUES (119, 87, 32, '2016-12-04 00:00:00', 1);
INSERT INTO `Orders` (`OrderID`, `ShipperID`, `CustomerID`, `DateStarted`, `Quantity`) VALUES (120, 89, 8, '2017-05-31 00:00:00', 2);
INSERT INTO `Orders` (`OrderID`, `ShipperID`, `CustomerID`, `DateStarted`, `Quantity`) VALUES (121, 63, 28, '2016-03-17 00:00:00', 1);
INSERT INTO `Orders` (`OrderID`, `ShipperID`, `CustomerID`, `DateStarted`, `Quantity`) VALUES (122, 87, 42, '2017-09-03 00:00:00', 2);
INSERT INTO `Orders` (`OrderID`, `ShipperID`, `CustomerID`, `DateStarted`, `Quantity`) VALUES (123, 62, 28, '2017-01-04 00:00:00', 2);
INSERT INTO `Orders` (`OrderID`, `ShipperID`, `CustomerID`, `DateStarted`, `Quantity`) VALUES (124, 88, 26, '2017-06-25 00:00:00', 2);
INSERT INTO `Orders` (`OrderID`, `ShipperID`, `CustomerID`, `DateStarted`, `Quantity`) VALUES (125, 63, 16, '2016-11-09 00:00:00', 2);
INSERT INTO `Orders` (`OrderID`, `ShipperID`, `CustomerID`, `DateStarted`, `Quantity`) VALUES (126, 88, 40, '2016-05-13 00:00:00', 1);
INSERT INTO `Orders` (`OrderID`, `ShipperID`, `CustomerID`, `DateStarted`, `Quantity`) VALUES (127, 62, 42, '2016-08-06 00:00:00', 2);
INSERT INTO `Orders` (`OrderID`, `ShipperID`, `CustomerID`, `DateStarted`, `Quantity`) VALUES (128, 81, 17, '2016-06-11 00:00:00', 1);
INSERT INTO `Orders` (`OrderID`, `ShipperID`, `CustomerID`, `DateStarted`, `Quantity`) VALUES (129, 87, 29, '2017-09-09 00:00:00', 1);
INSERT INTO `Orders` (`OrderID`, `ShipperID`, `CustomerID`, `DateStarted`, `Quantity`) VALUES (130, 62, 28, '2017-06-05 00:00:00', 1);
INSERT INTO `Orders` (`OrderID`, `ShipperID`, `CustomerID`, `DateStarted`, `Quantity`) VALUES (131, 85, 30, '2015-12-02 00:00:00', 2);
INSERT INTO `Orders` (`OrderID`, `ShipperID`, `CustomerID`, `DateStarted`, `Quantity`) VALUES (132, 85, 50, '2016-10-25 00:00:00', 2);
INSERT INTO `Orders` (`OrderID`, `ShipperID`, `CustomerID`, `DateStarted`, `Quantity`) VALUES (133, 90, 28, '2017-04-26 00:00:00', 1);
INSERT INTO `Orders` (`OrderID`, `ShipperID`, `CustomerID`, `DateStarted`, `Quantity`) VALUES (134, 85, 17, '2016-01-16 00:00:00', 1);
INSERT INTO `Orders` (`OrderID`, `ShipperID`, `CustomerID`, `DateStarted`, `Quantity`) VALUES (135, 63, 8, '2016-01-28 00:00:00', 2);
INSERT INTO `Orders` (`OrderID`, `ShipperID`, `CustomerID`, `DateStarted`, `Quantity`) VALUES (136, 81, 22, '2017-05-23 00:00:00', 2);
INSERT INTO `Orders` (`OrderID`, `ShipperID`, `CustomerID`, `DateStarted`, `Quantity`) VALUES (137, 90, 39, '2017-07-12 00:00:00', 2);
INSERT INTO `Orders` (`OrderID`, `ShipperID`, `CustomerID`, `DateStarted`, `Quantity`) VALUES (138, 90, 50, '2017-01-22 00:00:00', 2);
INSERT INTO `Orders` (`OrderID`, `ShipperID`, `CustomerID`, `DateStarted`, `Quantity`) VALUES (139, 86, 43, '2017-02-25 00:00:00', 1);
INSERT INTO `Orders` (`OrderID`, `ShipperID`, `CustomerID`, `DateStarted`, `Quantity`) VALUES (140, 62, 4, '2017-07-14 00:00:00', 2);
INSERT INTO `Orders` (`OrderID`, `ShipperID`, `CustomerID`, `DateStarted`, `Quantity`) VALUES (141, 62, 3, '2016-02-21 00:00:00', 2);
INSERT INTO `Orders` (`OrderID`, `ShipperID`, `CustomerID`, `DateStarted`, `Quantity`) VALUES (142, 62, 34, '2017-05-13 00:00:00', 1);
INSERT INTO `Orders` (`OrderID`, `ShipperID`, `CustomerID`, `DateStarted`, `Quantity`) VALUES (143, 62, 8, '2017-05-23 00:00:00', 2);
INSERT INTO `Orders` (`OrderID`, `ShipperID`, `CustomerID`, `DateStarted`, `Quantity`) VALUES (144, 83, 38, '2016-02-17 00:00:00', 2);
INSERT INTO `Orders` (`OrderID`, `ShipperID`, `CustomerID`, `DateStarted`, `Quantity`) VALUES (145, 62, 14, '2017-05-14 00:00:00', 2);
INSERT INTO `Orders` (`OrderID`, `ShipperID`, `CustomerID`, `DateStarted`, `Quantity`) VALUES (146, 83, 2, '2016-01-19 00:00:00', 2);
INSERT INTO `Orders` (`OrderID`, `ShipperID`, `CustomerID`, `DateStarted`, `Quantity`) VALUES (147, 86, 9, '2015-12-10 00:00:00', 2);
INSERT INTO `Orders` (`OrderID`, `ShipperID`, `CustomerID`, `DateStarted`, `Quantity`) VALUES (148, 62, 28, '2017-03-17 00:00:00', 1);
INSERT INTO `Orders` (`OrderID`, `ShipperID`, `CustomerID`, `DateStarted`, `Quantity`) VALUES (149, 62, 42, '2017-04-14 00:00:00', 1);
INSERT INTO `Orders` (`OrderID`, `ShipperID`, `CustomerID`, `DateStarted`, `Quantity`) VALUES (150, 90, 20, '2017-01-02 00:00:00', 2);
INSERT INTO `Orders` (`OrderID`, `ShipperID`, `CustomerID`, `DateStarted`, `Quantity`) VALUES (151, 62, 28, '2015-10-06 00:00:00', 1);
INSERT INTO `Orders` (`OrderID`, `ShipperID`, `CustomerID`, `DateStarted`, `Quantity`) VALUES (152, 88, 26, '2016-05-25 00:00:00', 2);
INSERT INTO `Orders` (`OrderID`, `ShipperID`, `CustomerID`, `DateStarted`, `Quantity`) VALUES (153, 89, 14, '2015-10-20 00:00:00', 2);
INSERT INTO `Orders` (`OrderID`, `ShipperID`, `CustomerID`, `DateStarted`, `Quantity`) VALUES (154, 62, 35, '2015-11-18 00:00:00', 2);
INSERT INTO `Orders` (`OrderID`, `ShipperID`, `CustomerID`, `DateStarted`, `Quantity`) VALUES (155, 63, 50, '2016-01-17 00:00:00', 1);
INSERT INTO `Orders` (`OrderID`, `ShipperID`, `CustomerID`, `DateStarted`, `Quantity`) VALUES (156, 87, 25, '2017-04-05 00:00:00', 2);
INSERT INTO `Orders` (`OrderID`, `ShipperID`, `CustomerID`, `DateStarted`, `Quantity`) VALUES (157, 62, 39, '2016-03-03 00:00:00', 1);
INSERT INTO `Orders` (`OrderID`, `ShipperID`, `CustomerID`, `DateStarted`, `Quantity`) VALUES (158, 62, 36, '2016-02-12 00:00:00', 2);
INSERT INTO `Orders` (`OrderID`, `ShipperID`, `CustomerID`, `DateStarted`, `Quantity`) VALUES (159, 63, 32, '2016-02-05 00:00:00', 2);
INSERT INTO `Orders` (`OrderID`, `ShipperID`, `CustomerID`, `DateStarted`, `Quantity`) VALUES (160, 83, 28, '2017-03-06 00:00:00', 2);
INSERT INTO `Orders` (`OrderID`, `ShipperID`, `CustomerID`, `DateStarted`, `Quantity`) VALUES (161, 88, 37, '2015-12-31 00:00:00', 2);
INSERT INTO `Orders` (`OrderID`, `ShipperID`, `CustomerID`, `DateStarted`, `Quantity`) VALUES (162, 90, 35, '2015-10-26 00:00:00', 2);
INSERT INTO `Orders` (`OrderID`, `ShipperID`, `CustomerID`, `DateStarted`, `Quantity`) VALUES (163, 81, 19, '2015-10-17 00:00:00', 2);
INSERT INTO `Orders` (`OrderID`, `ShipperID`, `CustomerID`, `DateStarted`, `Quantity`) VALUES (164, 83, 30, '2017-01-01 00:00:00', 2);
INSERT INTO `Orders` (`OrderID`, `ShipperID`, `CustomerID`, `DateStarted`, `Quantity`) VALUES (165, 62, 12, '2017-04-28 00:00:00', 2);
INSERT INTO `Orders` (`OrderID`, `ShipperID`, `CustomerID`, `DateStarted`, `Quantity`) VALUES (166, 81, 49, '2016-12-04 00:00:00', 1);
INSERT INTO `Orders` (`OrderID`, `ShipperID`, `CustomerID`, `DateStarted`, `Quantity`) VALUES (167, 81, 24, '2016-07-12 00:00:00', 1);
INSERT INTO `Orders` (`OrderID`, `ShipperID`, `CustomerID`, `DateStarted`, `Quantity`) VALUES (168, 62, 21, '2017-04-07 00:00:00', 2);
INSERT INTO `Orders` (`OrderID`, `ShipperID`, `CustomerID`, `DateStarted`, `Quantity`) VALUES (169, 90, 54, '2016-06-04 00:00:00', 1);
INSERT INTO `Orders` (`OrderID`, `ShipperID`, `CustomerID`, `DateStarted`, `Quantity`) VALUES (170, 62, 31, '2016-11-16 00:00:00', 2);
INSERT INTO `Orders` (`OrderID`, `ShipperID`, `CustomerID`, `DateStarted`, `Quantity`) VALUES (171, 62, 28, '2017-01-24 00:00:00', 2);
INSERT INTO `Orders` (`OrderID`, `ShipperID`, `CustomerID`, `DateStarted`, `Quantity`) VALUES (172, 62, 23, '2016-01-13 00:00:00', 2);
INSERT INTO `Orders` (`OrderID`, `ShipperID`, `CustomerID`, `DateStarted`, `Quantity`) VALUES (173, 63, 42, '2015-11-16 00:00:00', 1);
INSERT INTO `Orders` (`OrderID`, `ShipperID`, `CustomerID`, `DateStarted`, `Quantity`) VALUES (174, 62, 39, '2016-10-16 00:00:00', 1);
INSERT INTO `Orders` (`OrderID`, `ShipperID`, `CustomerID`, `DateStarted`, `Quantity`) VALUES (175, 85, 22, '2016-12-11 00:00:00', 1);
INSERT INTO `Orders` (`OrderID`, `ShipperID`, `CustomerID`, `DateStarted`, `Quantity`) VALUES (176, 63, 5, '2016-11-24 00:00:00', 2);
INSERT INTO `Orders` (`OrderID`, `ShipperID`, `CustomerID`, `DateStarted`, `Quantity`) VALUES (177, 62, 10, '2016-06-19 00:00:00', 2);
INSERT INTO `Orders` (`OrderID`, `ShipperID`, `CustomerID`, `DateStarted`, `Quantity`) VALUES (178, 81, 8, '2016-02-15 00:00:00', 1);
INSERT INTO `Orders` (`OrderID`, `ShipperID`, `CustomerID`, `DateStarted`, `Quantity`) VALUES (179, 63, 28, '2016-10-25 00:00:00', 1);
INSERT INTO `Orders` (`OrderID`, `ShipperID`, `CustomerID`, `DateStarted`, `Quantity`) VALUES (180, 86, 28, '2017-03-04 00:00:00', 2);
INSERT INTO `Orders` (`OrderID`, `ShipperID`, `CustomerID`, `DateStarted`, `Quantity`) VALUES (181, 62, 28, '2016-12-07 00:00:00', 1);
INSERT INTO `Orders` (`OrderID`, `ShipperID`, `CustomerID`, `DateStarted`, `Quantity`) VALUES (182, 90, 14, '2016-11-21 00:00:00', 1);
INSERT INTO `Orders` (`OrderID`, `ShipperID`, `CustomerID`, `DateStarted`, `Quantity`) VALUES (183, 62, 50, '2016-07-15 00:00:00', 1);
INSERT INTO `Orders` (`OrderID`, `ShipperID`, `CustomerID`, `DateStarted`, `Quantity`) VALUES (184, 85, 24, '2016-01-12 00:00:00', 2);
INSERT INTO `Orders` (`OrderID`, `ShipperID`, `CustomerID`, `DateStarted`, `Quantity`) VALUES (185, 87, 42, '2015-11-19 00:00:00', 2);
INSERT INTO `Orders` (`OrderID`, `ShipperID`, `CustomerID`, `DateStarted`, `Quantity`) VALUES (186, 62, 9, '2017-01-03 00:00:00', 2);
INSERT INTO `Orders` (`OrderID`, `ShipperID`, `CustomerID`, `DateStarted`, `Quantity`) VALUES (187, 83, 10, '2016-04-03 00:00:00', 1);
INSERT INTO `Orders` (`OrderID`, `ShipperID`, `CustomerID`, `DateStarted`, `Quantity`) VALUES (188, 63, 12, '2016-08-07 00:00:00', 2);
INSERT INTO `Orders` (`OrderID`, `ShipperID`, `CustomerID`, `DateStarted`, `Quantity`) VALUES (189, 81, 27, '2017-06-16 00:00:00', 1);
INSERT INTO `Orders` (`OrderID`, `ShipperID`, `CustomerID`, `DateStarted`, `Quantity`) VALUES (190, 90, 22, '2017-09-06 00:00:00', 1);
INSERT INTO `Orders` (`OrderID`, `ShipperID`, `CustomerID`, `DateStarted`, `Quantity`) VALUES (191, 62, 42, '2017-01-13 00:00:00', 2);
INSERT INTO `Orders` (`OrderID`, `ShipperID`, `CustomerID`, `DateStarted`, `Quantity`) VALUES (192, 83, 11, '2017-06-05 00:00:00', 2);
INSERT INTO `Orders` (`OrderID`, `ShipperID`, `CustomerID`, `DateStarted`, `Quantity`) VALUES (193, 85, 10, '2016-01-31 00:00:00', 2);
INSERT INTO `Orders` (`OrderID`, `ShipperID`, `CustomerID`, `DateStarted`, `Quantity`) VALUES (194, 86, 42, '2017-01-03 00:00:00', 1);
INSERT INTO `Orders` (`OrderID`, `ShipperID`, `CustomerID`, `DateStarted`, `Quantity`) VALUES (195, 62, 17, '2016-05-06 00:00:00', 2);
INSERT INTO `Orders` (`OrderID`, `ShipperID`, `CustomerID`, `DateStarted`, `Quantity`) VALUES (196, 62, 18, '2015-11-23 00:00:00', 1);
INSERT INTO `Orders` (`OrderID`, `ShipperID`, `CustomerID`, `DateStarted`, `Quantity`) VALUES (197, 63, 12, '2016-07-30 00:00:00', 1);
INSERT INTO `Orders` (`OrderID`, `ShipperID`, `CustomerID`, `DateStarted`, `Quantity`) VALUES (198, 62, 28, '2017-08-23 00:00:00', 2);
INSERT INTO `Orders` (`OrderID`, `ShipperID`, `CustomerID`, `DateStarted`, `Quantity`) VALUES (199, 62, 53, '2016-05-08 00:00:00', 1);
INSERT INTO `Orders` (`OrderID`, `ShipperID`, `CustomerID`, `DateStarted`, `Quantity`) VALUES (200, 62, 6, '2015-10-06 00:00:00', 1);
INSERT INTO `Orders` (`OrderID`, `ShipperID`, `CustomerID`, `DateStarted`, `Quantity`) VALUES (201, 87, 26, '2015-11-01 00:00:00', 2);
INSERT INTO `Orders` (`OrderID`, `ShipperID`, `CustomerID`, `DateStarted`, `Quantity`) VALUES (202, 85, 14, '2016-03-13 00:00:00', 1);
INSERT INTO `Orders` (`OrderID`, `ShipperID`, `CustomerID`, `DateStarted`, `Quantity`) VALUES (203, 62, 42, '2016-10-03 00:00:00', 1);
INSERT INTO `Orders` (`OrderID`, `ShipperID`, `CustomerID`, `DateStarted`, `Quantity`) VALUES (204, 62, 18, '2016-08-09 00:00:00', 2);
INSERT INTO `Orders` (`OrderID`, `ShipperID`, `CustomerID`, `DateStarted`, `Quantity`) VALUES (205, 62, 28, '2016-10-11 00:00:00', 1);
INSERT INTO `Orders` (`OrderID`, `ShipperID`, `CustomerID`, `DateStarted`, `Quantity`) VALUES (206, 63, 23, '2015-12-30 00:00:00', 1);
INSERT INTO `Orders` (`OrderID`, `ShipperID`, `CustomerID`, `DateStarted`, `Quantity`) VALUES (207, 83, 34, '2017-01-05 00:00:00', 2);
INSERT INTO `Orders` (`OrderID`, `ShipperID`, `CustomerID`, `DateStarted`, `Quantity`) VALUES (208, 62, 7, '2016-01-20 00:00:00', 1);
INSERT INTO `Orders` (`OrderID`, `ShipperID`, `CustomerID`, `DateStarted`, `Quantity`) VALUES (209, 63, 33, '2016-04-21 00:00:00', 1);
INSERT INTO `Orders` (`OrderID`, `ShipperID`, `CustomerID`, `DateStarted`, `Quantity`) VALUES (210, 88, 41, '2016-03-21 00:00:00', 1);
INSERT INTO `Orders` (`OrderID`, `ShipperID`, `CustomerID`, `DateStarted`, `Quantity`) VALUES (211, 62, 15, '2016-11-11 00:00:00', 1);
INSERT INTO `Orders` (`OrderID`, `ShipperID`, `CustomerID`, `DateStarted`, `Quantity`) VALUES (212, 83, 42, '2016-04-22 00:00:00', 2);
INSERT INTO `Orders` (`OrderID`, `ShipperID`, `CustomerID`, `DateStarted`, `Quantity`) VALUES (213, 85, 21, '2017-06-24 00:00:00', 1);
INSERT INTO `Orders` (`OrderID`, `ShipperID`, `CustomerID`, `DateStarted`, `Quantity`) VALUES (214, 90, 12, '2015-10-25 00:00:00', 1);
INSERT INTO `Orders` (`OrderID`, `ShipperID`, `CustomerID`, `DateStarted`, `Quantity`) VALUES (215, 90, 34, '2016-04-18 00:00:00', 1);
INSERT INTO `Orders` (`OrderID`, `ShipperID`, `CustomerID`, `DateStarted`, `Quantity`) VALUES (216, 89, 23, '2016-04-21 00:00:00', 1);
INSERT INTO `Orders` (`OrderID`, `ShipperID`, `CustomerID`, `DateStarted`, `Quantity`) VALUES (217, 62, 50, '2015-09-22 00:00:00', 2);
INSERT INTO `Orders` (`OrderID`, `ShipperID`, `CustomerID`, `DateStarted`, `Quantity`) VALUES (218, 86, 28, '2015-12-26 00:00:00', 2);
INSERT INTO `Orders` (`OrderID`, `ShipperID`, `CustomerID`, `DateStarted`, `Quantity`) VALUES (219, 62, 38, '2017-02-26 00:00:00', 2);
INSERT INTO `Orders` (`OrderID`, `ShipperID`, `CustomerID`, `DateStarted`, `Quantity`) VALUES (220, 62, 28, '2016-09-24 00:00:00', 2);
INSERT INTO `Orders` (`OrderID`, `ShipperID`, `CustomerID`, `DateStarted`, `Quantity`) VALUES (221, 89, 20, '2016-01-30 00:00:00', 2);
INSERT INTO `Orders` (`OrderID`, `ShipperID`, `CustomerID`, `DateStarted`, `Quantity`) VALUES (222, 89, 5, '2015-11-18 00:00:00', 2);
INSERT INTO `Orders` (`OrderID`, `ShipperID`, `CustomerID`, `DateStarted`, `Quantity`) VALUES (223, 85, 3, '2016-09-06 00:00:00', 1);
INSERT INTO `Orders` (`OrderID`, `ShipperID`, `CustomerID`, `DateStarted`, `Quantity`) VALUES (224, 83, 50, '2017-02-24 00:00:00', 2);
INSERT INTO `Orders` (`OrderID`, `ShipperID`, `CustomerID`, `DateStarted`, `Quantity`) VALUES (225, 62, 5, '2015-12-01 00:00:00', 2);
INSERT INTO `Orders` (`OrderID`, `ShipperID`, `CustomerID`, `DateStarted`, `Quantity`) VALUES (226, 86, 38, '2016-04-26 00:00:00', 2);
INSERT INTO `Orders` (`OrderID`, `ShipperID`, `CustomerID`, `DateStarted`, `Quantity`) VALUES (227, 86, 42, '2016-07-18 00:00:00', 2);
INSERT INTO `Orders` (`OrderID`, `ShipperID`, `CustomerID`, `DateStarted`, `Quantity`) VALUES (228, 85, 33, '2016-05-18 00:00:00', 1);
INSERT INTO `Orders` (`OrderID`, `ShipperID`, `CustomerID`, `DateStarted`, `Quantity`) VALUES (229, 86, 19, '2017-08-19 00:00:00', 2);
INSERT INTO `Orders` (`OrderID`, `ShipperID`, `CustomerID`, `DateStarted`, `Quantity`) VALUES (230, 62, 21, '2016-10-03 00:00:00', 1);
INSERT INTO `Orders` (`OrderID`, `ShipperID`, `CustomerID`, `DateStarted`, `Quantity`) VALUES (231, 62, 42, '2016-11-08 00:00:00', 1);
INSERT INTO `Orders` (`OrderID`, `ShipperID`, `CustomerID`, `DateStarted`, `Quantity`) VALUES (232, 87, 9, '2017-04-10 00:00:00', 1);
INSERT INTO `Orders` (`OrderID`, `ShipperID`, `CustomerID`, `DateStarted`, `Quantity`) VALUES (233, 90, 49, '2016-06-23 00:00:00', 2);
INSERT INTO `Orders` (`OrderID`, `ShipperID`, `CustomerID`, `DateStarted`, `Quantity`) VALUES (234, 88, 22, '2016-08-27 00:00:00', 1);
INSERT INTO `Orders` (`OrderID`, `ShipperID`, `CustomerID`, `DateStarted`, `Quantity`) VALUES (235, 62, 28, '2016-05-08 00:00:00', 2);
INSERT INTO `Orders` (`OrderID`, `ShipperID`, `CustomerID`, `DateStarted`, `Quantity`) VALUES (236, 62, 50, '2016-01-02 00:00:00', 2);
INSERT INTO `Orders` (`OrderID`, `ShipperID`, `CustomerID`, `DateStarted`, `Quantity`) VALUES (237, 90, 5, '2017-07-18 00:00:00', 2);
INSERT INTO `Orders` (`OrderID`, `ShipperID`, `CustomerID`, `DateStarted`, `Quantity`) VALUES (238, 62, 54, '2016-04-10 00:00:00', 1);
INSERT INTO `Orders` (`OrderID`, `ShipperID`, `CustomerID`, `DateStarted`, `Quantity`) VALUES (239, 85, 39, '2017-05-23 00:00:00', 1);
INSERT INTO `Orders` (`OrderID`, `ShipperID`, `CustomerID`, `DateStarted`, `Quantity`) VALUES (240, 87, 9, '2016-06-05 00:00:00', 1);
INSERT INTO `Orders` (`OrderID`, `ShipperID`, `CustomerID`, `DateStarted`, `Quantity`) VALUES (241, 83, 17, '2016-04-11 00:00:00', 1);
INSERT INTO `Orders` (`OrderID`, `ShipperID`, `CustomerID`, `DateStarted`, `Quantity`) VALUES (242, 62, 22, '2017-06-01 00:00:00', 2);
INSERT INTO `Orders` (`OrderID`, `ShipperID`, `CustomerID`, `DateStarted`, `Quantity`) VALUES (243, 81, 4, '2015-09-17 00:00:00', 2);
INSERT INTO `Orders` (`OrderID`, `ShipperID`, `CustomerID`, `DateStarted`, `Quantity`) VALUES (244, 63, 50, '2017-05-08 00:00:00', 2);
INSERT INTO `Orders` (`OrderID`, `ShipperID`, `CustomerID`, `DateStarted`, `Quantity`) VALUES (245, 85, 49, '2017-06-06 00:00:00', 2);
INSERT INTO `Orders` (`OrderID`, `ShipperID`, `CustomerID`, `DateStarted`, `Quantity`) VALUES (246, 83, 15, '2016-07-12 00:00:00', 2);
INSERT INTO `Orders` (`OrderID`, `ShipperID`, `CustomerID`, `DateStarted`, `Quantity`) VALUES (247, 63, 28, '2016-09-16 00:00:00', 2);
INSERT INTO `Orders` (`OrderID`, `ShipperID`, `CustomerID`, `DateStarted`, `Quantity`) VALUES (248, 83, 17, '2016-11-14 00:00:00', 1);
INSERT INTO `Orders` (`OrderID`, `ShipperID`, `CustomerID`, `DateStarted`, `Quantity`) VALUES (249, 90, 38, '2017-06-01 00:00:00', 2);
INSERT INTO `Orders` (`OrderID`, `ShipperID`, `CustomerID`, `DateStarted`, `Quantity`) VALUES (250, 63, 1, '2017-01-21 00:00:00', 2);
INSERT INTO `Orders` (`OrderID`, `ShipperID`, `CustomerID`, `DateStarted`, `Quantity`) VALUES (251, 83, 19, '2017-05-12 00:00:00', 1);
INSERT INTO `Orders` (`OrderID`, `ShipperID`, `CustomerID`, `DateStarted`, `Quantity`) VALUES (252, 62, 28, '2016-08-29 00:00:00', 1);
INSERT INTO `Orders` (`OrderID`, `ShipperID`, `CustomerID`, `DateStarted`, `Quantity`) VALUES (253, 63, 41, '2017-08-31 00:00:00', 1);
INSERT INTO `Orders` (`OrderID`, `ShipperID`, `CustomerID`, `DateStarted`, `Quantity`) VALUES (254, 90, 52, '2017-06-01 00:00:00', 2);
INSERT INTO `Orders` (`OrderID`, `ShipperID`, `CustomerID`, `DateStarted`, `Quantity`) VALUES (255, 89, 39, '2017-07-30 00:00:00', 2);
INSERT INTO `Orders` (`OrderID`, `ShipperID`, `CustomerID`, `DateStarted`, `Quantity`) VALUES (256, 81, 10, '2016-10-05 00:00:00', 2);
INSERT INTO `Orders` (`OrderID`, `ShipperID`, `CustomerID`, `DateStarted`, `Quantity`) VALUES (257, 62, 27, '2017-07-06 00:00:00', 1);
INSERT INTO `Orders` (`OrderID`, `ShipperID`, `CustomerID`, `DateStarted`, `Quantity`) VALUES (258, 62, 38, '2016-09-30 00:00:00', 2);
INSERT INTO `Orders` (`OrderID`, `ShipperID`, `CustomerID`, `DateStarted`, `Quantity`) VALUES (259, 62, 42, '2017-05-08 00:00:00', 2);
INSERT INTO `Orders` (`OrderID`, `ShipperID`, `CustomerID`, `DateStarted`, `Quantity`) VALUES (260, 85, 27, '2016-01-09 00:00:00', 2);
INSERT INTO `Orders` (`OrderID`, `ShipperID`, `CustomerID`, `DateStarted`, `Quantity`) VALUES (261, 62, 53, '2017-04-19 00:00:00', 1);
INSERT INTO `Orders` (`OrderID`, `ShipperID`, `CustomerID`, `DateStarted`, `Quantity`) VALUES (262, 81, 16, '2016-03-08 00:00:00', 1);
INSERT INTO `Orders` (`OrderID`, `ShipperID`, `CustomerID`, `DateStarted`, `Quantity`) VALUES (263, 83, 26, '2016-07-30 00:00:00', 1);
INSERT INTO `Orders` (`OrderID`, `ShipperID`, `CustomerID`, `DateStarted`, `Quantity`) VALUES (264, 90, 38, '2016-05-21 00:00:00', 1);
INSERT INTO `Orders` (`OrderID`, `ShipperID`, `CustomerID`, `DateStarted`, `Quantity`) VALUES (265, 90, 36, '2016-01-14 00:00:00', 1);
INSERT INTO `Orders` (`OrderID`, `ShipperID`, `CustomerID`, `DateStarted`, `Quantity`) VALUES (266, 81, 29, '2017-05-31 00:00:00', 1);
INSERT INTO `Orders` (`OrderID`, `ShipperID`, `CustomerID`, `DateStarted`, `Quantity`) VALUES (267, 87, 10, '2017-02-20 00:00:00', 2);
INSERT INTO `Orders` (`OrderID`, `ShipperID`, `CustomerID`, `DateStarted`, `Quantity`) VALUES (268, 63, 40, '2017-02-09 00:00:00', 2);
INSERT INTO `Orders` (`OrderID`, `ShipperID`, `CustomerID`, `DateStarted`, `Quantity`) VALUES (269, 85, 28, '2016-08-13 00:00:00', 1);
INSERT INTO `Orders` (`OrderID`, `ShipperID`, `CustomerID`, `DateStarted`, `Quantity`) VALUES (270, 83, 13, '2017-02-18 00:00:00', 1);
INSERT INTO `Orders` (`OrderID`, `ShipperID`, `CustomerID`, `DateStarted`, `Quantity`) VALUES (271, 89, 28, '2017-06-20 00:00:00', 2);
INSERT INTO `Orders` (`OrderID`, `ShipperID`, `CustomerID`, `DateStarted`, `Quantity`) VALUES (272, 87, 30, '2015-09-17 00:00:00', 2);
INSERT INTO `Orders` (`OrderID`, `ShipperID`, `CustomerID`, `DateStarted`, `Quantity`) VALUES (273, 62, 50, '2017-07-27 00:00:00', 1);
INSERT INTO `Orders` (`OrderID`, `ShipperID`, `CustomerID`, `DateStarted`, `Quantity`) VALUES (274, 83, 27, '2016-11-25 00:00:00', 1);
INSERT INTO `Orders` (`OrderID`, `ShipperID`, `CustomerID`, `DateStarted`, `Quantity`) VALUES (275, 63, 50, '2016-06-23 00:00:00', 1);
INSERT INTO `Orders` (`OrderID`, `ShipperID`, `CustomerID`, `DateStarted`, `Quantity`) VALUES (276, 62, 37, '2016-01-17 00:00:00', 2);
INSERT INTO `Orders` (`OrderID`, `ShipperID`, `CustomerID`, `DateStarted`, `Quantity`) VALUES (277, 63, 28, '2017-06-13 00:00:00', 1);
INSERT INTO `Orders` (`OrderID`, `ShipperID`, `CustomerID`, `DateStarted`, `Quantity`) VALUES (278, 62, 9, '2015-11-08 00:00:00', 2);
INSERT INTO `Orders` (`OrderID`, `ShipperID`, `CustomerID`, `DateStarted`, `Quantity`) VALUES (279, 63, 15, '2016-06-01 00:00:00', 1);
INSERT INTO `Orders` (`OrderID`, `ShipperID`, `CustomerID`, `DateStarted`, `Quantity`) VALUES (280, 86, 29, '2017-03-26 00:00:00', 2);
INSERT INTO `Orders` (`OrderID`, `ShipperID`, `CustomerID`, `DateStarted`, `Quantity`) VALUES (281, 62, 22, '2015-12-21 00:00:00', 1);
INSERT INTO `Orders` (`OrderID`, `ShipperID`, `CustomerID`, `DateStarted`, `Quantity`) VALUES (282, 85, 4, '2017-03-04 00:00:00', 2);
INSERT INTO `Orders` (`OrderID`, `ShipperID`, `CustomerID`, `DateStarted`, `Quantity`) VALUES (283, 62, 31, '2017-08-27 00:00:00', 1);
INSERT INTO `Orders` (`OrderID`, `ShipperID`, `CustomerID`, `DateStarted`, `Quantity`) VALUES (284, 62, 7, '2017-09-14 00:00:00', 1);
INSERT INTO `Orders` (`OrderID`, `ShipperID`, `CustomerID`, `DateStarted`, `Quantity`) VALUES (285, 62, 10, '2017-01-30 00:00:00', 2);
INSERT INTO `Orders` (`OrderID`, `ShipperID`, `CustomerID`, `DateStarted`, `Quantity`) VALUES (286, 89, 23, '2017-08-06 00:00:00', 2);
INSERT INTO `Orders` (`OrderID`, `ShipperID`, `CustomerID`, `DateStarted`, `Quantity`) VALUES (287, 89, 54, '2016-02-06 00:00:00', 2);
INSERT INTO `Orders` (`OrderID`, `ShipperID`, `CustomerID`, `DateStarted`, `Quantity`) VALUES (288, 89, 21, '2016-11-01 00:00:00', 1);
INSERT INTO `Orders` (`OrderID`, `ShipperID`, `CustomerID`, `DateStarted`, `Quantity`) VALUES (289, 86, 28, '2017-08-12 00:00:00', 1);
INSERT INTO `Orders` (`OrderID`, `ShipperID`, `CustomerID`, `DateStarted`, `Quantity`) VALUES (290, 88, 27, '2016-10-05 00:00:00', 1);
INSERT INTO `Orders` (`OrderID`, `ShipperID`, `CustomerID`, `DateStarted`, `Quantity`) VALUES (291, 88, 42, '2017-05-13 00:00:00', 2);
INSERT INTO `Orders` (`OrderID`, `ShipperID`, `CustomerID`, `DateStarted`, `Quantity`) VALUES (292, 83, 34, '2017-05-16 00:00:00', 2);
INSERT INTO `Orders` (`OrderID`, `ShipperID`, `CustomerID`, `DateStarted`, `Quantity`) VALUES (293, 62, 42, '2017-04-30 00:00:00', 2);
INSERT INTO `Orders` (`OrderID`, `ShipperID`, `CustomerID`, `DateStarted`, `Quantity`) VALUES (294, 83, 21, '2016-08-04 00:00:00', 2);
INSERT INTO `Orders` (`OrderID`, `ShipperID`, `CustomerID`, `DateStarted`, `Quantity`) VALUES (295, 87, 17, '2016-04-30 00:00:00', 2);
INSERT INTO `Orders` (`OrderID`, `ShipperID`, `CustomerID`, `DateStarted`, `Quantity`) VALUES (296, 85, 42, '2015-09-16 00:00:00', 2);
INSERT INTO `Orders` (`OrderID`, `ShipperID`, `CustomerID`, `DateStarted`, `Quantity`) VALUES (297, 62, 51, '2015-11-24 00:00:00', 2);
INSERT INTO `Orders` (`OrderID`, `ShipperID`, `CustomerID`, `DateStarted`, `Quantity`) VALUES (298, 83, 25, '2017-04-17 00:00:00', 2);
INSERT INTO `Orders` (`OrderID`, `ShipperID`, `CustomerID`, `DateStarted`, `Quantity`) VALUES (299, 62, 41, '2015-11-08 00:00:00', 1);
INSERT INTO `Orders` (`OrderID`, `ShipperID`, `CustomerID`, `DateStarted`, `Quantity`) VALUES (300, 83, 2, '2017-05-22 00:00:00', 2);
INSERT INTO `Orders` (`OrderID`, `ShipperID`, `CustomerID`, `DateStarted`, `Quantity`) VALUES (301, 85, 23, '2016-04-28 00:00:00', 1);
INSERT INTO `Orders` (`OrderID`, `ShipperID`, `CustomerID`, `DateStarted`, `Quantity`) VALUES (302, 62, 27, '2015-12-25 00:00:00', 1);
INSERT INTO `Orders` (`OrderID`, `ShipperID`, `CustomerID`, `DateStarted`, `Quantity`) VALUES (303, 62, 53, '2017-03-22 00:00:00', 1);
INSERT INTO `Orders` (`OrderID`, `ShipperID`, `CustomerID`, `DateStarted`, `Quantity`) VALUES (304, 81, 18, '2017-02-17 00:00:00', 1);
INSERT INTO `Orders` (`OrderID`, `ShipperID`, `CustomerID`, `DateStarted`, `Quantity`) VALUES (305, 87, 19, '2015-09-23 00:00:00', 1);
INSERT INTO `Orders` (`OrderID`, `ShipperID`, `CustomerID`, `DateStarted`, `Quantity`) VALUES (306, 85, 22, '2016-12-03 00:00:00', 2);
INSERT INTO `Orders` (`OrderID`, `ShipperID`, `CustomerID`, `DateStarted`, `Quantity`) VALUES (307, 83, 50, '2017-01-09 00:00:00', 1);
INSERT INTO `Orders` (`OrderID`, `ShipperID`, `CustomerID`, `DateStarted`, `Quantity`) VALUES (308, 86, 29, '2017-08-15 00:00:00', 2);
INSERT INTO `Orders` (`OrderID`, `ShipperID`, `CustomerID`, `DateStarted`, `Quantity`) VALUES (309, 81, 17, '2015-11-02 00:00:00', 2);
INSERT INTO `Orders` (`OrderID`, `ShipperID`, `CustomerID`, `DateStarted`, `Quantity`) VALUES (310, 62, 9, '2016-11-18 00:00:00', 2);
INSERT INTO `Orders` (`OrderID`, `ShipperID`, `CustomerID`, `DateStarted`, `Quantity`) VALUES (311, 87, 15, '2017-06-02 00:00:00', 1);
INSERT INTO `Orders` (`OrderID`, `ShipperID`, `CustomerID`, `DateStarted`, `Quantity`) VALUES (312, 83, 50, '2016-06-12 00:00:00', 2);
INSERT INTO `Orders` (`OrderID`, `ShipperID`, `CustomerID`, `DateStarted`, `Quantity`) VALUES (313, 87, 39, '2016-01-16 00:00:00', 2);
INSERT INTO `Orders` (`OrderID`, `ShipperID`, `CustomerID`, `DateStarted`, `Quantity`) VALUES (314, 85, 28, '2017-09-12 00:00:00', 1);
INSERT INTO `Orders` (`OrderID`, `ShipperID`, `CustomerID`, `DateStarted`, `Quantity`) VALUES (315, 86, 28, '2017-08-29 00:00:00', 2);
INSERT INTO `Orders` (`OrderID`, `ShipperID`, `CustomerID`, `DateStarted`, `Quantity`) VALUES (316, 90, 37, '2016-02-06 00:00:00', 2);
INSERT INTO `Orders` (`OrderID`, `ShipperID`, `CustomerID`, `DateStarted`, `Quantity`) VALUES (317, 87, 4, '2016-04-28 00:00:00', 2);
INSERT INTO `Orders` (`OrderID`, `ShipperID`, `CustomerID`, `DateStarted`, `Quantity`) VALUES (318, 83, 33, '2016-06-29 00:00:00', 1);
INSERT INTO `Orders` (`OrderID`, `ShipperID`, `CustomerID`, `DateStarted`, `Quantity`) VALUES (319, 85, 54, '2015-11-09 00:00:00', 2);
INSERT INTO `Orders` (`OrderID`, `ShipperID`, `CustomerID`, `DateStarted`, `Quantity`) VALUES (320, 86, 17, '2016-11-15 00:00:00', 1);
INSERT INTO `Orders` (`OrderID`, `ShipperID`, `CustomerID`, `DateStarted`, `Quantity`) VALUES (321, 83, 26, '2017-02-13 00:00:00', 2);
INSERT INTO `Orders` (`OrderID`, `ShipperID`, `CustomerID`, `DateStarted`, `Quantity`) VALUES (322, 62, 50, '2016-02-23 00:00:00', 2);
INSERT INTO `Orders` (`OrderID`, `ShipperID`, `CustomerID`, `DateStarted`, `Quantity`) VALUES (323, 62, 34, '2016-07-22 00:00:00', 1);
INSERT INTO `Orders` (`OrderID`, `ShipperID`, `CustomerID`, `DateStarted`, `Quantity`) VALUES (324, 62, 9, '2016-10-22 00:00:00', 1);
INSERT INTO `Orders` (`OrderID`, `ShipperID`, `CustomerID`, `DateStarted`, `Quantity`) VALUES (325, 62, 13, '2016-07-20 00:00:00', 2);
INSERT INTO `Orders` (`OrderID`, `ShipperID`, `CustomerID`, `DateStarted`, `Quantity`) VALUES (326, 83, 28, '2016-08-08 00:00:00', 2);
INSERT INTO `Orders` (`OrderID`, `ShipperID`, `CustomerID`, `DateStarted`, `Quantity`) VALUES (327, 83, 2, '2016-10-25 00:00:00', 2);
INSERT INTO `Orders` (`OrderID`, `ShipperID`, `CustomerID`, `DateStarted`, `Quantity`) VALUES (328, 62, 15, '2015-11-04 00:00:00', 1);
INSERT INTO `Orders` (`OrderID`, `ShipperID`, `CustomerID`, `DateStarted`, `Quantity`) VALUES (329, 88, 6, '2017-01-23 00:00:00', 1);
INSERT INTO `Orders` (`OrderID`, `ShipperID`, `CustomerID`, `DateStarted`, `Quantity`) VALUES (330, 90, 1, '2016-05-21 00:00:00', 2);
INSERT INTO `Orders` (`OrderID`, `ShipperID`, `CustomerID`, `DateStarted`, `Quantity`) VALUES (331, 87, 17, '2017-03-03 00:00:00', 2);
INSERT INTO `Orders` (`OrderID`, `ShipperID`, `CustomerID`, `DateStarted`, `Quantity`) VALUES (332, 90, 41, '2017-03-02 00:00:00', 1);
INSERT INTO `Orders` (`OrderID`, `ShipperID`, `CustomerID`, `DateStarted`, `Quantity`) VALUES (333, 62, 8, '2017-05-29 00:00:00', 2);
INSERT INTO `Orders` (`OrderID`, `ShipperID`, `CustomerID`, `DateStarted`, `Quantity`) VALUES (334, 63, 42, '2016-04-15 00:00:00', 2);
INSERT INTO `Orders` (`OrderID`, `ShipperID`, `CustomerID`, `DateStarted`, `Quantity`) VALUES (335, 83, 10, '2017-07-04 00:00:00', 1);
INSERT INTO `Orders` (`OrderID`, `ShipperID`, `CustomerID`, `DateStarted`, `Quantity`) VALUES (336, 62, 50, '2017-02-06 00:00:00', 2);
INSERT INTO `Orders` (`OrderID`, `ShipperID`, `CustomerID`, `DateStarted`, `Quantity`) VALUES (337, 83, 20, '2015-10-21 00:00:00', 2);
INSERT INTO `Orders` (`OrderID`, `ShipperID`, `CustomerID`, `DateStarted`, `Quantity`) VALUES (338, 83, 22, '2016-09-29 00:00:00', 1);
INSERT INTO `Orders` (`OrderID`, `ShipperID`, `CustomerID`, `DateStarted`, `Quantity`) VALUES (339, 62, 7, '2017-06-22 00:00:00', 2);
INSERT INTO `Orders` (`OrderID`, `ShipperID`, `CustomerID`, `DateStarted`, `Quantity`) VALUES (340, 62, 50, '2016-12-17 00:00:00', 1);
INSERT INTO `Orders` (`OrderID`, `ShipperID`, `CustomerID`, `DateStarted`, `Quantity`) VALUES (341, 62, 19, '2017-05-25 00:00:00', 1);
INSERT INTO `Orders` (`OrderID`, `ShipperID`, `CustomerID`, `DateStarted`, `Quantity`) VALUES (342, 62, 41, '2015-12-11 00:00:00', 2);
INSERT INTO `Orders` (`OrderID`, `ShipperID`, `CustomerID`, `DateStarted`, `Quantity`) VALUES (343, 62, 10, '2016-06-02 00:00:00', 1);
INSERT INTO `Orders` (`OrderID`, `ShipperID`, `CustomerID`, `DateStarted`, `Quantity`) VALUES (344, 90, 10, '2015-11-01 00:00:00', 1);
INSERT INTO `Orders` (`OrderID`, `ShipperID`, `CustomerID`, `DateStarted`, `Quantity`) VALUES (345, 62, 49, '2016-11-17 00:00:00', 1);
INSERT INTO `Orders` (`OrderID`, `ShipperID`, `CustomerID`, `DateStarted`, `Quantity`) VALUES (346, 81, 13, '2017-06-11 00:00:00', 1);
INSERT INTO `Orders` (`OrderID`, `ShipperID`, `CustomerID`, `DateStarted`, `Quantity`) VALUES (347, 81, 34, '2016-03-20 00:00:00', 2);
INSERT INTO `Orders` (`OrderID`, `ShipperID`, `CustomerID`, `DateStarted`, `Quantity`) VALUES (348, 62, 12, '2017-05-10 00:00:00', 1);
INSERT INTO `Orders` (`OrderID`, `ShipperID`, `CustomerID`, `DateStarted`, `Quantity`) VALUES (349, 62, 21, '2016-10-21 00:00:00', 2);
INSERT INTO `Orders` (`OrderID`, `ShipperID`, `CustomerID`, `DateStarted`, `Quantity`) VALUES (350, 62, 42, '2016-02-23 00:00:00', 1);
INSERT INTO `Orders` (`OrderID`, `ShipperID`, `CustomerID`, `DateStarted`, `Quantity`) VALUES (351, 88, 18, '2017-08-01 00:00:00', 2);
INSERT INTO `Orders` (`OrderID`, `ShipperID`, `CustomerID`, `DateStarted`, `Quantity`) VALUES (352, 63, 17, '2016-05-02 00:00:00', 1);
INSERT INTO `Orders` (`OrderID`, `ShipperID`, `CustomerID`, `DateStarted`, `Quantity`) VALUES (353, 62, 28, '2016-11-23 00:00:00', 1);
INSERT INTO `Orders` (`OrderID`, `ShipperID`, `CustomerID`, `DateStarted`, `Quantity`) VALUES (354, 88, 6, '2016-06-08 00:00:00', 2);
INSERT INTO `Orders` (`OrderID`, `ShipperID`, `CustomerID`, `DateStarted`, `Quantity`) VALUES (355, 90, 48, '2016-07-06 00:00:00', 1);
INSERT INTO `Orders` (`OrderID`, `ShipperID`, `CustomerID`, `DateStarted`, `Quantity`) VALUES (356, 87, 33, '2016-04-01 00:00:00', 1);
INSERT INTO `Orders` (`OrderID`, `ShipperID`, `CustomerID`, `DateStarted`, `Quantity`) VALUES (357, 87, 33, '2015-10-19 00:00:00', 1);
INSERT INTO `Orders` (`OrderID`, `ShipperID`, `CustomerID`, `DateStarted`, `Quantity`) VALUES (358, 83, 22, '2016-11-25 00:00:00', 2);
INSERT INTO `Orders` (`OrderID`, `ShipperID`, `CustomerID`, `DateStarted`, `Quantity`) VALUES (359, 88, 43, '2017-06-17 00:00:00', 2);
INSERT INTO `Orders` (`OrderID`, `ShipperID`, `CustomerID`, `DateStarted`, `Quantity`) VALUES (360, 85, 30, '2016-08-03 00:00:00', 1);
INSERT INTO `Orders` (`OrderID`, `ShipperID`, `CustomerID`, `DateStarted`, `Quantity`) VALUES (361, 62, 11, '2017-01-02 00:00:00', 2);
INSERT INTO `Orders` (`OrderID`, `ShipperID`, `CustomerID`, `DateStarted`, `Quantity`) VALUES (362, 83, 32, '2017-05-19 00:00:00', 1);
INSERT INTO `Orders` (`OrderID`, `ShipperID`, `CustomerID`, `DateStarted`, `Quantity`) VALUES (363, 62, 1, '2016-05-18 00:00:00', 2);
INSERT INTO `Orders` (`OrderID`, `ShipperID`, `CustomerID`, `DateStarted`, `Quantity`) VALUES (364, 87, 39, '2016-05-01 00:00:00', 2);
INSERT INTO `Orders` (`OrderID`, `ShipperID`, `CustomerID`, `DateStarted`, `Quantity`) VALUES (365, 62, 41, '2016-09-18 00:00:00', 1);
INSERT INTO `Orders` (`OrderID`, `ShipperID`, `CustomerID`, `DateStarted`, `Quantity`) VALUES (366, 63, 10, '2015-12-05 00:00:00', 1);
INSERT INTO `Orders` (`OrderID`, `ShipperID`, `CustomerID`, `DateStarted`, `Quantity`) VALUES (367, 83, 17, '2016-11-04 00:00:00', 2);
INSERT INTO `Orders` (`OrderID`, `ShipperID`, `CustomerID`, `DateStarted`, `Quantity`) VALUES (368, 63, 37, '2015-11-09 00:00:00', 1);
INSERT INTO `Orders` (`OrderID`, `ShipperID`, `CustomerID`, `DateStarted`, `Quantity`) VALUES (369, 83, 31, '2016-01-04 00:00:00', 1);
INSERT INTO `Orders` (`OrderID`, `ShipperID`, `CustomerID`, `DateStarted`, `Quantity`) VALUES (370, 89, 28, '2017-08-18 00:00:00', 1);
INSERT INTO `Orders` (`OrderID`, `ShipperID`, `CustomerID`, `DateStarted`, `Quantity`) VALUES (371, 63, 25, '2017-07-11 00:00:00', 2);
INSERT INTO `Orders` (`OrderID`, `ShipperID`, `CustomerID`, `DateStarted`, `Quantity`) VALUES (372, 63, 52, '2016-04-30 00:00:00', 1);
INSERT INTO `Orders` (`OrderID`, `ShipperID`, `CustomerID`, `DateStarted`, `Quantity`) VALUES (373, 62, 7, '2017-06-21 00:00:00', 1);
INSERT INTO `Orders` (`OrderID`, `ShipperID`, `CustomerID`, `DateStarted`, `Quantity`) VALUES (374, 62, 14, '2016-07-27 00:00:00', 1);
INSERT INTO `Orders` (`OrderID`, `ShipperID`, `CustomerID`, `DateStarted`, `Quantity`) VALUES (375, 90, 31, '2017-06-23 00:00:00', 2);
INSERT INTO `Orders` (`OrderID`, `ShipperID`, `CustomerID`, `DateStarted`, `Quantity`) VALUES (376, 86, 37, '2016-12-01 00:00:00', 1);
INSERT INTO `Orders` (`OrderID`, `ShipperID`, `CustomerID`, `DateStarted`, `Quantity`) VALUES (377, 89, 28, '2016-06-21 00:00:00', 1);
INSERT INTO `Orders` (`OrderID`, `ShipperID`, `CustomerID`, `DateStarted`, `Quantity`) VALUES (378, 87, 42, '2017-02-22 00:00:00', 1);
INSERT INTO `Orders` (`OrderID`, `ShipperID`, `CustomerID`, `DateStarted`, `Quantity`) VALUES (379, 90, 2, '2015-10-08 00:00:00', 2);
INSERT INTO `Orders` (`OrderID`, `ShipperID`, `CustomerID`, `DateStarted`, `Quantity`) VALUES (380, 85, 1, '2017-05-25 00:00:00', 2);
INSERT INTO `Orders` (`OrderID`, `ShipperID`, `CustomerID`, `DateStarted`, `Quantity`) VALUES (381, 83, 30, '2016-05-09 00:00:00', 1);
INSERT INTO `Orders` (`OrderID`, `ShipperID`, `CustomerID`, `DateStarted`, `Quantity`) VALUES (382, 83, 4, '2017-02-04 00:00:00', 2);
INSERT INTO `Orders` (`OrderID`, `ShipperID`, `CustomerID`, `DateStarted`, `Quantity`) VALUES (383, 89, 14, '2017-03-01 00:00:00', 1);
INSERT INTO `Orders` (`OrderID`, `ShipperID`, `CustomerID`, `DateStarted`, `Quantity`) VALUES (384, 62, 49, '2016-04-25 00:00:00', 1);
INSERT INTO `Orders` (`OrderID`, `ShipperID`, `CustomerID`, `DateStarted`, `Quantity`) VALUES (385, 62, 14, '2016-06-28 00:00:00', 1);
INSERT INTO `Orders` (`OrderID`, `ShipperID`, `CustomerID`, `DateStarted`, `Quantity`) VALUES (386, 62, 28, '2016-07-09 00:00:00', 2);
INSERT INTO `Orders` (`OrderID`, `ShipperID`, `CustomerID`, `DateStarted`, `Quantity`) VALUES (387, 62, 35, '2016-07-08 00:00:00', 2);
INSERT INTO `Orders` (`OrderID`, `ShipperID`, `CustomerID`, `DateStarted`, `Quantity`) VALUES (388, 89, 34, '2016-07-20 00:00:00', 1);
INSERT INTO `Orders` (`OrderID`, `ShipperID`, `CustomerID`, `DateStarted`, `Quantity`) VALUES (389, 62, 28, '2016-10-21 00:00:00', 1);
INSERT INTO `Orders` (`OrderID`, `ShipperID`, `CustomerID`, `DateStarted`, `Quantity`) VALUES (390, 62, 49, '2017-08-02 00:00:00', 2);
INSERT INTO `Orders` (`OrderID`, `ShipperID`, `CustomerID`, `DateStarted`, `Quantity`) VALUES (391, 90, 28, '2015-12-16 00:00:00', 1);
INSERT INTO `Orders` (`OrderID`, `ShipperID`, `CustomerID`, `DateStarted`, `Quantity`) VALUES (392, 85, 34, '2015-10-07 00:00:00', 2);
INSERT INTO `Orders` (`OrderID`, `ShipperID`, `CustomerID`, `DateStarted`, `Quantity`) VALUES (393, 62, 28, '2016-10-14 00:00:00', 1);
INSERT INTO `Orders` (`OrderID`, `ShipperID`, `CustomerID`, `DateStarted`, `Quantity`) VALUES (394, 81, 4, '2017-02-02 00:00:00', 2);
INSERT INTO `Orders` (`OrderID`, `ShipperID`, `CustomerID`, `DateStarted`, `Quantity`) VALUES (395, 62, 38, '2016-04-20 00:00:00', 2);
INSERT INTO `Orders` (`OrderID`, `ShipperID`, `CustomerID`, `DateStarted`, `Quantity`) VALUES (396, 88, 49, '2016-10-11 00:00:00', 1);
INSERT INTO `Orders` (`OrderID`, `ShipperID`, `CustomerID`, `DateStarted`, `Quantity`) VALUES (397, 81, 52, '2016-04-26 00:00:00', 1);
INSERT INTO `Orders` (`OrderID`, `ShipperID`, `CustomerID`, `DateStarted`, `Quantity`) VALUES (398, 85, 23, '2016-09-26 00:00:00', 1);
INSERT INTO `Orders` (`OrderID`, `ShipperID`, `CustomerID`, `DateStarted`, `Quantity`) VALUES (399, 88, 1, '2016-01-13 00:00:00', 2);
INSERT INTO `Orders` (`OrderID`, `ShipperID`, `CustomerID`, `DateStarted`, `Quantity`) VALUES (400, 62, 28, '2016-04-23 00:00:00', 1);
INSERT INTO `Orders` (`OrderID`, `ShipperID`, `CustomerID`, `DateStarted`, `Quantity`) VALUES (401, 62, 38, '2017-07-17 00:00:00', 2);
INSERT INTO `Orders` (`OrderID`, `ShipperID`, `CustomerID`, `DateStarted`, `Quantity`) VALUES (402, 85, 37, '2016-04-09 00:00:00', 1);
INSERT INTO `Orders` (`OrderID`, `ShipperID`, `CustomerID`, `DateStarted`, `Quantity`) VALUES (403, 88, 40, '2016-06-18 00:00:00', 1);
INSERT INTO `Orders` (`OrderID`, `ShipperID`, `CustomerID`, `DateStarted`, `Quantity`) VALUES (404, 88, 28, '2017-04-18 00:00:00', 1);
INSERT INTO `Orders` (`OrderID`, `ShipperID`, `CustomerID`, `DateStarted`, `Quantity`) VALUES (405, 62, 15, '2017-08-16 00:00:00', 2);
INSERT INTO `Orders` (`OrderID`, `ShipperID`, `CustomerID`, `DateStarted`, `Quantity`) VALUES (406, 62, 36, '2015-10-13 00:00:00', 1);
INSERT INTO `Orders` (`OrderID`, `ShipperID`, `CustomerID`, `DateStarted`, `Quantity`) VALUES (407, 83, 39, '2016-05-22 00:00:00', 2);
INSERT INTO `Orders` (`OrderID`, `ShipperID`, `CustomerID`, `DateStarted`, `Quantity`) VALUES (408, 85, 31, '2015-11-25 00:00:00', 1);
INSERT INTO `Orders` (`OrderID`, `ShipperID`, `CustomerID`, `DateStarted`, `Quantity`) VALUES (409, 87, 7, '2017-01-03 00:00:00', 1);
INSERT INTO `Orders` (`OrderID`, `ShipperID`, `CustomerID`, `DateStarted`, `Quantity`) VALUES (410, 63, 34, '2016-07-14 00:00:00', 2);
INSERT INTO `Orders` (`OrderID`, `ShipperID`, `CustomerID`, `DateStarted`, `Quantity`) VALUES (411, 63, 33, '2016-12-31 00:00:00', 1);
INSERT INTO `Orders` (`OrderID`, `ShipperID`, `CustomerID`, `DateStarted`, `Quantity`) VALUES (412, 83, 50, '2016-08-02 00:00:00', 1);
INSERT INTO `Orders` (`OrderID`, `ShipperID`, `CustomerID`, `DateStarted`, `Quantity`) VALUES (413, 63, 42, '2016-02-21 00:00:00', 2);
INSERT INTO `Orders` (`OrderID`, `ShipperID`, `CustomerID`, `DateStarted`, `Quantity`) VALUES (414, 90, 42, '2017-03-03 00:00:00', 2);
INSERT INTO `Orders` (`OrderID`, `ShipperID`, `CustomerID`, `DateStarted`, `Quantity`) VALUES (415, 85, 28, '2016-09-25 00:00:00', 1);
INSERT INTO `Orders` (`OrderID`, `ShipperID`, `CustomerID`, `DateStarted`, `Quantity`) VALUES (416, 62, 8, '2017-09-15 00:00:00', 1);
INSERT INTO `Orders` (`OrderID`, `ShipperID`, `CustomerID`, `DateStarted`, `Quantity`) VALUES (417, 89, 22, '2016-08-31 00:00:00', 1);
INSERT INTO `Orders` (`OrderID`, `ShipperID`, `CustomerID`, `DateStarted`, `Quantity`) VALUES (418, 87, 36, '2016-05-06 00:00:00', 1);
INSERT INTO `Orders` (`OrderID`, `ShipperID`, `CustomerID`, `DateStarted`, `Quantity`) VALUES (419, 83, 15, '2016-11-17 00:00:00', 2);
INSERT INTO `Orders` (`OrderID`, `ShipperID`, `CustomerID`, `DateStarted`, `Quantity`) VALUES (420, 86, 4, '2016-05-08 00:00:00', 1);
INSERT INTO `Orders` (`OrderID`, `ShipperID`, `CustomerID`, `DateStarted`, `Quantity`) VALUES (421, 63, 17, '2016-11-12 00:00:00', 1);
INSERT INTO `Orders` (`OrderID`, `ShipperID`, `CustomerID`, `DateStarted`, `Quantity`) VALUES (422, 83, 5, '2015-10-14 00:00:00', 1);
INSERT INTO `Orders` (`OrderID`, `ShipperID`, `CustomerID`, `DateStarted`, `Quantity`) VALUES (423, 81, 5, '2017-04-07 00:00:00', 1);
INSERT INTO `Orders` (`OrderID`, `ShipperID`, `CustomerID`, `DateStarted`, `Quantity`) VALUES (424, 83, 11, '2017-06-27 00:00:00', 1);
INSERT INTO `Orders` (`OrderID`, `ShipperID`, `CustomerID`, `DateStarted`, `Quantity`) VALUES (425, 62, 22, '2016-06-29 00:00:00', 2);
INSERT INTO `Orders` (`OrderID`, `ShipperID`, `CustomerID`, `DateStarted`, `Quantity`) VALUES (426, 83, 43, '2016-10-13 00:00:00', 1);
INSERT INTO `Orders` (`OrderID`, `ShipperID`, `CustomerID`, `DateStarted`, `Quantity`) VALUES (427, 86, 28, '2016-07-01 00:00:00', 2);
INSERT INTO `Orders` (`OrderID`, `ShipperID`, `CustomerID`, `DateStarted`, `Quantity`) VALUES (428, 62, 50, '2017-05-03 00:00:00', 1);
INSERT INTO `Orders` (`OrderID`, `ShipperID`, `CustomerID`, `DateStarted`, `Quantity`) VALUES (429, 62, 23, '2016-12-18 00:00:00', 2);
INSERT INTO `Orders` (`OrderID`, `ShipperID`, `CustomerID`, `DateStarted`, `Quantity`) VALUES (430, 62, 52, '2017-07-17 00:00:00', 1);
INSERT INTO `Orders` (`OrderID`, `ShipperID`, `CustomerID`, `DateStarted`, `Quantity`) VALUES (431, 63, 17, '2017-06-10 00:00:00', 1);
INSERT INTO `Orders` (`OrderID`, `ShipperID`, `CustomerID`, `DateStarted`, `Quantity`) VALUES (432, 85, 21, '2017-07-15 00:00:00', 1);
INSERT INTO `Orders` (`OrderID`, `ShipperID`, `CustomerID`, `DateStarted`, `Quantity`) VALUES (433, 85, 14, '2017-01-29 00:00:00', 1);
INSERT INTO `Orders` (`OrderID`, `ShipperID`, `CustomerID`, `DateStarted`, `Quantity`) VALUES (434, 85, 35, '2017-07-18 00:00:00', 1);
INSERT INTO `Orders` (`OrderID`, `ShipperID`, `CustomerID`, `DateStarted`, `Quantity`) VALUES (435, 62, 9, '2016-12-17 00:00:00', 2);
INSERT INTO `Orders` (`OrderID`, `ShipperID`, `CustomerID`, `DateStarted`, `Quantity`) VALUES (436, 62, 10, '2016-08-29 00:00:00', 1);
INSERT INTO `Orders` (`OrderID`, `ShipperID`, `CustomerID`, `DateStarted`, `Quantity`) VALUES (437, 88, 17, '2016-09-01 00:00:00', 1);
INSERT INTO `Orders` (`OrderID`, `ShipperID`, `CustomerID`, `DateStarted`, `Quantity`) VALUES (438, 85, 22, '2017-01-16 00:00:00', 1);
INSERT INTO `Orders` (`OrderID`, `ShipperID`, `CustomerID`, `DateStarted`, `Quantity`) VALUES (439, 81, 28, '2017-01-20 00:00:00', 1);
INSERT INTO `Orders` (`OrderID`, `ShipperID`, `CustomerID`, `DateStarted`, `Quantity`) VALUES (440, 62, 51, '2016-05-22 00:00:00', 2);
INSERT INTO `Orders` (`OrderID`, `ShipperID`, `CustomerID`, `DateStarted`, `Quantity`) VALUES (441, 62, 48, '2016-05-25 00:00:00', 2);
INSERT INTO `Orders` (`OrderID`, `ShipperID`, `CustomerID`, `DateStarted`, `Quantity`) VALUES (442, 83, 50, '2016-12-17 00:00:00', 1);
INSERT INTO `Orders` (`OrderID`, `ShipperID`, `CustomerID`, `DateStarted`, `Quantity`) VALUES (443, 90, 6, '2016-08-24 00:00:00', 2);
INSERT INTO `Orders` (`OrderID`, `ShipperID`, `CustomerID`, `DateStarted`, `Quantity`) VALUES (444, 88, 38, '2017-06-18 00:00:00', 1);
INSERT INTO `Orders` (`OrderID`, `ShipperID`, `CustomerID`, `DateStarted`, `Quantity`) VALUES (445, 89, 34, '2015-10-31 00:00:00', 2);
INSERT INTO `Orders` (`OrderID`, `ShipperID`, `CustomerID`, `DateStarted`, `Quantity`) VALUES (446, 62, 31, '2015-10-18 00:00:00', 1);
INSERT INTO `Orders` (`OrderID`, `ShipperID`, `CustomerID`, `DateStarted`, `Quantity`) VALUES (447, 62, 17, '2016-08-24 00:00:00', 2);
INSERT INTO `Orders` (`OrderID`, `ShipperID`, `CustomerID`, `DateStarted`, `Quantity`) VALUES (448, 90, 50, '2016-03-14 00:00:00', 1);
INSERT INTO `Orders` (`OrderID`, `ShipperID`, `CustomerID`, `DateStarted`, `Quantity`) VALUES (449, 62, 8, '2017-07-06 00:00:00', 2);
INSERT INTO `Orders` (`OrderID`, `ShipperID`, `CustomerID`, `DateStarted`, `Quantity`) VALUES (450, 81, 50, '2017-03-05 00:00:00', 2);
INSERT INTO `Orders` (`OrderID`, `ShipperID`, `CustomerID`, `DateStarted`, `Quantity`) VALUES (451, 81, 27, '2017-06-02 00:00:00', 2);
INSERT INTO `Orders` (`OrderID`, `ShipperID`, `CustomerID`, `DateStarted`, `Quantity`) VALUES (452, 83, 28, '2016-10-16 00:00:00', 1);
INSERT INTO `Orders` (`OrderID`, `ShipperID`, `CustomerID`, `DateStarted`, `Quantity`) VALUES (453, 62, 3, '2015-10-29 00:00:00', 2);
INSERT INTO `Orders` (`OrderID`, `ShipperID`, `CustomerID`, `DateStarted`, `Quantity`) VALUES (454, 62, 23, '2016-08-16 00:00:00', 1);
INSERT INTO `Orders` (`OrderID`, `ShipperID`, `CustomerID`, `DateStarted`, `Quantity`) VALUES (455, 86, 24, '2016-02-05 00:00:00', 2);
INSERT INTO `Orders` (`OrderID`, `ShipperID`, `CustomerID`, `DateStarted`, `Quantity`) VALUES (456, 83, 38, '2016-02-22 00:00:00', 1);
INSERT INTO `Orders` (`OrderID`, `ShipperID`, `CustomerID`, `DateStarted`, `Quantity`) VALUES (457, 89, 38, '2016-06-10 00:00:00', 2);
INSERT INTO `Orders` (`OrderID`, `ShipperID`, `CustomerID`, `DateStarted`, `Quantity`) VALUES (458, 81, 34, '2016-03-29 00:00:00', 2);
INSERT INTO `Orders` (`OrderID`, `ShipperID`, `CustomerID`, `DateStarted`, `Quantity`) VALUES (459, 83, 30, '2017-08-24 00:00:00', 2);
INSERT INTO `Orders` (`OrderID`, `ShipperID`, `CustomerID`, `DateStarted`, `Quantity`) VALUES (460, 62, 33, '2017-01-17 00:00:00', 1);
INSERT INTO `Orders` (`OrderID`, `ShipperID`, `CustomerID`, `DateStarted`, `Quantity`) VALUES (461, 62, 13, '2016-08-03 00:00:00', 2);
INSERT INTO `Orders` (`OrderID`, `ShipperID`, `CustomerID`, `DateStarted`, `Quantity`) VALUES (462, 83, 17, '2016-04-12 00:00:00', 2);
INSERT INTO `Orders` (`OrderID`, `ShipperID`, `CustomerID`, `DateStarted`, `Quantity`) VALUES (463, 63, 34, '2015-11-21 00:00:00', 2);
INSERT INTO `Orders` (`OrderID`, `ShipperID`, `CustomerID`, `DateStarted`, `Quantity`) VALUES (464, 63, 17, '2017-03-19 00:00:00', 2);
INSERT INTO `Orders` (`OrderID`, `ShipperID`, `CustomerID`, `DateStarted`, `Quantity`) VALUES (465, 86, 42, '2017-07-25 00:00:00', 2);
INSERT INTO `Orders` (`OrderID`, `ShipperID`, `CustomerID`, `DateStarted`, `Quantity`) VALUES (466, 85, 10, '2016-06-03 00:00:00', 1);
INSERT INTO `Orders` (`OrderID`, `ShipperID`, `CustomerID`, `DateStarted`, `Quantity`) VALUES (467, 62, 33, '2017-05-15 00:00:00', 1);
INSERT INTO `Orders` (`OrderID`, `ShipperID`, `CustomerID`, `DateStarted`, `Quantity`) VALUES (468, 86, 17, '2016-04-21 00:00:00', 1);
INSERT INTO `Orders` (`OrderID`, `ShipperID`, `CustomerID`, `DateStarted`, `Quantity`) VALUES (469, 62, 12, '2016-09-02 00:00:00', 1);
INSERT INTO `Orders` (`OrderID`, `ShipperID`, `CustomerID`, `DateStarted`, `Quantity`) VALUES (470, 90, 42, '2017-08-01 00:00:00', 2);
INSERT INTO `Orders` (`OrderID`, `ShipperID`, `CustomerID`, `DateStarted`, `Quantity`) VALUES (471, 62, 28, '2017-05-12 00:00:00', 1);
INSERT INTO `Orders` (`OrderID`, `ShipperID`, `CustomerID`, `DateStarted`, `Quantity`) VALUES (472, 62, 4, '2016-09-17 00:00:00', 1);
INSERT INTO `Orders` (`OrderID`, `ShipperID`, `CustomerID`, `DateStarted`, `Quantity`) VALUES (473, 83, 39, '2016-05-02 00:00:00', 1);
INSERT INTO `Orders` (`OrderID`, `ShipperID`, `CustomerID`, `DateStarted`, `Quantity`) VALUES (474, 88, 35, '2015-09-26 00:00:00', 2);
INSERT INTO `Orders` (`OrderID`, `ShipperID`, `CustomerID`, `DateStarted`, `Quantity`) VALUES (475, 83, 34, '2017-05-01 00:00:00', 2);
INSERT INTO `Orders` (`OrderID`, `ShipperID`, `CustomerID`, `DateStarted`, `Quantity`) VALUES (476, 62, 32, '2016-03-30 00:00:00', 1);
INSERT INTO `Orders` (`OrderID`, `ShipperID`, `CustomerID`, `DateStarted`, `Quantity`) VALUES (477, 88, 41, '2017-01-02 00:00:00', 2);
INSERT INTO `Orders` (`OrderID`, `ShipperID`, `CustomerID`, `DateStarted`, `Quantity`) VALUES (478, 83, 28, '2017-04-10 00:00:00', 1);
INSERT INTO `Orders` (`OrderID`, `ShipperID`, `CustomerID`, `DateStarted`, `Quantity`) VALUES (479, 83, 28, '2017-08-03 00:00:00', 1);
INSERT INTO `Orders` (`OrderID`, `ShipperID`, `CustomerID`, `DateStarted`, `Quantity`) VALUES (480, 62, 28, '2016-07-05 00:00:00', 2);
INSERT INTO `Orders` (`OrderID`, `ShipperID`, `CustomerID`, `DateStarted`, `Quantity`) VALUES (481, 87, 37, '2017-04-05 00:00:00', 1);
INSERT INTO `Orders` (`OrderID`, `ShipperID`, `CustomerID`, `DateStarted`, `Quantity`) VALUES (482, 62, 49, '2015-10-28 00:00:00', 1);
INSERT INTO `Orders` (`OrderID`, `ShipperID`, `CustomerID`, `DateStarted`, `Quantity`) VALUES (483, 86, 28, '2017-04-28 00:00:00', 1);
INSERT INTO `Orders` (`OrderID`, `ShipperID`, `CustomerID`, `DateStarted`, `Quantity`) VALUES (484, 62, 50, '2017-04-09 00:00:00', 1);
INSERT INTO `Orders` (`OrderID`, `ShipperID`, `CustomerID`, `DateStarted`, `Quantity`) VALUES (485, 62, 15, '2016-07-07 00:00:00', 2);
INSERT INTO `Orders` (`OrderID`, `ShipperID`, `CustomerID`, `DateStarted`, `Quantity`) VALUES (486, 83, 28, '2017-04-02 00:00:00', 2);
INSERT INTO `Orders` (`OrderID`, `ShipperID`, `CustomerID`, `DateStarted`, `Quantity`) VALUES (487, 83, 17, '2017-08-10 00:00:00', 1);
INSERT INTO `Orders` (`OrderID`, `ShipperID`, `CustomerID`, `DateStarted`, `Quantity`) VALUES (488, 81, 48, '2017-04-06 00:00:00', 2);
INSERT INTO `Orders` (`OrderID`, `ShipperID`, `CustomerID`, `DateStarted`, `Quantity`) VALUES (489, 62, 28, '2016-01-23 00:00:00', 2);
INSERT INTO `Orders` (`OrderID`, `ShipperID`, `CustomerID`, `DateStarted`, `Quantity`) VALUES (490, 88, 41, '2016-08-21 00:00:00', 1);
INSERT INTO `Orders` (`OrderID`, `ShipperID`, `CustomerID`, `DateStarted`, `Quantity`) VALUES (491, 62, 38, '2017-02-10 00:00:00', 1);
INSERT INTO `Orders` (`OrderID`, `ShipperID`, `CustomerID`, `DateStarted`, `Quantity`) VALUES (492, 62, 26, '2017-01-26 00:00:00', 1);
INSERT INTO `Orders` (`OrderID`, `ShipperID`, `CustomerID`, `DateStarted`, `Quantity`) VALUES (493, 88, 32, '2016-11-16 00:00:00', 2);
INSERT INTO `Orders` (`OrderID`, `ShipperID`, `CustomerID`, `DateStarted`, `Quantity`) VALUES (494, 62, 10, '2015-12-04 00:00:00', 2);
INSERT INTO `Orders` (`OrderID`, `ShipperID`, `CustomerID`, `DateStarted`, `Quantity`) VALUES (495, 90, 7, '2015-12-12 00:00:00', 1);
INSERT INTO `Orders` (`OrderID`, `ShipperID`, `CustomerID`, `DateStarted`, `Quantity`) VALUES (496, 90, 6, '2016-03-03 00:00:00', 1);
INSERT INTO `Orders` (`OrderID`, `ShipperID`, `CustomerID`, `DateStarted`, `Quantity`) VALUES (497, 88, 9, '2017-03-23 00:00:00', 1);
INSERT INTO `Orders` (`OrderID`, `ShipperID`, `CustomerID`, `DateStarted`, `Quantity`) VALUES (498, 88, 29, '2016-11-29 00:00:00', 1);
INSERT INTO `Orders` (`OrderID`, `ShipperID`, `CustomerID`, `DateStarted`, `Quantity`) VALUES (499, 87, 50, '2015-11-01 00:00:00', 1);
INSERT INTO `Orders` (`OrderID`, `ShipperID`, `CustomerID`, `DateStarted`, `Quantity`) VALUES (500, 89, 23, '2017-06-04 00:00:00', 2);
# 500 records

#
# Table structure for table 'PaintingGenres'
#

